{"version":"1.0","provider_name":"Ecole de Musique, Danse &amp; Th\u00e9\u00e2tre de Guilers","provider_url":"https:\/\/www.emdg-guilers.org","author_name":"Marie Clavier","author_url":"https:\/\/www.emdg-guilers.org\/index.php\/author\/mclavier\/","title":"Pendant l'\u00e9t\u00e9... - Ecole de Musique, Danse &amp; Th\u00e9\u00e2tre de Guilers","type":"rich","width":600,"height":338,"html":"<blockquote class=\"wp-embedded-content\" data-secret=\"H2whSm4jG9\"><a href=\"https:\/\/www.emdg-guilers.org\/index.php\/2017\/07\/04\/pendant-lete\/\">Pendant l&rsquo;\u00e9t\u00e9&#8230;<\/a><\/blockquote><iframe sandbox=\"allow-scripts\" security=\"restricted\" src=\"https:\/\/www.emdg-guilers.org\/index.php\/2017\/07\/04\/pendant-lete\/embed\/#?secret=H2whSm4jG9\" width=\"600\" height=\"338\" title=\"\u00ab\u00a0Pendant l&rsquo;\u00e9t\u00e9&#8230;\u00a0\u00bb &#8212; Ecole de Musique, Danse &amp; Th\u00e9\u00e2tre de Guilers\" data-secret=\"H2whSm4jG9\" frameborder=\"0\" marginwidth=\"0\" marginheight=\"0\" scrolling=\"no\" class=\"wp-embedded-content\"><\/iframe><script type=\"text\/javascript\">\n\/* <![CDATA[ *\/\n\/*! This file is auto-generated *\/\n!function(d,l){\"use strict\";l.querySelector&&d.addEventListener&&\"undefined\"!=typeof URL&&(d.wp=d.wp||{},d.wp.receiveEmbedMessage||(d.wp.receiveEmbedMessage=function(e){var t=e.data;if((t||t.secret||t.message||t.value)&&!\/[^a-zA-Z0-9]\/.test(t.secret)){for(var s,r,n,a=l.querySelectorAll('iframe[data-secret=\"'+t.secret+'\"]'),o=l.querySelectorAll('blockquote[data-secret=\"'+t.secret+'\"]'),c=new RegExp(\"^https?:$\",\"i\"),i=0;i<o.length;i++)o[i].style.display=\"none\";for(i=0;i<a.length;i++)s=a[i],e.source===s.contentWindow&&(s.removeAttribute(\"style\"),\"height\"===t.message?(1e3<(r=parseInt(t.value,10))?r=1e3:~~r<200&&(r=200),s.height=r):\"link\"===t.message&&(r=new URL(s.getAttribute(\"src\")),n=new URL(t.value),c.test(n.protocol))&&n.host===r.host&&l.activeElement===s&&(d.top.location.href=t.value))}},d.addEventListener(\"message\",d.wp.receiveEmbedMessage,!1),l.addEventListener(\"DOMContentLoaded\",function(){for(var e,t,s=l.querySelectorAll(\"iframe.wp-embedded-content\"),r=0;r<s.length;r++)(t=(e=s[r]).getAttribute(\"data-secret\"))||(t=Math.random().toString(36).substring(2,12),e.src+=\"#?secret=\"+t,e.setAttribute(\"data-secret\",t)),e.contentWindow.postMessage({message:\"ready\",secret:t},\"*\")},!1)))}(window,document);\n\/* ]]> *\/\n<\/script>\n","description":"C&rsquo;est les vacances scolaires pour l&rsquo;EMDG, \u00e9cole ferm\u00e9e du 8 juillet au 28 ao\u00fbt 2017. En attendant, vous \u00eates au bon endroit pour trouver tout ce qu&rsquo;il faut savoir ! Offre d\u2019enseignements en musique et en danse Nouveaut\u00e9s : Parcours D\u00e9couverte Instrumental, trombone, tin whistle, cours de salsa d\u00e9butants et interm\u00e9diaires Tarifs Horaires des cours (pour les ensembles ou cours collectifs, voir chaque page concern\u00e9e. Pour les cours individuels, \u00e0 d\u00e9terminer avec chaque enseignant \u00e0 la rentr\u00e9e ou le mardi...Lire la suite Lire la suite"}

Ecole de Musique, Danse &amp; Théâtre de Guilers

Pendant l'été... - Ecole de Musique, Danse &amp; Théâtre de Guilers

<blockquote class="wp-embedded-content" data-secret="H2whSm4jG9"><a href="https://www.emdg-guilers.org/index.php/2017/07/04/pendant-lete/">Pendant l&rsquo;été&#8230;</a></blockquote><iframe sandbox="allow-scripts" security="restricted" src="https://www.emdg-guilers.org/index.php/2017/07/04/pendant-lete/embed/#?secret=H2whSm4jG9" width="600" height="338" title="« Pendant l&rsquo;été&#8230; » &#8212; Ecole de Musique, Danse &amp; Théâtre de Guilers" data-secret="H2whSm4jG9" frameborder="0" marginwidth="0" marginheight="0" scrolling="no" class="wp-embedded-content"></iframe><script type="text/javascript">
/* <![CDATA[ */
/*! This file is auto-generated */
!function(d,l){"use strict";l.querySelector&&d.addEventListener&&"undefined"!=typeof URL&&(d.wp=d.wp||{},d.wp.receiveEmbedMessage||(d.wp.receiveEmbedMessage=function(e){var t=e.data;if((t||t.secret||t.message||t.value)&&!/[^a-zA-Z0-9]/.test(t.secret)){for(var s,r,n,a=l.querySelectorAll('iframe[data-secret="'+t.secret+'"]'),o=l.querySelectorAll('blockquote[data-secret="'+t.secret+'"]'),c=new RegExp("^https?:$","i"),i=0;i<o.length;i++)o[i].style.display="none";for(i=0;i<a.length;i++)s=a[i],e.source===s.contentWindow&&(s.removeAttribute("style"),"height"===t.message?(1e3<(r=parseInt(t.value,10))?r=1e3:~~r<200&&(r=200),s.height=r):"link"===t.message&&(r=new URL(s.getAttribute("src")),n=new URL(t.value),c.test(n.protocol))&&n.host===r.host&&l.activeElement===s&&(d.top.location.href=t.value))}},d.addEventListener("message",d.wp.receiveEmbedMessage,!1),l.addEventListener("DOMContentLoaded",function(){for(var e,t,s=l.querySelectorAll("iframe.wp-embedded-content"),r=0;r<s.length;r++)(t=(e=s[r]).getAttribute("data-secret"))||(t=Math.random().toString(36).substring(2,12),e.src+="#?secret="+t,e.setAttribute("data-secret",t)),e.contentWindow.postMessage({message:"ready",secret:t},"*")},!1)))}(window,document);
/* ]]> */
</script>

C&rsquo;est les vacances scolaires pour l&rsquo;EMDG, école fermée du 8 juillet au 28 août 2017. En attendant, vous êtes au bon endroit pour trouver tout ce qu&rsquo;il faut savoir ! Offre d’enseignements en musique et en danse Nouveautés : Parcours Découverte Instrumental, trombone, tin whistle, cours de salsa débutants et intermédiaires Tarifs Horaires des cours (pour les ensembles ou cours collectifs, voir chaque page concernée. Pour les cours individuels, à déterminer avec chaque enseignant à la rentrée ou le mardi...Lire la suite Lire la suite
