{"version":"1.0","provider_name":"Ecole de Musique, Danse &amp; Th\u00e9\u00e2tre de Guilers","provider_url":"https:\/\/www.emdg-guilers.org","author_name":"Marie Clavier","author_url":"https:\/\/www.emdg-guilers.org\/index.php\/author\/mclavier\/","title":"Les dates \u00e0 noter - Ecole de Musique, Danse &amp; Th\u00e9\u00e2tre de Guilers","type":"rich","width":600,"height":338,"html":"<blockquote class=\"wp-embedded-content\" data-secret=\"IpXIwM9H98\"><a href=\"https:\/\/www.emdg-guilers.org\/index.php\/2019\/04\/29\/dates-a-noter\/\">Les dates \u00e0 noter<\/a><\/blockquote><iframe sandbox=\"allow-scripts\" security=\"restricted\" src=\"https:\/\/www.emdg-guilers.org\/index.php\/2019\/04\/29\/dates-a-noter\/embed\/#?secret=IpXIwM9H98\" width=\"600\" height=\"338\" title=\"\u00ab\u00a0Les dates \u00e0 noter\u00a0\u00bb &#8212; Ecole de Musique, Danse &amp; Th\u00e9\u00e2tre de Guilers\" data-secret=\"IpXIwM9H98\" frameborder=\"0\" marginwidth=\"0\" marginheight=\"0\" scrolling=\"no\" class=\"wp-embedded-content\"><\/iframe><script type=\"text\/javascript\">\n\/* <![CDATA[ *\/\n\/*! This file is auto-generated *\/\n!function(d,l){\"use strict\";l.querySelector&&d.addEventListener&&\"undefined\"!=typeof URL&&(d.wp=d.wp||{},d.wp.receiveEmbedMessage||(d.wp.receiveEmbedMessage=function(e){var t=e.data;if((t||t.secret||t.message||t.value)&&!\/[^a-zA-Z0-9]\/.test(t.secret)){for(var s,r,n,a=l.querySelectorAll('iframe[data-secret=\"'+t.secret+'\"]'),o=l.querySelectorAll('blockquote[data-secret=\"'+t.secret+'\"]'),c=new RegExp(\"^https?:$\",\"i\"),i=0;i<o.length;i++)o[i].style.display=\"none\";for(i=0;i<a.length;i++)s=a[i],e.source===s.contentWindow&&(s.removeAttribute(\"style\"),\"height\"===t.message?(1e3<(r=parseInt(t.value,10))?r=1e3:~~r<200&&(r=200),s.height=r):\"link\"===t.message&&(r=new URL(s.getAttribute(\"src\")),n=new URL(t.value),c.test(n.protocol))&&n.host===r.host&&l.activeElement===s&&(d.top.location.href=t.value))}},d.addEventListener(\"message\",d.wp.receiveEmbedMessage,!1),l.addEventListener(\"DOMContentLoaded\",function(){for(var e,t,s=l.querySelectorAll(\"iframe.wp-embedded-content\"),r=0;r<s.length;r++)(t=(e=s[r]).getAttribute(\"data-secret\"))||(t=Math.random().toString(36).substring(2,12),e.src+=\"#?secret=\"+t,e.setAttribute(\"data-secret\",t)),e.contentWindow.postMessage({message:\"ready\",secret:t},\"*\")},!1)))}(window,document);\n\/* ]]> *\/\n<\/script>\n","description":"13 mai : r\u00e9inscriptions\u00a0&#8211; consultez la plaquette 2019-20 ici\u00a0et la fiche d&rsquo;inscription 2019-20 11 juin : inscriptions pour les nouveaux \u00e9l\u00e8ves 17 juin : Chouette, c&rsquo;est lundi, work-in-progress, EMDG &#8211; 18h 21 juin : GONG \u00e0 la f\u00eate de la musique de St Renan 22 juin : Gala de danse de l&rsquo;EMDG, 11h, 15h 20h, Agora, Guilers 26 juin : Audition des groupes de l&rsquo;EMDG &#8211; Manon des Sources, Guilers, 18h-20h 29 juin\u00a0: fin des cours 1er juillet : GONG...Lire la suite Lire la suite","thumbnail_url":"http:\/\/www.emdg-guilers.org\/wp-content\/uploads\/2019\/04\/GALA2019-724x1024.jpg"}

Ecole de Musique, Danse &amp; Théâtre de Guilers

Les dates à noter - Ecole de Musique, Danse &amp; Théâtre de Guilers

<blockquote class="wp-embedded-content" data-secret="IpXIwM9H98"><a href="https://www.emdg-guilers.org/index.php/2019/04/29/dates-a-noter/">Les dates à noter</a></blockquote><iframe sandbox="allow-scripts" security="restricted" src="https://www.emdg-guilers.org/index.php/2019/04/29/dates-a-noter/embed/#?secret=IpXIwM9H98" width="600" height="338" title="« Les dates à noter » &#8212; Ecole de Musique, Danse &amp; Théâtre de Guilers" data-secret="IpXIwM9H98" frameborder="0" marginwidth="0" marginheight="0" scrolling="no" class="wp-embedded-content"></iframe><script type="text/javascript">
/* <![CDATA[ */
/*! This file is auto-generated */
!function(d,l){"use strict";l.querySelector&&d.addEventListener&&"undefined"!=typeof URL&&(d.wp=d.wp||{},d.wp.receiveEmbedMessage||(d.wp.receiveEmbedMessage=function(e){var t=e.data;if((t||t.secret||t.message||t.value)&&!/[^a-zA-Z0-9]/.test(t.secret)){for(var s,r,n,a=l.querySelectorAll('iframe[data-secret="'+t.secret+'"]'),o=l.querySelectorAll('blockquote[data-secret="'+t.secret+'"]'),c=new RegExp("^https?:$","i"),i=0;i<o.length;i++)o[i].style.display="none";for(i=0;i<a.length;i++)s=a[i],e.source===s.contentWindow&&(s.removeAttribute("style"),"height"===t.message?(1e3<(r=parseInt(t.value,10))?r=1e3:~~r<200&&(r=200),s.height=r):"link"===t.message&&(r=new URL(s.getAttribute("src")),n=new URL(t.value),c.test(n.protocol))&&n.host===r.host&&l.activeElement===s&&(d.top.location.href=t.value))}},d.addEventListener("message",d.wp.receiveEmbedMessage,!1),l.addEventListener("DOMContentLoaded",function(){for(var e,t,s=l.querySelectorAll("iframe.wp-embedded-content"),r=0;r<s.length;r++)(t=(e=s[r]).getAttribute("data-secret"))||(t=Math.random().toString(36).substring(2,12),e.src+="#?secret="+t,e.setAttribute("data-secret",t)),e.contentWindow.postMessage({message:"ready",secret:t},"*")},!1)))}(window,document);
/* ]]> */
</script>

13 mai : réinscriptions &#8211; consultez la plaquette 2019-20 ici et la fiche d&rsquo;inscription 2019-20 11 juin : inscriptions pour les nouveaux élèves 17 juin : Chouette, c&rsquo;est lundi, work-in-progress, EMDG &#8211; 18h 21 juin : GONG à la fête de la musique de St Renan 22 juin : Gala de danse de l&rsquo;EMDG, 11h, 15h 20h, Agora, Guilers 26 juin : Audition des groupes de l&rsquo;EMDG &#8211; Manon des Sources, Guilers, 18h-20h 29 juin : fin des cours 1er juillet : GONG...Lire la suite Lire la suite
