{"version":"1.0","provider_name":"Ecole de Musique, Danse &amp; Th\u00e9\u00e2tre de Guilers","provider_url":"https:\/\/www.emdg-guilers.org","author_name":"Marie Clavier","author_url":"https:\/\/www.emdg-guilers.org\/index.php\/author\/mclavier\/","title":"Bel \u00e9t\u00e9 \u00e0 tous ! - Ecole de Musique, Danse &amp; Th\u00e9\u00e2tre de Guilers","type":"rich","width":600,"height":338,"html":"<blockquote class=\"wp-embedded-content\" data-secret=\"JFoQDCAEp9\"><a href=\"https:\/\/www.emdg-guilers.org\/index.php\/2019\/06\/27\/bel-ete-a\/\">Bel \u00e9t\u00e9 \u00e0 tous !<\/a><\/blockquote><iframe sandbox=\"allow-scripts\" security=\"restricted\" src=\"https:\/\/www.emdg-guilers.org\/index.php\/2019\/06\/27\/bel-ete-a\/embed\/#?secret=JFoQDCAEp9\" width=\"600\" height=\"338\" title=\"\u00ab\u00a0Bel \u00e9t\u00e9 \u00e0 tous !\u00a0\u00bb &#8212; Ecole de Musique, Danse &amp; Th\u00e9\u00e2tre de Guilers\" data-secret=\"JFoQDCAEp9\" frameborder=\"0\" marginwidth=\"0\" marginheight=\"0\" scrolling=\"no\" class=\"wp-embedded-content\"><\/iframe><script type=\"text\/javascript\">\n\/* <![CDATA[ *\/\n\/*! This file is auto-generated *\/\n!function(d,l){\"use strict\";l.querySelector&&d.addEventListener&&\"undefined\"!=typeof URL&&(d.wp=d.wp||{},d.wp.receiveEmbedMessage||(d.wp.receiveEmbedMessage=function(e){var t=e.data;if((t||t.secret||t.message||t.value)&&!\/[^a-zA-Z0-9]\/.test(t.secret)){for(var s,r,n,a=l.querySelectorAll('iframe[data-secret=\"'+t.secret+'\"]'),o=l.querySelectorAll('blockquote[data-secret=\"'+t.secret+'\"]'),c=new RegExp(\"^https?:$\",\"i\"),i=0;i<o.length;i++)o[i].style.display=\"none\";for(i=0;i<a.length;i++)s=a[i],e.source===s.contentWindow&&(s.removeAttribute(\"style\"),\"height\"===t.message?(1e3<(r=parseInt(t.value,10))?r=1e3:~~r<200&&(r=200),s.height=r):\"link\"===t.message&&(r=new URL(s.getAttribute(\"src\")),n=new URL(t.value),c.test(n.protocol))&&n.host===r.host&&l.activeElement===s&&(d.top.location.href=t.value))}},d.addEventListener(\"message\",d.wp.receiveEmbedMessage,!1),l.addEventListener(\"DOMContentLoaded\",function(){for(var e,t,s=l.querySelectorAll(\"iframe.wp-embedded-content\"),r=0;r<s.length;r++)(t=(e=s[r]).getAttribute(\"data-secret\"))||(t=Math.random().toString(36).substring(2,12),e.src+=\"#?secret=\"+t,e.setAttribute(\"data-secret\",t)),e.contentWindow.postMessage({message:\"ready\",secret:t},\"*\")},!1)))}(window,document);\n\/* ]]> *\/\n<\/script>\n","description":"Fin des cours le 29 juin. Permanences administratives jusqu&rsquo;au 11 juillet. Ouvertures du bureau le mardi de 10h \u00e0 12h30 et le jeudi de 13h \u00e0 17h. Reprise des permanences administratives le lundi 19 ao\u00fbt. Pendant les vacances, vous pouvez t\u00e9l\u00e9charger la fiche d&rsquo;inscription, la remplir, d\u00e9poser votre r\u00e8glement et fiche dans la bo\u00eete \u00e0 lettres ou au bureau. Vous recevrez un mail fin ao\u00fbt avec les instructions pour la rentr\u00e9e. Forum des associations le samedi 7 septembre, 9h-13h, Espace...Lire la suite Lire la suite","thumbnail_url":"http:\/\/www.emdg-guilers.org\/wp-content\/uploads\/2019\/06\/bel_ete.jpg"}

Ecole de Musique, Danse &amp; Théâtre de Guilers

Bel été à tous ! - Ecole de Musique, Danse &amp; Théâtre de Guilers

<blockquote class="wp-embedded-content" data-secret="JFoQDCAEp9"><a href="https://www.emdg-guilers.org/index.php/2019/06/27/bel-ete-a/">Bel été à tous !</a></blockquote><iframe sandbox="allow-scripts" security="restricted" src="https://www.emdg-guilers.org/index.php/2019/06/27/bel-ete-a/embed/#?secret=JFoQDCAEp9" width="600" height="338" title="« Bel été à tous ! » &#8212; Ecole de Musique, Danse &amp; Théâtre de Guilers" data-secret="JFoQDCAEp9" frameborder="0" marginwidth="0" marginheight="0" scrolling="no" class="wp-embedded-content"></iframe><script type="text/javascript">
/* <![CDATA[ */
/*! This file is auto-generated */
!function(d,l){"use strict";l.querySelector&&d.addEventListener&&"undefined"!=typeof URL&&(d.wp=d.wp||{},d.wp.receiveEmbedMessage||(d.wp.receiveEmbedMessage=function(e){var t=e.data;if((t||t.secret||t.message||t.value)&&!/[^a-zA-Z0-9]/.test(t.secret)){for(var s,r,n,a=l.querySelectorAll('iframe[data-secret="'+t.secret+'"]'),o=l.querySelectorAll('blockquote[data-secret="'+t.secret+'"]'),c=new RegExp("^https?:$","i"),i=0;i<o.length;i++)o[i].style.display="none";for(i=0;i<a.length;i++)s=a[i],e.source===s.contentWindow&&(s.removeAttribute("style"),"height"===t.message?(1e3<(r=parseInt(t.value,10))?r=1e3:~~r<200&&(r=200),s.height=r):"link"===t.message&&(r=new URL(s.getAttribute("src")),n=new URL(t.value),c.test(n.protocol))&&n.host===r.host&&l.activeElement===s&&(d.top.location.href=t.value))}},d.addEventListener("message",d.wp.receiveEmbedMessage,!1),l.addEventListener("DOMContentLoaded",function(){for(var e,t,s=l.querySelectorAll("iframe.wp-embedded-content"),r=0;r<s.length;r++)(t=(e=s[r]).getAttribute("data-secret"))||(t=Math.random().toString(36).substring(2,12),e.src+="#?secret="+t,e.setAttribute("data-secret",t)),e.contentWindow.postMessage({message:"ready",secret:t},"*")},!1)))}(window,document);
/* ]]> */
</script>

Fin des cours le 29 juin. Permanences administratives jusqu&rsquo;au 11 juillet. Ouvertures du bureau le mardi de 10h à 12h30 et le jeudi de 13h à 17h. Reprise des permanences administratives le lundi 19 août. Pendant les vacances, vous pouvez télécharger la fiche d&rsquo;inscription, la remplir, déposer votre règlement et fiche dans la boîte à lettres ou au bureau. Vous recevrez un mail fin août avec les instructions pour la rentrée. Forum des associations le samedi 7 septembre, 9h-13h, Espace...Lire la suite Lire la suite
