{"version":"1.0","provider_name":"Ecole de Musique, Danse &amp; Th\u00e9\u00e2tre de Guilers","provider_url":"https:\/\/www.emdg-guilers.org","author_name":"Marie Clavier","author_url":"https:\/\/www.emdg-guilers.org\/index.php\/author\/mclavier\/","title":"Les prochains \u00e9v\u00e9nements de l'EMDG - Ecole de Musique, Danse &amp; Th\u00e9\u00e2tre de Guilers","type":"rich","width":600,"height":338,"html":"<blockquote class=\"wp-embedded-content\" data-secret=\"psBNbLr41L\"><a href=\"https:\/\/www.emdg-guilers.org\/index.php\/2020\/01\/28\/prochains-evenements-de-lemdg\/\">Les prochains \u00e9v\u00e9nements de l&rsquo;EMDG<\/a><\/blockquote><iframe sandbox=\"allow-scripts\" security=\"restricted\" src=\"https:\/\/www.emdg-guilers.org\/index.php\/2020\/01\/28\/prochains-evenements-de-lemdg\/embed\/#?secret=psBNbLr41L\" width=\"600\" height=\"338\" title=\"\u00ab\u00a0Les prochains \u00e9v\u00e9nements de l&rsquo;EMDG\u00a0\u00bb &#8212; Ecole de Musique, Danse &amp; Th\u00e9\u00e2tre de Guilers\" data-secret=\"psBNbLr41L\" frameborder=\"0\" marginwidth=\"0\" marginheight=\"0\" scrolling=\"no\" class=\"wp-embedded-content\"><\/iframe><script type=\"text\/javascript\">\n\/* <![CDATA[ *\/\n\/*! This file is auto-generated *\/\n!function(d,l){\"use strict\";l.querySelector&&d.addEventListener&&\"undefined\"!=typeof URL&&(d.wp=d.wp||{},d.wp.receiveEmbedMessage||(d.wp.receiveEmbedMessage=function(e){var t=e.data;if((t||t.secret||t.message||t.value)&&!\/[^a-zA-Z0-9]\/.test(t.secret)){for(var s,r,n,a=l.querySelectorAll('iframe[data-secret=\"'+t.secret+'\"]'),o=l.querySelectorAll('blockquote[data-secret=\"'+t.secret+'\"]'),c=new RegExp(\"^https?:$\",\"i\"),i=0;i<o.length;i++)o[i].style.display=\"none\";for(i=0;i<a.length;i++)s=a[i],e.source===s.contentWindow&&(s.removeAttribute(\"style\"),\"height\"===t.message?(1e3<(r=parseInt(t.value,10))?r=1e3:~~r<200&&(r=200),s.height=r):\"link\"===t.message&&(r=new URL(s.getAttribute(\"src\")),n=new URL(t.value),c.test(n.protocol))&&n.host===r.host&&l.activeElement===s&&(d.top.location.href=t.value))}},d.addEventListener(\"message\",d.wp.receiveEmbedMessage,!1),l.addEventListener(\"DOMContentLoaded\",function(){for(var e,t,s=l.querySelectorAll(\"iframe.wp-embedded-content\"),r=0;r<s.length;r++)(t=(e=s[r]).getAttribute(\"data-secret\"))||(t=Math.random().toString(36).substring(2,12),e.src+=\"#?secret=\"+t,e.setAttribute(\"data-secret\",t)),e.contentWindow.postMessage({message:\"ready\",secret:t},\"*\")},!1)))}(window,document);\n\/* ]]> *\/\n<\/script>\n","description":"Metro\u2019 s cool orchestre\u00a0: Sam 21 et\u00a0 Dim 22 mars, CRR Brest \u2013 Stage 2 jours d\u2019orchestre pour les instrumentistes de Guilers, avec les autres \u00e9l\u00e8ves du r\u00e9seau des \u00e9coles de la m\u00e9tropole. (Gratuit pour les \u00e9l\u00e8ves de l&rsquo;EMDG) Concert des ensembles de l\u2019EMDG \u2013 Ensemble(s)\u00a0!\u00a0: Sam 28 mars \u2013 18h-19h- Agora, Guilers \u00a0La R\u00e9nanaise. Dim 29 mars, St Renan \u2013 Concert de l&rsquo;ensemble Gong de 16h \u00e0 17h Auditions\u00a0: 2 avril et 17 juin Stage \/ master-classe autour de...Lire la suite Lire la suite","thumbnail_url":"http:\/\/www.emdg-guilers.org\/wp-content\/uploads\/2020\/01\/2020-03-28-Ensembles-724x1024.jpg"}

Ecole de Musique, Danse &amp; Théâtre de Guilers

Les prochains événements de l'EMDG - Ecole de Musique, Danse &amp; Théâtre de Guilers

<blockquote class="wp-embedded-content" data-secret="psBNbLr41L"><a href="https://www.emdg-guilers.org/index.php/2020/01/28/prochains-evenements-de-lemdg/">Les prochains événements de l&rsquo;EMDG</a></blockquote><iframe sandbox="allow-scripts" security="restricted" src="https://www.emdg-guilers.org/index.php/2020/01/28/prochains-evenements-de-lemdg/embed/#?secret=psBNbLr41L" width="600" height="338" title="« Les prochains événements de l&rsquo;EMDG » &#8212; Ecole de Musique, Danse &amp; Théâtre de Guilers" data-secret="psBNbLr41L" frameborder="0" marginwidth="0" marginheight="0" scrolling="no" class="wp-embedded-content"></iframe><script type="text/javascript">
/* <![CDATA[ */
/*! This file is auto-generated */
!function(d,l){"use strict";l.querySelector&&d.addEventListener&&"undefined"!=typeof URL&&(d.wp=d.wp||{},d.wp.receiveEmbedMessage||(d.wp.receiveEmbedMessage=function(e){var t=e.data;if((t||t.secret||t.message||t.value)&&!/[^a-zA-Z0-9]/.test(t.secret)){for(var s,r,n,a=l.querySelectorAll('iframe[data-secret="'+t.secret+'"]'),o=l.querySelectorAll('blockquote[data-secret="'+t.secret+'"]'),c=new RegExp("^https?:$","i"),i=0;i<o.length;i++)o[i].style.display="none";for(i=0;i<a.length;i++)s=a[i],e.source===s.contentWindow&&(s.removeAttribute("style"),"height"===t.message?(1e3<(r=parseInt(t.value,10))?r=1e3:~~r<200&&(r=200),s.height=r):"link"===t.message&&(r=new URL(s.getAttribute("src")),n=new URL(t.value),c.test(n.protocol))&&n.host===r.host&&l.activeElement===s&&(d.top.location.href=t.value))}},d.addEventListener("message",d.wp.receiveEmbedMessage,!1),l.addEventListener("DOMContentLoaded",function(){for(var e,t,s=l.querySelectorAll("iframe.wp-embedded-content"),r=0;r<s.length;r++)(t=(e=s[r]).getAttribute("data-secret"))||(t=Math.random().toString(36).substring(2,12),e.src+="#?secret="+t,e.setAttribute("data-secret",t)),e.contentWindow.postMessage({message:"ready",secret:t},"*")},!1)))}(window,document);
/* ]]> */
</script>

Metro’ s cool orchestre : Sam 21 et  Dim 22 mars, CRR Brest – Stage 2 jours d’orchestre pour les instrumentistes de Guilers, avec les autres élèves du réseau des écoles de la métropole. (Gratuit pour les élèves de l&rsquo;EMDG) Concert des ensembles de l’EMDG – Ensemble(s) ! : Sam 28 mars – 18h-19h- Agora, Guilers  La Rénanaise. Dim 29 mars, St Renan – Concert de l&rsquo;ensemble Gong de 16h à 17h Auditions : 2 avril et 17 juin Stage / master-classe autour de...Lire la suite Lire la suite
