{"version":"1.0","provider_name":"Ecole de Musique, Danse &amp; Th\u00e9\u00e2tre de Guilers","provider_url":"https:\/\/www.emdg-guilers.org","author_name":"Marie Clavier","author_url":"https:\/\/www.emdg-guilers.org\/index.php\/author\/mclavier\/","title":"Reprise des cours - Ecole de Musique, Danse &amp; Th\u00e9\u00e2tre de Guilers","type":"rich","width":600,"height":338,"html":"<blockquote class=\"wp-embedded-content\" data-secret=\"WcL5FbUUtC\"><a href=\"https:\/\/www.emdg-guilers.org\/index.php\/2021\/01\/11\/reprise-des-cours\/\">Reprise des cours<\/a><\/blockquote><iframe sandbox=\"allow-scripts\" security=\"restricted\" src=\"https:\/\/www.emdg-guilers.org\/index.php\/2021\/01\/11\/reprise-des-cours\/embed\/#?secret=WcL5FbUUtC\" width=\"600\" height=\"338\" title=\"\u00ab\u00a0Reprise des cours\u00a0\u00bb &#8212; Ecole de Musique, Danse &amp; Th\u00e9\u00e2tre de Guilers\" data-secret=\"WcL5FbUUtC\" frameborder=\"0\" marginwidth=\"0\" marginheight=\"0\" scrolling=\"no\" class=\"wp-embedded-content\"><\/iframe><script type=\"text\/javascript\">\n\/* <![CDATA[ *\/\n\/*! This file is auto-generated *\/\n!function(d,l){\"use strict\";l.querySelector&&d.addEventListener&&\"undefined\"!=typeof URL&&(d.wp=d.wp||{},d.wp.receiveEmbedMessage||(d.wp.receiveEmbedMessage=function(e){var t=e.data;if((t||t.secret||t.message||t.value)&&!\/[^a-zA-Z0-9]\/.test(t.secret)){for(var s,r,n,a=l.querySelectorAll('iframe[data-secret=\"'+t.secret+'\"]'),o=l.querySelectorAll('blockquote[data-secret=\"'+t.secret+'\"]'),c=new RegExp(\"^https?:$\",\"i\"),i=0;i<o.length;i++)o[i].style.display=\"none\";for(i=0;i<a.length;i++)s=a[i],e.source===s.contentWindow&&(s.removeAttribute(\"style\"),\"height\"===t.message?(1e3<(r=parseInt(t.value,10))?r=1e3:~~r<200&&(r=200),s.height=r):\"link\"===t.message&&(r=new URL(s.getAttribute(\"src\")),n=new URL(t.value),c.test(n.protocol))&&n.host===r.host&&l.activeElement===s&&(d.top.location.href=t.value))}},d.addEventListener(\"message\",d.wp.receiveEmbedMessage,!1),l.addEventListener(\"DOMContentLoaded\",function(){for(var e,t,s=l.querySelectorAll(\"iframe.wp-embedded-content\"),r=0;r<s.length;r++)(t=(e=s[r]).getAttribute(\"data-secret\"))||(t=Math.random().toString(36).substring(2,12),e.src+=\"#?secret=\"+t,e.setAttribute(\"data-secret\",t)),e.contentWindow.postMessage({message:\"ready\",secret:t},\"*\")},!1)))}(window,document);\n\/* ]]> *\/\n<\/script>\n","description":"Les cours ont repris le 4 janvier 2021 pour tous les \u00e9l\u00e8ves de moins de 18 ans. (Sauf cas particulier vu avec le professeur). Les cours continuent en visio pour les \u00e9l\u00e8ves majeurs. Certains ajustements sont \u00e0 noter afin de respecter le couvre-feu : &#8211; Danse modern jazz : Atelier chor\u00e9graphique (jeudi 18h30-19h45) \/ Ados (jeudi 19h45-20h45)&#8211; Danse classique : Ados pointes (lundi 18h30-19h45) \/ Ados d\u00e9butants (mardi 19h15-20h15)&#8211; Danse hip hop : Niveau 2 et niveau 3 fusionn\u00e9s (vendredi...Lire la suite Lire la suite"}

Ecole de Musique, Danse &amp; Théâtre de Guilers

Reprise des cours - Ecole de Musique, Danse &amp; Théâtre de Guilers

<blockquote class="wp-embedded-content" data-secret="WcL5FbUUtC"><a href="https://www.emdg-guilers.org/index.php/2021/01/11/reprise-des-cours/">Reprise des cours</a></blockquote><iframe sandbox="allow-scripts" security="restricted" src="https://www.emdg-guilers.org/index.php/2021/01/11/reprise-des-cours/embed/#?secret=WcL5FbUUtC" width="600" height="338" title="« Reprise des cours » &#8212; Ecole de Musique, Danse &amp; Théâtre de Guilers" data-secret="WcL5FbUUtC" frameborder="0" marginwidth="0" marginheight="0" scrolling="no" class="wp-embedded-content"></iframe><script type="text/javascript">
/* <![CDATA[ */
/*! This file is auto-generated */
!function(d,l){"use strict";l.querySelector&&d.addEventListener&&"undefined"!=typeof URL&&(d.wp=d.wp||{},d.wp.receiveEmbedMessage||(d.wp.receiveEmbedMessage=function(e){var t=e.data;if((t||t.secret||t.message||t.value)&&!/[^a-zA-Z0-9]/.test(t.secret)){for(var s,r,n,a=l.querySelectorAll('iframe[data-secret="'+t.secret+'"]'),o=l.querySelectorAll('blockquote[data-secret="'+t.secret+'"]'),c=new RegExp("^https?:$","i"),i=0;i<o.length;i++)o[i].style.display="none";for(i=0;i<a.length;i++)s=a[i],e.source===s.contentWindow&&(s.removeAttribute("style"),"height"===t.message?(1e3<(r=parseInt(t.value,10))?r=1e3:~~r<200&&(r=200),s.height=r):"link"===t.message&&(r=new URL(s.getAttribute("src")),n=new URL(t.value),c.test(n.protocol))&&n.host===r.host&&l.activeElement===s&&(d.top.location.href=t.value))}},d.addEventListener("message",d.wp.receiveEmbedMessage,!1),l.addEventListener("DOMContentLoaded",function(){for(var e,t,s=l.querySelectorAll("iframe.wp-embedded-content"),r=0;r<s.length;r++)(t=(e=s[r]).getAttribute("data-secret"))||(t=Math.random().toString(36).substring(2,12),e.src+="#?secret="+t,e.setAttribute("data-secret",t)),e.contentWindow.postMessage({message:"ready",secret:t},"*")},!1)))}(window,document);
/* ]]> */
</script>

Les cours ont repris le 4 janvier 2021 pour tous les élèves de moins de 18 ans. (Sauf cas particulier vu avec le professeur). Les cours continuent en visio pour les élèves majeurs. Certains ajustements sont à noter afin de respecter le couvre-feu : &#8211; Danse modern jazz : Atelier chorégraphique (jeudi 18h30-19h45) / Ados (jeudi 19h45-20h45)&#8211; Danse classique : Ados pointes (lundi 18h30-19h45) / Ados débutants (mardi 19h15-20h15)&#8211; Danse hip hop : Niveau 2 et niveau 3 fusionnés (vendredi...Lire la suite Lire la suite
