{"version":"1.0","provider_name":"Ecole de Musique, Danse &amp; Th\u00e9\u00e2tre de Guilers","provider_url":"https:\/\/www.emdg-guilers.org","author_name":"Marie Clavier","author_url":"https:\/\/www.emdg-guilers.org\/index.php\/author\/mclavier\/","title":"Bal masqu\u00e9 11 f\u00e9v. 23 - Ecole de Musique, Danse &amp; Th\u00e9\u00e2tre de Guilers","type":"rich","width":600,"height":338,"html":"<blockquote class=\"wp-embedded-content\" data-secret=\"8nCZ9RNxnj\"><a href=\"https:\/\/www.emdg-guilers.org\/index.php\/2023\/01\/17\/bal-masque-11-fev-23\/\">Bal masqu\u00e9 11 f\u00e9v. 23<\/a><\/blockquote><iframe sandbox=\"allow-scripts\" security=\"restricted\" src=\"https:\/\/www.emdg-guilers.org\/index.php\/2023\/01\/17\/bal-masque-11-fev-23\/embed\/#?secret=8nCZ9RNxnj\" width=\"600\" height=\"338\" title=\"\u00ab\u00a0Bal masqu\u00e9 11 f\u00e9v. 23\u00a0\u00bb &#8212; Ecole de Musique, Danse &amp; Th\u00e9\u00e2tre de Guilers\" data-secret=\"8nCZ9RNxnj\" frameborder=\"0\" marginwidth=\"0\" marginheight=\"0\" scrolling=\"no\" class=\"wp-embedded-content\"><\/iframe><script type=\"text\/javascript\">\n\/* <![CDATA[ *\/\n\/*! This file is auto-generated *\/\n!function(d,l){\"use strict\";l.querySelector&&d.addEventListener&&\"undefined\"!=typeof URL&&(d.wp=d.wp||{},d.wp.receiveEmbedMessage||(d.wp.receiveEmbedMessage=function(e){var t=e.data;if((t||t.secret||t.message||t.value)&&!\/[^a-zA-Z0-9]\/.test(t.secret)){for(var s,r,n,a=l.querySelectorAll('iframe[data-secret=\"'+t.secret+'\"]'),o=l.querySelectorAll('blockquote[data-secret=\"'+t.secret+'\"]'),c=new RegExp(\"^https?:$\",\"i\"),i=0;i<o.length;i++)o[i].style.display=\"none\";for(i=0;i<a.length;i++)s=a[i],e.source===s.contentWindow&&(s.removeAttribute(\"style\"),\"height\"===t.message?(1e3<(r=parseInt(t.value,10))?r=1e3:~~r<200&&(r=200),s.height=r):\"link\"===t.message&&(r=new URL(s.getAttribute(\"src\")),n=new URL(t.value),c.test(n.protocol))&&n.host===r.host&&l.activeElement===s&&(d.top.location.href=t.value))}},d.addEventListener(\"message\",d.wp.receiveEmbedMessage,!1),l.addEventListener(\"DOMContentLoaded\",function(){for(var e,t,s=l.querySelectorAll(\"iframe.wp-embedded-content\"),r=0;r<s.length;r++)(t=(e=s[r]).getAttribute(\"data-secret\"))||(t=Math.random().toString(36).substring(2,12),e.src+=\"#?secret=\"+t,e.setAttribute(\"data-secret\",t)),e.contentWindow.postMessage({message:\"ready\",secret:t},\"*\")},!1)))}(window,document);\n\/* ]]> *\/\n<\/script>\n","description":"Pour cette soir\u00e9e, nous avons besoin de b\u00e9n\u00e9voles, rendez-vous sur notre formulaire si vous voulez nous aider ! Merci! Soir\u00e9e dansante et costum\u00e9e pour le carnaval, l&rsquo;EMDG fait r\u00e9\u00e9dite son Bal Masqu\u00e9 (oh\u00e9 oh\u00e9). Venez guincher en famille ou entre amis ! Samedi 11 f\u00e9vrier, de 19h \u00e0 23h. Espace Pagnol, Salle Jean de Florette, Guilers. D\u00e9monstrations de danse des \u00e9l\u00e8ves, cr\u00eapes, buvette. Prix libre, r\u00e9servation indispensable en amont sur Helloasso.","thumbnail_url":"https:\/\/www.emdg-guilers.org\/wp-content\/uploads\/2023\/01\/2023-02-11-bal-masque-carre-1024x1024.jpg"}

Ecole de Musique, Danse &amp; Théâtre de Guilers

Bal masqué 11 fév. 23 - Ecole de Musique, Danse &amp; Théâtre de Guilers

<blockquote class="wp-embedded-content" data-secret="8nCZ9RNxnj"><a href="https://www.emdg-guilers.org/index.php/2023/01/17/bal-masque-11-fev-23/">Bal masqué 11 fév. 23</a></blockquote><iframe sandbox="allow-scripts" security="restricted" src="https://www.emdg-guilers.org/index.php/2023/01/17/bal-masque-11-fev-23/embed/#?secret=8nCZ9RNxnj" width="600" height="338" title="« Bal masqué 11 fév. 23 » &#8212; Ecole de Musique, Danse &amp; Théâtre de Guilers" data-secret="8nCZ9RNxnj" frameborder="0" marginwidth="0" marginheight="0" scrolling="no" class="wp-embedded-content"></iframe><script type="text/javascript">
/* <![CDATA[ */
/*! This file is auto-generated */
!function(d,l){"use strict";l.querySelector&&d.addEventListener&&"undefined"!=typeof URL&&(d.wp=d.wp||{},d.wp.receiveEmbedMessage||(d.wp.receiveEmbedMessage=function(e){var t=e.data;if((t||t.secret||t.message||t.value)&&!/[^a-zA-Z0-9]/.test(t.secret)){for(var s,r,n,a=l.querySelectorAll('iframe[data-secret="'+t.secret+'"]'),o=l.querySelectorAll('blockquote[data-secret="'+t.secret+'"]'),c=new RegExp("^https?:$","i"),i=0;i<o.length;i++)o[i].style.display="none";for(i=0;i<a.length;i++)s=a[i],e.source===s.contentWindow&&(s.removeAttribute("style"),"height"===t.message?(1e3<(r=parseInt(t.value,10))?r=1e3:~~r<200&&(r=200),s.height=r):"link"===t.message&&(r=new URL(s.getAttribute("src")),n=new URL(t.value),c.test(n.protocol))&&n.host===r.host&&l.activeElement===s&&(d.top.location.href=t.value))}},d.addEventListener("message",d.wp.receiveEmbedMessage,!1),l.addEventListener("DOMContentLoaded",function(){for(var e,t,s=l.querySelectorAll("iframe.wp-embedded-content"),r=0;r<s.length;r++)(t=(e=s[r]).getAttribute("data-secret"))||(t=Math.random().toString(36).substring(2,12),e.src+="#?secret="+t,e.setAttribute("data-secret",t)),e.contentWindow.postMessage({message:"ready",secret:t},"*")},!1)))}(window,document);
/* ]]> */
</script>

Pour cette soirée, nous avons besoin de bénévoles, rendez-vous sur notre formulaire si vous voulez nous aider ! Merci! Soirée dansante et costumée pour le carnaval, l&rsquo;EMDG fait réédite son Bal Masqué (ohé ohé). Venez guincher en famille ou entre amis ! Samedi 11 février, de 19h à 23h. Espace Pagnol, Salle Jean de Florette, Guilers. Démonstrations de danse des élèves, crêpes, buvette. Prix libre, réservation indispensable en amont sur Helloasso.
