{"version":"1.0","provider_name":"Ecole de Musique, Danse &amp; Th\u00e9\u00e2tre de Guilers","provider_url":"https:\/\/www.emdg-guilers.org","author_name":"Marie Clavier","author_url":"https:\/\/www.emdg-guilers.org\/index.php\/author\/mclavier\/","title":"C'est la reprise ! - Ecole de Musique, Danse &amp; Th\u00e9\u00e2tre de Guilers","type":"rich","width":600,"height":338,"html":"<blockquote class=\"wp-embedded-content\" data-secret=\"Fv5GtOqe6C\"><a href=\"https:\/\/www.emdg-guilers.org\/index.php\/2023\/09\/12\/cest-la-reprise\/\">C&rsquo;est la reprise !<\/a><\/blockquote><iframe sandbox=\"allow-scripts\" security=\"restricted\" src=\"https:\/\/www.emdg-guilers.org\/index.php\/2023\/09\/12\/cest-la-reprise\/embed\/#?secret=Fv5GtOqe6C\" width=\"600\" height=\"338\" title=\"\u00ab\u00a0C&rsquo;est la reprise !\u00a0\u00bb &#8212; Ecole de Musique, Danse &amp; Th\u00e9\u00e2tre de Guilers\" data-secret=\"Fv5GtOqe6C\" frameborder=\"0\" marginwidth=\"0\" marginheight=\"0\" scrolling=\"no\" class=\"wp-embedded-content\"><\/iframe><script type=\"text\/javascript\">\n\/* <![CDATA[ *\/\n\/*! This file is auto-generated *\/\n!function(d,l){\"use strict\";l.querySelector&&d.addEventListener&&\"undefined\"!=typeof URL&&(d.wp=d.wp||{},d.wp.receiveEmbedMessage||(d.wp.receiveEmbedMessage=function(e){var t=e.data;if((t||t.secret||t.message||t.value)&&!\/[^a-zA-Z0-9]\/.test(t.secret)){for(var s,r,n,a=l.querySelectorAll('iframe[data-secret=\"'+t.secret+'\"]'),o=l.querySelectorAll('blockquote[data-secret=\"'+t.secret+'\"]'),c=new RegExp(\"^https?:$\",\"i\"),i=0;i<o.length;i++)o[i].style.display=\"none\";for(i=0;i<a.length;i++)s=a[i],e.source===s.contentWindow&&(s.removeAttribute(\"style\"),\"height\"===t.message?(1e3<(r=parseInt(t.value,10))?r=1e3:~~r<200&&(r=200),s.height=r):\"link\"===t.message&&(r=new URL(s.getAttribute(\"src\")),n=new URL(t.value),c.test(n.protocol))&&n.host===r.host&&l.activeElement===s&&(d.top.location.href=t.value))}},d.addEventListener(\"message\",d.wp.receiveEmbedMessage,!1),l.addEventListener(\"DOMContentLoaded\",function(){for(var e,t,s=l.querySelectorAll(\"iframe.wp-embedded-content\"),r=0;r<s.length;r++)(t=(e=s[r]).getAttribute(\"data-secret\"))||(t=Math.random().toString(36).substring(2,12),e.src+=\"#?secret=\"+t,e.setAttribute(\"data-secret\",t)),e.contentWindow.postMessage({message:\"ready\",secret:t},\"*\")},!1)))}(window,document);\n\/* ]]> *\/\n<\/script>\n","description":"D\u00e9but des cours \u00e0 compter du lundi 11 septembre 2023. Toute l&rsquo;\u00e9quipe (il en manque sur la photo) vous attend !Possibilit\u00e9 de venir essayer les cours collectifs, tout le mois de septembre. Il reste encore quelques places, notamment aux ateliers suivants : Du c\u00f4t\u00e9 des enfants\u00a0:&#8211; Atelier th\u00e9\u00e2tre 9-11 ans\u00a0: nouvel atelier\u00a0!Un atelier ludique aux multiples vertus\u00a0: am\u00e9liorer son langage, sa gestuelle, son rapport aux autres, vaincre sa timidit\u00e9 ou canaliser son \u00e9nergie, prendre confiance en soi, se faire des...Lire la suite Lire la suite","thumbnail_url":"https:\/\/www.emdg-guilers.org\/wp-content\/uploads\/2023\/09\/F3387FDD-4D15-4BA4-ABFA-B868F6A45DBC-1024x768.jpeg"}

Ecole de Musique, Danse &amp; Théâtre de Guilers

C'est la reprise ! - Ecole de Musique, Danse &amp; Théâtre de Guilers

<blockquote class="wp-embedded-content" data-secret="Fv5GtOqe6C"><a href="https://www.emdg-guilers.org/index.php/2023/09/12/cest-la-reprise/">C&rsquo;est la reprise !</a></blockquote><iframe sandbox="allow-scripts" security="restricted" src="https://www.emdg-guilers.org/index.php/2023/09/12/cest-la-reprise/embed/#?secret=Fv5GtOqe6C" width="600" height="338" title="« C&rsquo;est la reprise ! » &#8212; Ecole de Musique, Danse &amp; Théâtre de Guilers" data-secret="Fv5GtOqe6C" frameborder="0" marginwidth="0" marginheight="0" scrolling="no" class="wp-embedded-content"></iframe><script type="text/javascript">
/* <![CDATA[ */
/*! This file is auto-generated */
!function(d,l){"use strict";l.querySelector&&d.addEventListener&&"undefined"!=typeof URL&&(d.wp=d.wp||{},d.wp.receiveEmbedMessage||(d.wp.receiveEmbedMessage=function(e){var t=e.data;if((t||t.secret||t.message||t.value)&&!/[^a-zA-Z0-9]/.test(t.secret)){for(var s,r,n,a=l.querySelectorAll('iframe[data-secret="'+t.secret+'"]'),o=l.querySelectorAll('blockquote[data-secret="'+t.secret+'"]'),c=new RegExp("^https?:$","i"),i=0;i<o.length;i++)o[i].style.display="none";for(i=0;i<a.length;i++)s=a[i],e.source===s.contentWindow&&(s.removeAttribute("style"),"height"===t.message?(1e3<(r=parseInt(t.value,10))?r=1e3:~~r<200&&(r=200),s.height=r):"link"===t.message&&(r=new URL(s.getAttribute("src")),n=new URL(t.value),c.test(n.protocol))&&n.host===r.host&&l.activeElement===s&&(d.top.location.href=t.value))}},d.addEventListener("message",d.wp.receiveEmbedMessage,!1),l.addEventListener("DOMContentLoaded",function(){for(var e,t,s=l.querySelectorAll("iframe.wp-embedded-content"),r=0;r<s.length;r++)(t=(e=s[r]).getAttribute("data-secret"))||(t=Math.random().toString(36).substring(2,12),e.src+="#?secret="+t,e.setAttribute("data-secret",t)),e.contentWindow.postMessage({message:"ready",secret:t},"*")},!1)))}(window,document);
/* ]]> */
</script>

Début des cours à compter du lundi 11 septembre 2023. Toute l&rsquo;équipe (il en manque sur la photo) vous attend !Possibilité de venir essayer les cours collectifs, tout le mois de septembre. Il reste encore quelques places, notamment aux ateliers suivants : Du côté des enfants :&#8211; Atelier théâtre 9-11 ans : nouvel atelier !Un atelier ludique aux multiples vertus : améliorer son langage, sa gestuelle, son rapport aux autres, vaincre sa timidité ou canaliser son énergie, prendre confiance en soi, se faire des...Lire la suite Lire la suite
