{"version":"1.0","provider_name":"Ecole de Musique, Danse &amp; Th\u00e9\u00e2tre de Guilers","provider_url":"https:\/\/www.emdg-guilers.org","author_name":"Marie Clavier","author_url":"https:\/\/www.emdg-guilers.org\/index.php\/author\/mclavier\/","title":"En janvier \u00e0 l'EMDG - Ecole de Musique, Danse &amp; Th\u00e9\u00e2tre de Guilers","type":"rich","width":600,"height":338,"html":"<blockquote class=\"wp-embedded-content\" data-secret=\"HRe5IuiLgt\"><a href=\"https:\/\/www.emdg-guilers.org\/index.php\/2025\/01\/15\/en-janvier-a-lemdg\/\">En janvier \u00e0 l&rsquo;EMDG<\/a><\/blockquote><iframe sandbox=\"allow-scripts\" security=\"restricted\" src=\"https:\/\/www.emdg-guilers.org\/index.php\/2025\/01\/15\/en-janvier-a-lemdg\/embed\/#?secret=HRe5IuiLgt\" width=\"600\" height=\"338\" title=\"\u00ab\u00a0En janvier \u00e0 l&rsquo;EMDG\u00a0\u00bb &#8212; Ecole de Musique, Danse &amp; Th\u00e9\u00e2tre de Guilers\" data-secret=\"HRe5IuiLgt\" frameborder=\"0\" marginwidth=\"0\" marginheight=\"0\" scrolling=\"no\" class=\"wp-embedded-content\"><\/iframe><script type=\"text\/javascript\">\n\/* <![CDATA[ *\/\n\/*! This file is auto-generated *\/\n!function(d,l){\"use strict\";l.querySelector&&d.addEventListener&&\"undefined\"!=typeof URL&&(d.wp=d.wp||{},d.wp.receiveEmbedMessage||(d.wp.receiveEmbedMessage=function(e){var t=e.data;if((t||t.secret||t.message||t.value)&&!\/[^a-zA-Z0-9]\/.test(t.secret)){for(var s,r,n,a=l.querySelectorAll('iframe[data-secret=\"'+t.secret+'\"]'),o=l.querySelectorAll('blockquote[data-secret=\"'+t.secret+'\"]'),c=new RegExp(\"^https?:$\",\"i\"),i=0;i<o.length;i++)o[i].style.display=\"none\";for(i=0;i<a.length;i++)s=a[i],e.source===s.contentWindow&&(s.removeAttribute(\"style\"),\"height\"===t.message?(1e3<(r=parseInt(t.value,10))?r=1e3:~~r<200&&(r=200),s.height=r):\"link\"===t.message&&(r=new URL(s.getAttribute(\"src\")),n=new URL(t.value),c.test(n.protocol))&&n.host===r.host&&l.activeElement===s&&(d.top.location.href=t.value))}},d.addEventListener(\"message\",d.wp.receiveEmbedMessage,!1),l.addEventListener(\"DOMContentLoaded\",function(){for(var e,t,s=l.querySelectorAll(\"iframe.wp-embedded-content\"),r=0;r<s.length;r++)(t=(e=s[r]).getAttribute(\"data-secret\"))||(t=Math.random().toString(36).substring(2,12),e.src+=\"#?secret=\"+t,e.setAttribute(\"data-secret\",t)),e.contentWindow.postMessage({message:\"ready\",secret:t},\"*\")},!1)))}(window,document);\n\/* ]]> *\/\n<\/script>\n","description":"Bloavezh mat 2025 ! Bonne ann\u00e9e \u00e0 tous ! Prochains \u00e9v\u00e9nements : Tout au long de l\u2019ann\u00e9e, l\u2019Ecole de musique, danse et th\u00e9\u00e2tre de Guilers propose de courts spectacles autour de l\u2019une des esth\u00e9tiques enseign\u00e9es, \u00e0 la Guilth\u00e8que (m\u00e9diath\u00e8que de Guilers) Rdv le samedi 25 janvier \u00e0 14h30. Un caf\u00e9 des arts sous le signe de la danse modern jazz ! D\u00e9couvrez les fondements de cette esth\u00e9tique chor\u00e9graphique r\u00e9solument moderne, \u00e0 la crois\u00e9e des cultures jazz et afro-am\u00e9ricaines, avec les...Lire la suite Lire la suite","thumbnail_url":"https:\/\/www.emdg-guilers.org\/wp-content\/uploads\/2025\/01\/Cafe-des-arts-danse-1-724x1024.jpg"}

Ecole de Musique, Danse &amp; Théâtre de Guilers

En janvier à l'EMDG - Ecole de Musique, Danse &amp; Théâtre de Guilers

<blockquote class="wp-embedded-content" data-secret="HRe5IuiLgt"><a href="https://www.emdg-guilers.org/index.php/2025/01/15/en-janvier-a-lemdg/">En janvier à l&rsquo;EMDG</a></blockquote><iframe sandbox="allow-scripts" security="restricted" src="https://www.emdg-guilers.org/index.php/2025/01/15/en-janvier-a-lemdg/embed/#?secret=HRe5IuiLgt" width="600" height="338" title="« En janvier à l&rsquo;EMDG » &#8212; Ecole de Musique, Danse &amp; Théâtre de Guilers" data-secret="HRe5IuiLgt" frameborder="0" marginwidth="0" marginheight="0" scrolling="no" class="wp-embedded-content"></iframe><script type="text/javascript">
/* <![CDATA[ */
/*! This file is auto-generated */
!function(d,l){"use strict";l.querySelector&&d.addEventListener&&"undefined"!=typeof URL&&(d.wp=d.wp||{},d.wp.receiveEmbedMessage||(d.wp.receiveEmbedMessage=function(e){var t=e.data;if((t||t.secret||t.message||t.value)&&!/[^a-zA-Z0-9]/.test(t.secret)){for(var s,r,n,a=l.querySelectorAll('iframe[data-secret="'+t.secret+'"]'),o=l.querySelectorAll('blockquote[data-secret="'+t.secret+'"]'),c=new RegExp("^https?:$","i"),i=0;i<o.length;i++)o[i].style.display="none";for(i=0;i<a.length;i++)s=a[i],e.source===s.contentWindow&&(s.removeAttribute("style"),"height"===t.message?(1e3<(r=parseInt(t.value,10))?r=1e3:~~r<200&&(r=200),s.height=r):"link"===t.message&&(r=new URL(s.getAttribute("src")),n=new URL(t.value),c.test(n.protocol))&&n.host===r.host&&l.activeElement===s&&(d.top.location.href=t.value))}},d.addEventListener("message",d.wp.receiveEmbedMessage,!1),l.addEventListener("DOMContentLoaded",function(){for(var e,t,s=l.querySelectorAll("iframe.wp-embedded-content"),r=0;r<s.length;r++)(t=(e=s[r]).getAttribute("data-secret"))||(t=Math.random().toString(36).substring(2,12),e.src+="#?secret="+t,e.setAttribute("data-secret",t)),e.contentWindow.postMessage({message:"ready",secret:t},"*")},!1)))}(window,document);
/* ]]> */
</script>

Bloavezh mat 2025 ! Bonne année à tous ! Prochains événements : Tout au long de l’année, l’Ecole de musique, danse et théâtre de Guilers propose de courts spectacles autour de l’une des esthétiques enseignées, à la Guilthèque (médiathèque de Guilers) Rdv le samedi 25 janvier à 14h30. Un café des arts sous le signe de la danse modern jazz ! Découvrez les fondements de cette esthétique chorégraphique résolument moderne, à la croisée des cultures jazz et afro-américaines, avec les...Lire la suite Lire la suite
