{"version":"1.0","provider_name":"Ecole de Musique, Danse &amp; Th\u00e9\u00e2tre de Guilers","provider_url":"https:\/\/www.emdg-guilers.org","author_name":"Marie Clavier","author_url":"https:\/\/www.emdg-guilers.org\/index.php\/author\/mclavier\/","title":"Caf\u00e9 des Arts #1 - Th\u00e9\u00e2tre d'impro - Ecole de Musique, Danse &amp; Th\u00e9\u00e2tre de Guilers","type":"rich","width":600,"height":338,"html":"<blockquote class=\"wp-embedded-content\" data-secret=\"PokdppILBi\"><a href=\"https:\/\/www.emdg-guilers.org\/index.php\/event\/cafe-des-arts-1-theatre-dimpro\/\">Caf\u00e9 des Arts #1 &#8211; Th\u00e9\u00e2tre d&rsquo;impro<\/a><\/blockquote><iframe sandbox=\"allow-scripts\" security=\"restricted\" src=\"https:\/\/www.emdg-guilers.org\/index.php\/event\/cafe-des-arts-1-theatre-dimpro\/embed\/#?secret=PokdppILBi\" width=\"600\" height=\"338\" title=\"\u00ab\u00a0Caf\u00e9 des Arts #1 &#8211; Th\u00e9\u00e2tre d&rsquo;impro\u00a0\u00bb &#8212; Ecole de Musique, Danse &amp; Th\u00e9\u00e2tre de Guilers\" data-secret=\"PokdppILBi\" frameborder=\"0\" marginwidth=\"0\" marginheight=\"0\" scrolling=\"no\" class=\"wp-embedded-content\"><\/iframe><script type=\"text\/javascript\">\n\/* <![CDATA[ *\/\n\/*! This file is auto-generated *\/\n!function(d,l){\"use strict\";l.querySelector&&d.addEventListener&&\"undefined\"!=typeof URL&&(d.wp=d.wp||{},d.wp.receiveEmbedMessage||(d.wp.receiveEmbedMessage=function(e){var t=e.data;if((t||t.secret||t.message||t.value)&&!\/[^a-zA-Z0-9]\/.test(t.secret)){for(var s,r,n,a=l.querySelectorAll('iframe[data-secret=\"'+t.secret+'\"]'),o=l.querySelectorAll('blockquote[data-secret=\"'+t.secret+'\"]'),c=new RegExp(\"^https?:$\",\"i\"),i=0;i<o.length;i++)o[i].style.display=\"none\";for(i=0;i<a.length;i++)s=a[i],e.source===s.contentWindow&&(s.removeAttribute(\"style\"),\"height\"===t.message?(1e3<(r=parseInt(t.value,10))?r=1e3:~~r<200&&(r=200),s.height=r):\"link\"===t.message&&(r=new URL(s.getAttribute(\"src\")),n=new URL(t.value),c.test(n.protocol))&&n.host===r.host&&l.activeElement===s&&(d.top.location.href=t.value))}},d.addEventListener(\"message\",d.wp.receiveEmbedMessage,!1),l.addEventListener(\"DOMContentLoaded\",function(){for(var e,t,s=l.querySelectorAll(\"iframe.wp-embedded-content\"),r=0;r<s.length;r++)(t=(e=s[r]).getAttribute(\"data-secret\"))||(t=Math.random().toString(36).substring(2,12),e.src+=\"#?secret=\"+t,e.setAttribute(\"data-secret\",t)),e.contentWindow.postMessage({message:\"ready\",secret:t},\"*\")},!1)))}(window,document);\n\/* ]]> *\/\n<\/script>\n","description":"1\u00e8re \u00e9dition de notre nouveau rendez-vous en partenariat avec la Guilth\u00e8que : Caf\u00e9 des Arts #1, th\u00e9\u00e2tre d&rsquo;improvisation. Le groupe d&rsquo;improvisation th\u00e9\u00e2trale des adultes de l&rsquo;EMDG vous propose d&rsquo;assister \u00e0 son d\u00e9fi impro, le temps d&rsquo;un caf\u00e9, \u00e0 la Guilth\u00e8que; Rdv 14h30, le samedi 2 d\u00e9cembre, \u00e0 la Guilth\u00e8que. Gratuit. &nbsp;","thumbnail_url":"https:\/\/www.emdg-guilers.org\/wp-content\/uploads\/2023\/10\/cafe-des-arts1-212x300.jpg"}

Ecole de Musique, Danse &amp; Théâtre de Guilers

Café des Arts #1 - Théâtre d'impro - Ecole de Musique, Danse &amp; Théâtre de Guilers

<blockquote class="wp-embedded-content" data-secret="PokdppILBi"><a href="https://www.emdg-guilers.org/index.php/event/cafe-des-arts-1-theatre-dimpro/">Café des Arts #1 &#8211; Théâtre d&rsquo;impro</a></blockquote><iframe sandbox="allow-scripts" security="restricted" src="https://www.emdg-guilers.org/index.php/event/cafe-des-arts-1-theatre-dimpro/embed/#?secret=PokdppILBi" width="600" height="338" title="« Café des Arts #1 &#8211; Théâtre d&rsquo;impro » &#8212; Ecole de Musique, Danse &amp; Théâtre de Guilers" data-secret="PokdppILBi" frameborder="0" marginwidth="0" marginheight="0" scrolling="no" class="wp-embedded-content"></iframe><script type="text/javascript">
/* <![CDATA[ */
/*! This file is auto-generated */
!function(d,l){"use strict";l.querySelector&&d.addEventListener&&"undefined"!=typeof URL&&(d.wp=d.wp||{},d.wp.receiveEmbedMessage||(d.wp.receiveEmbedMessage=function(e){var t=e.data;if((t||t.secret||t.message||t.value)&&!/[^a-zA-Z0-9]/.test(t.secret)){for(var s,r,n,a=l.querySelectorAll('iframe[data-secret="'+t.secret+'"]'),o=l.querySelectorAll('blockquote[data-secret="'+t.secret+'"]'),c=new RegExp("^https?:$","i"),i=0;i<o.length;i++)o[i].style.display="none";for(i=0;i<a.length;i++)s=a[i],e.source===s.contentWindow&&(s.removeAttribute("style"),"height"===t.message?(1e3<(r=parseInt(t.value,10))?r=1e3:~~r<200&&(r=200),s.height=r):"link"===t.message&&(r=new URL(s.getAttribute("src")),n=new URL(t.value),c.test(n.protocol))&&n.host===r.host&&l.activeElement===s&&(d.top.location.href=t.value))}},d.addEventListener("message",d.wp.receiveEmbedMessage,!1),l.addEventListener("DOMContentLoaded",function(){for(var e,t,s=l.querySelectorAll("iframe.wp-embedded-content"),r=0;r<s.length;r++)(t=(e=s[r]).getAttribute("data-secret"))||(t=Math.random().toString(36).substring(2,12),e.src+="#?secret="+t,e.setAttribute("data-secret",t)),e.contentWindow.postMessage({message:"ready",secret:t},"*")},!1)))}(window,document);
/* ]]> */
</script>

1ère édition de notre nouveau rendez-vous en partenariat avec la Guilthèque : Café des Arts #1, théâtre d&rsquo;improvisation. Le groupe d&rsquo;improvisation théâtrale des adultes de l&rsquo;EMDG vous propose d&rsquo;assister à son défi impro, le temps d&rsquo;un café, à la Guilthèque; Rdv 14h30, le samedi 2 décembre, à la Guilthèque. Gratuit. &nbsp;
