{"id":1037,"date":"2017-09-26T13:13:31","date_gmt":"2017-09-26T11:13:31","guid":{"rendered":"http:\/\/www.emdg-guilers.org\/?page_id=1037"},"modified":"2020-01-16T17:25:43","modified_gmt":"2020-01-16T16:25:43","slug":"metros-cool","status":"publish","type":"page","link":"https:\/\/www.emdg-guilers.org\/index.php\/action-culturelle\/metros-cool\/","title":{"rendered":"Metro&rsquo;s cool"},"content":{"rendered":"<p><strong>\/\/\/ L&rsquo;EMDG, membre de METRO\u2019S COOL \/\/\/<br \/>\n<\/strong><\/p>\n<p>M\u00e9tro\u2019s cool, c\u2019est le nouveau projet qui rassemble <strong>8 \u00e9tablissements d\u2019enseignement artistique de la m\u00e9tropole brestoise<\/strong>. L\u2019union faisant la force, l\u2019objectif est de partager et de faire se rencontrer \u00e9l\u00e8ves et \u00e9quipes enseignantes. Au programme\u00a0: 3 rendez-vous musicaux ou chor\u00e9graphiques annuels avec un plateau partag\u00e9 de 8 formations \u00e9manant de ces m\u00eames \u00e9coles. L\u2019occasion de croiser les chemins, d\u2019\u00e9changer avec les voisins, d\u2019amorcer de nouvelles collaborations et surtout donner \u00e0 voir l\u2019\u00e9tat des pratiques propos\u00e9es sur le territoire.<\/p>\n<p><strong><em>Etablissements membres du dispositif\u00a0: Conservatoire \u00e0 Rayonnement R\u00e9gional de Brest m\u00e9tropole, Ecole de musique de Bohars, Ecole de musique de Gouesnou, Ecole de Musique et de Danse Guilers, Ecole de musique de Plouzan\u00e9, MJC-MPT Pen ar Chr\u00e9ac\u2019h, Les Pieds nus, Vivre Le Monde<\/em><\/strong>\u00a0<strong><em>Ann\u00e9e\u00a03<\/em><\/strong><\/p>\n<p><em><strong>Ann\u00e9e 3<br \/>\n<\/strong><\/em>Dimanche 7 juin 2020 &#8211; Domaine de Lossulien, Le Relecq-Kerhuon &#8211; Musique trad, fest deiz &#8211; Metro&rsquo;s cool #8<br \/>\nSamedi 21 et Dimanche 22 mars 2020 &#8211; 14h-18h (sam) et 10h-18h (dim) &#8211; CRR de Brest, auditorium &#8211;\u00a0Stage d&rsquo;orchestre &#8211; Metro&rsquo;s cool #7<\/p>\n<p><strong><em>Ann\u00e9e\u00a02<\/em><\/strong><br \/>\nSamedi 15 juin 2019 &#8211; 17h00 &#8211; Plouzan\u00e9 &#8211; Musiques actuelles &#8211; Metro&rsquo;s cool #6<br \/>\nSamedi 25 mai 2019 &#8211; 20h00 &#8211; Le Mac Orlan, Brest &#8211; Danse &#8211; Metro&rsquo;s cool #5<br \/>\nSamedi 30 mars 2019 &#8211; 20h00, Roz Valan, Bohars &#8211;\u00a0Le grand orchestre Metro&rsquo;s cool\u00a0&#8211; Metro&rsquo;s cool #4<\/p>\n<p><strong><em>Ann\u00e9e 1<\/em><\/strong><br \/>\nSamedi 14 avril 2018, 20h00, Centre Henri Queff\u00e9lec, Gouesnou &#8211; Danse &#8211; Metro&rsquo;s cool #3<br \/>\nSamedi 17 f\u00e9vrier 2018 , 20h00, salle de l\u2019Agora, Guilers &#8211; Autour du jazz\u00a0&#8211; Metro&rsquo;s cool #2<br \/>\nVendredi 15 d\u00e9cembre 2017 , 20h00, Auditorium du CRR, Brest &#8211; Musique acoustique &#8211; Metro&rsquo;s cool #1<\/p>\n<p><img loading=\"lazy\" decoding=\"async\" class=\"aligncenter wp-image-1033\" src=\"http:\/\/www.emdg-guilers.org\/wp-content\/uploads\/2017\/09\/logo-Metroscool.jpg\" alt=\"\" width=\"508\" height=\"249\" srcset=\"https:\/\/www.emdg-guilers.org\/wp-content\/uploads\/2017\/09\/logo-Metroscool.jpg 673w, https:\/\/www.emdg-guilers.org\/wp-content\/uploads\/2017\/09\/logo-Metroscool-300x147.jpg 300w, https:\/\/www.emdg-guilers.org\/wp-content\/uploads\/2017\/09\/logo-Metroscool-551x270.jpg 551w\" sizes=\"(max-width: 508px) 100vw, 508px\" \/><\/p>\n","protected":false},"excerpt":{"rendered":"<p>\/\/\/ L&rsquo;EMDG, membre de METRO\u2019S COOL \/\/\/ M\u00e9tro\u2019s cool, c\u2019est le nouveau projet qui rassemble 8 \u00e9tablissements d\u2019enseignement artistique de la m\u00e9tropole brestoise. L\u2019union faisant la force, l\u2019objectif est de partager et de faire se rencontrer \u00e9l\u00e8ves et \u00e9quipes enseignantes. Au programme\u00a0: 3 rendez-vous musicaux ou chor\u00e9graphiques annuels avec un plateau partag\u00e9 de 8 formations \u00e9manant de ces m\u00eames \u00e9coles. L\u2019occasion de croiser les chemins, d\u2019\u00e9changer avec les voisins, d\u2019amorcer de nouvelles collaborations et surtout donner \u00e0 voir l\u2019\u00e9tat des&#8230;<\/p>\n<p class=\"read-more\"><a class=\"btn btn-default\" href=\"https:\/\/www.emdg-guilers.org\/index.php\/action-culturelle\/metros-cool\/\">Lire la suite<span class=\"screen-reader-text\"> Lire la suite<\/span><\/a><\/p>\n","protected":false},"author":3,"featured_media":0,"parent":1026,"menu_order":0,"comment_status":"closed","ping_status":"closed","template":"","meta":{"footnotes":""},"yoast_head":"<!-- This site is optimized with the Yoast SEO plugin v22.4 - https:\/\/yoast.com\/wordpress\/plugins\/seo\/ -->\n<title>Metro&#039;s cool - Ecole de Musique, Danse &amp; Th\u00e9\u00e2tre de Guilers<\/title>\n<meta name=\"robots\" content=\"index, follow, max-snippet:-1, max-image-preview:large, max-video-preview:-1\" \/>\n<link rel=\"canonical\" href=\"https:\/\/www.emdg-guilers.org\/index.php\/action-culturelle\/metros-cool\/\" \/>\n<meta property=\"og:locale\" content=\"fr_FR\" \/>\n<meta property=\"og:type\" content=\"article\" \/>\n<meta property=\"og:title\" content=\"Metro&#039;s cool - Ecole de Musique, Danse &amp; Th\u00e9\u00e2tre de Guilers\" \/>\n<meta property=\"og:description\" content=\"\/\/\/ L&rsquo;EMDG, membre de METRO\u2019S COOL \/\/\/ M\u00e9tro\u2019s cool, c\u2019est le nouveau projet qui rassemble 8 \u00e9tablissements d\u2019enseignement artistique de la m\u00e9tropole brestoise. L\u2019union faisant la force, l\u2019objectif est de partager et de faire se rencontrer \u00e9l\u00e8ves et \u00e9quipes enseignantes. Au programme\u00a0: 3 rendez-vous musicaux ou chor\u00e9graphiques annuels avec un plateau partag\u00e9 de 8 formations \u00e9manant de ces m\u00eames \u00e9coles. L\u2019occasion de croiser les chemins, d\u2019\u00e9changer avec les voisins, d\u2019amorcer de nouvelles collaborations et surtout donner \u00e0 voir l\u2019\u00e9tat des...Lire la suite Lire la suite\" \/>\n<meta property=\"og:url\" content=\"https:\/\/www.emdg-guilers.org\/index.php\/action-culturelle\/metros-cool\/\" \/>\n<meta property=\"og:site_name\" content=\"Ecole de Musique, Danse &amp; Th\u00e9\u00e2tre de Guilers\" \/>\n<meta property=\"article:publisher\" content=\"https:\/\/www.facebook.com\/Ecole-de-Musique-et-de-Danse-de-Guilers-480017765533016\/\" \/>\n<meta property=\"article:modified_time\" content=\"2020-01-16T16:25:43+00:00\" \/>\n<meta property=\"og:image\" content=\"http:\/\/www.emdg-guilers.org\/wp-content\/uploads\/2017\/09\/logo-Metroscool.jpg\" \/>\n<meta name=\"twitter:card\" content=\"summary_large_image\" \/>\n<meta name=\"twitter:label1\" content=\"Dur\u00e9e de lecture estim\u00e9e\" \/>\n\t<meta name=\"twitter:data1\" content=\"1 minute\" \/>\n<script type=\"application\/ld+json\" class=\"yoast-schema-graph\">{\"@context\":\"https:\/\/schema.org\",\"@graph\":[{\"@type\":\"WebPage\",\"@id\":\"https:\/\/www.emdg-guilers.org\/index.php\/action-culturelle\/metros-cool\/\",\"url\":\"https:\/\/www.emdg-guilers.org\/index.php\/action-culturelle\/metros-cool\/\",\"name\":\"Metro's cool - Ecole de Musique, Danse &amp; Th\u00e9\u00e2tre de Guilers\",\"isPartOf\":{\"@id\":\"https:\/\/www.emdg-guilers.org\/#website\"},\"primaryImageOfPage\":{\"@id\":\"https:\/\/www.emdg-guilers.org\/index.php\/action-culturelle\/metros-cool\/#primaryimage\"},\"image\":{\"@id\":\"https:\/\/www.emdg-guilers.org\/index.php\/action-culturelle\/metros-cool\/#primaryimage\"},\"thumbnailUrl\":\"http:\/\/www.emdg-guilers.org\/wp-content\/uploads\/2017\/09\/logo-Metroscool.jpg\",\"datePublished\":\"2017-09-26T11:13:31+00:00\",\"dateModified\":\"2020-01-16T16:25:43+00:00\",\"breadcrumb\":{\"@id\":\"https:\/\/www.emdg-guilers.org\/index.php\/action-culturelle\/metros-cool\/#breadcrumb\"},\"inLanguage\":\"fr-FR\",\"potentialAction\":[{\"@type\":\"ReadAction\",\"target\":[\"https:\/\/www.emdg-guilers.org\/index.php\/action-culturelle\/metros-cool\/\"]}]},{\"@type\":\"ImageObject\",\"inLanguage\":\"fr-FR\",\"@id\":\"https:\/\/www.emdg-guilers.org\/index.php\/action-culturelle\/metros-cool\/#primaryimage\",\"url\":\"http:\/\/www.emdg-guilers.org\/wp-content\/uploads\/2017\/09\/logo-Metroscool.jpg\",\"contentUrl\":\"http:\/\/www.emdg-guilers.org\/wp-content\/uploads\/2017\/09\/logo-Metroscool.jpg\"},{\"@type\":\"BreadcrumbList\",\"@id\":\"https:\/\/www.emdg-guilers.org\/index.php\/action-culturelle\/metros-cool\/#breadcrumb\",\"itemListElement\":[{\"@type\":\"ListItem\",\"position\":1,\"name\":\"Accueil\",\"item\":\"https:\/\/www.emdg-guilers.org\/\"},{\"@type\":\"ListItem\",\"position\":2,\"name\":\"Action culturelle\",\"item\":\"https:\/\/www.emdg-guilers.org\/index.php\/action-culturelle\/\"},{\"@type\":\"ListItem\",\"position\":3,\"name\":\"Metro&rsquo;s cool\"}]},{\"@type\":\"WebSite\",\"@id\":\"https:\/\/www.emdg-guilers.org\/#website\",\"url\":\"https:\/\/www.emdg-guilers.org\/\",\"name\":\"Ecole de Musique et Danse de Guilers\",\"description\":\"Ecole associative, cours de musique, danse, th\u00e9\u00e2tre accessibles \u00e0 tous\",\"publisher\":{\"@id\":\"https:\/\/www.emdg-guilers.org\/#organization\"},\"potentialAction\":[{\"@type\":\"SearchAction\",\"target\":{\"@type\":\"EntryPoint\",\"urlTemplate\":\"https:\/\/www.emdg-guilers.org\/?s={search_term_string}\"},\"query-input\":\"required name=search_term_string\"}],\"inLanguage\":\"fr-FR\"},{\"@type\":\"Organization\",\"@id\":\"https:\/\/www.emdg-guilers.org\/#organization\",\"name\":\"Ecole de Musique et de Danse\",\"url\":\"https:\/\/www.emdg-guilers.org\/\",\"logo\":{\"@type\":\"ImageObject\",\"inLanguage\":\"fr-FR\",\"@id\":\"https:\/\/www.emdg-guilers.org\/#\/schema\/logo\/image\/\",\"url\":\"https:\/\/www.emdg-guilers.org\/wp-content\/uploads\/2016\/06\/logo2014.jpg\",\"contentUrl\":\"https:\/\/www.emdg-guilers.org\/wp-content\/uploads\/2016\/06\/logo2014.jpg\",\"width\":214,\"height\":116,\"caption\":\"Ecole de Musique et de Danse\"},\"image\":{\"@id\":\"https:\/\/www.emdg-guilers.org\/#\/schema\/logo\/image\/\"},\"sameAs\":[\"https:\/\/www.facebook.com\/Ecole-de-Musique-et-de-Danse-de-Guilers-480017765533016\/\"]}]}<\/script>\n<!-- \/ Yoast SEO plugin. -->","yoast_head_json":{"title":"Metro's cool - Ecole de Musique, Danse &amp; Th\u00e9\u00e2tre de Guilers","robots":{"index":"index","follow":"follow","max-snippet":"max-snippet:-1","max-image-preview":"max-image-preview:large","max-video-preview":"max-video-preview:-1"},"canonical":"https:\/\/www.emdg-guilers.org\/index.php\/action-culturelle\/metros-cool\/","og_locale":"fr_FR","og_type":"article","og_title":"Metro's cool - Ecole de Musique, Danse &amp; Th\u00e9\u00e2tre de Guilers","og_description":"\/\/\/ L&rsquo;EMDG, membre de METRO\u2019S COOL \/\/\/ M\u00e9tro\u2019s cool, c\u2019est le nouveau projet qui rassemble 8 \u00e9tablissements d\u2019enseignement artistique de la m\u00e9tropole brestoise. L\u2019union faisant la force, l\u2019objectif est de partager et de faire se rencontrer \u00e9l\u00e8ves et \u00e9quipes enseignantes. Au programme\u00a0: 3 rendez-vous musicaux ou chor\u00e9graphiques annuels avec un plateau partag\u00e9 de 8 formations \u00e9manant de ces m\u00eames \u00e9coles. L\u2019occasion de croiser les chemins, d\u2019\u00e9changer avec les voisins, d\u2019amorcer de nouvelles collaborations et surtout donner \u00e0 voir l\u2019\u00e9tat des...Lire la suite Lire la suite","og_url":"https:\/\/www.emdg-guilers.org\/index.php\/action-culturelle\/metros-cool\/","og_site_name":"Ecole de Musique, Danse &amp; Th\u00e9\u00e2tre de Guilers","article_publisher":"https:\/\/www.facebook.com\/Ecole-de-Musique-et-de-Danse-de-Guilers-480017765533016\/","article_modified_time":"2020-01-16T16:25:43+00:00","og_image":[{"url":"http:\/\/www.emdg-guilers.org\/wp-content\/uploads\/2017\/09\/logo-Metroscool.jpg"}],"twitter_card":"summary_large_image","twitter_misc":{"Dur\u00e9e de lecture estim\u00e9e":"1 minute"},"schema":{"@context":"https:\/\/schema.org","@graph":[{"@type":"WebPage","@id":"https:\/\/www.emdg-guilers.org\/index.php\/action-culturelle\/metros-cool\/","url":"https:\/\/www.emdg-guilers.org\/index.php\/action-culturelle\/metros-cool\/","name":"Metro's cool - Ecole de Musique, Danse &amp; Th\u00e9\u00e2tre de Guilers","isPartOf":{"@id":"https:\/\/www.emdg-guilers.org\/#website"},"primaryImageOfPage":{"@id":"https:\/\/www.emdg-guilers.org\/index.php\/action-culturelle\/metros-cool\/#primaryimage"},"image":{"@id":"https:\/\/www.emdg-guilers.org\/index.php\/action-culturelle\/metros-cool\/#primaryimage"},"thumbnailUrl":"http:\/\/www.emdg-guilers.org\/wp-content\/uploads\/2017\/09\/logo-Metroscool.jpg","datePublished":"2017-09-26T11:13:31+00:00","dateModified":"2020-01-16T16:25:43+00:00","breadcrumb":{"@id":"https:\/\/www.emdg-guilers.org\/index.php\/action-culturelle\/metros-cool\/#breadcrumb"},"inLanguage":"fr-FR","potentialAction":[{"@type":"ReadAction","target":["https:\/\/www.emdg-guilers.org\/index.php\/action-culturelle\/metros-cool\/"]}]},{"@type":"ImageObject","inLanguage":"fr-FR","@id":"https:\/\/www.emdg-guilers.org\/index.php\/action-culturelle\/metros-cool\/#primaryimage","url":"http:\/\/www.emdg-guilers.org\/wp-content\/uploads\/2017\/09\/logo-Metroscool.jpg","contentUrl":"http:\/\/www.emdg-guilers.org\/wp-content\/uploads\/2017\/09\/logo-Metroscool.jpg"},{"@type":"BreadcrumbList","@id":"https:\/\/www.emdg-guilers.org\/index.php\/action-culturelle\/metros-cool\/#breadcrumb","itemListElement":[{"@type":"ListItem","position":1,"name":"Accueil","item":"https:\/\/www.emdg-guilers.org\/"},{"@type":"ListItem","position":2,"name":"Action culturelle","item":"https:\/\/www.emdg-guilers.org\/index.php\/action-culturelle\/"},{"@type":"ListItem","position":3,"name":"Metro&rsquo;s cool"}]},{"@type":"WebSite","@id":"https:\/\/www.emdg-guilers.org\/#website","url":"https:\/\/www.emdg-guilers.org\/","name":"Ecole de Musique et Danse de Guilers","description":"Ecole associative, cours de musique, danse, th\u00e9\u00e2tre accessibles \u00e0 tous","publisher":{"@id":"https:\/\/www.emdg-guilers.org\/#organization"},"potentialAction":[{"@type":"SearchAction","target":{"@type":"EntryPoint","urlTemplate":"https:\/\/www.emdg-guilers.org\/?s={search_term_string}"},"query-input":"required name=search_term_string"}],"inLanguage":"fr-FR"},{"@type":"Organization","@id":"https:\/\/www.emdg-guilers.org\/#organization","name":"Ecole de Musique et de Danse","url":"https:\/\/www.emdg-guilers.org\/","logo":{"@type":"ImageObject","inLanguage":"fr-FR","@id":"https:\/\/www.emdg-guilers.org\/#\/schema\/logo\/image\/","url":"https:\/\/www.emdg-guilers.org\/wp-content\/uploads\/2016\/06\/logo2014.jpg","contentUrl":"https:\/\/www.emdg-guilers.org\/wp-content\/uploads\/2016\/06\/logo2014.jpg","width":214,"height":116,"caption":"Ecole de Musique et de Danse"},"image":{"@id":"https:\/\/www.emdg-guilers.org\/#\/schema\/logo\/image\/"},"sameAs":["https:\/\/www.facebook.com\/Ecole-de-Musique-et-de-Danse-de-Guilers-480017765533016\/"]}]}},"_links":{"self":[{"href":"https:\/\/www.emdg-guilers.org\/index.php\/wp-json\/wp\/v2\/pages\/1037"}],"collection":[{"href":"https:\/\/www.emdg-guilers.org\/index.php\/wp-json\/wp\/v2\/pages"}],"about":[{"href":"https:\/\/www.emdg-guilers.org\/index.php\/wp-json\/wp\/v2\/types\/page"}],"author":[{"embeddable":true,"href":"https:\/\/www.emdg-guilers.org\/index.php\/wp-json\/wp\/v2\/users\/3"}],"replies":[{"embeddable":true,"href":"https:\/\/www.emdg-guilers.org\/index.php\/wp-json\/wp\/v2\/comments?post=1037"}],"version-history":[{"count":7,"href":"https:\/\/www.emdg-guilers.org\/index.php\/wp-json\/wp\/v2\/pages\/1037\/revisions"}],"predecessor-version":[{"id":1846,"href":"https:\/\/www.emdg-guilers.org\/index.php\/wp-json\/wp\/v2\/pages\/1037\/revisions\/1846"}],"up":[{"embeddable":true,"href":"https:\/\/www.emdg-guilers.org\/index.php\/wp-json\/wp\/v2\/pages\/1026"}],"wp:attachment":[{"href":"https:\/\/www.emdg-guilers.org\/index.php\/wp-json\/wp\/v2\/media?parent=1037"}],"curies":[{"name":"wp","href":"https:\/\/api.w.org\/{rel}","templated":true}]}}