{"id":1513,"date":"2019-04-11T10:50:45","date_gmt":"2019-04-11T08:50:45","guid":{"rendered":"http:\/\/www.emdg-guilers.org\/?page_id=1513"},"modified":"2025-09-22T11:22:13","modified_gmt":"2025-09-22T09:22:13","slug":"5-parcours-pratique-collective","status":"publish","type":"page","link":"https:\/\/www.emdg-guilers.org\/index.php\/5-parcours-pratique-collective\/","title":{"rendered":"4-Jouer en groupe (enfants, ados, adultes) Ateliers encadr\u00e9s par un prof"},"content":{"rendered":"<p>Jouer avec les autres est au c\u0153ur du projet d&rsquo;\u00e9tablissement de l&rsquo;\u00e9cole. Apprendre \u00e0 jouer d&rsquo;un instrument ou \u00e0 chanter fait sens et prend toute sa dimension dans une d\u00e9marche de partage et de pratique en collectif ou petits groupes, et ce, d\u00e8s quelques ann\u00e9e de pratique.<br \/><strong>Gratuit<\/strong> pour les \u00e9l\u00e8ves inscrits en cours instrumental (parcours complet ou amateur). Possibilit\u00e9 de s&rsquo;inscrire uniquement \u00e0 l&rsquo;ensemble.<\/p>\n<h2>Horaires des groupes 2025-26<\/h2>\n<h4>(cours encadr\u00e9s par un professeur)<\/h4>\n<table>\n<tbody>\n<tr>\n<td width=\"133\">\n<p><strong>NOM DU COURS<\/strong><\/p>\n<\/td>\n<td width=\"87\">\n<p><strong>Prof<\/strong><\/p>\n<\/td>\n<td width=\"86\">\n<p><strong>Jour<\/strong><\/p>\n<\/td>\n<td width=\"67\">\n<p><strong>Horaire<\/strong><\/p>\n<\/td>\n<td width=\"52\">\n<p><strong>Dur\u00e9e<\/strong><\/p>\n<\/td>\n<td width=\"57\">\n<p><strong>Salle<\/strong><\/p>\n<\/td>\n<td width=\"138\">\n<p><strong>Correspondance \u00e2ge \/ classe \u00e9l\u00e8ve<\/strong><\/p>\n<\/td>\n<\/tr>\n<tr>\n<td colspan=\"7\" width=\"619\">\n<p><span style=\"color: #ff6600;\"><strong>GROUPES ENFANTS \/ ADOS<\/strong><\/span><\/p>\n<\/td>\n<\/tr>\n<tr>\n<td width=\"133\">\n<p><a href=\"https:\/\/www.emdg-guilers.org\/index.php\/ensemble-de-guitares\/\"><strong>Guilers Guitar Gang \u2013 3G <\/strong><\/a><\/p>\n<\/td>\n<td width=\"87\">\n<p>Erwan Duval<\/p>\n<\/td>\n<td width=\"86\">\n<p>Lundi<\/p>\n<\/td>\n<td width=\"67\">\n<p>18h30-19h30<\/p>\n<\/td>\n<td width=\"52\">\n<p>1h<\/p>\n<\/td>\n<td width=\"57\">\n<p>Salle de r\u00e9p\u00e9<\/p>\n<\/td>\n<td width=\"138\">\n<p>Ensemble de guitares enfants, ados, tous niveaux<\/p>\n<\/td>\n<\/tr>\n<tr>\n<td width=\"133\">\n<p><a href=\"https:\/\/www.emdg-guilers.org\/index.php\/ensemble-de-percussions-digitales-enfants-ados\/\"><strong>Ensemble percussions digitales enfants-ados 1 <\/strong><\/a><\/p>\n<\/td>\n<td width=\"87\">\n<p>Herri Loquet<\/p>\n<\/td>\n<td width=\"86\">\n<p>Mercredi<\/p>\n<\/td>\n<td width=\"67\">\n<p>14h00-14h45<\/p>\n<\/td>\n<td width=\"52\">\n<p>45 min<\/p>\n<\/td>\n<td width=\"57\">\n<p>Salle de r\u00e9p\u00e9<\/p>\n<\/td>\n<td width=\"138\">\n<p>D\u00e8s 9 ans, CM1, ouvert \u00e0 tous (pas de pratique de la percussion n\u00e9cessaire), autres instrumentistes ou d\u00e9butants<\/p>\n<\/td>\n<\/tr>\n<tr>\n<td width=\"133\">\n<p><a href=\"https:\/\/www.emdg-guilers.org\/index.php\/ensemble-de-percussions-digitales-enfants-ados\/\"><strong>Ensemble percussions digitales enfants-ados 2<\/strong><\/a><\/p>\n<\/td>\n<td width=\"87\">\n<p>Herri Loquet<\/p>\n<\/td>\n<td width=\"86\">\n<p>Mercredi<\/p>\n<\/td>\n<td width=\"67\">\n<p>16h05-16h50<\/p>\n<\/td>\n<td width=\"52\">\n<p>45 min<\/p>\n<\/td>\n<td width=\"57\">\n<p>Salle de r\u00e9p\u00e9<\/p>\n<\/td>\n<td width=\"138\">\n<p>D\u00e8s 9 ans, CM1, ouvert aux \u00e9l\u00e8ves batteurs de la classe d\u2019Herri<\/p>\n<\/td>\n<\/tr>\n<tr>\n<td width=\"133\">\n<p><strong><a href=\"https:\/\/www.emdg-guilers.org\/index.php\/orchestres\/cordeole\/\">Cord\u00e9ole \u2013 Orchestre \u00e0 vent et cordes<\/a> <\/strong>(r\u00e9pertoire classique, musique ancienne)<\/p>\n<\/td>\n<td width=\"87\">\n<p>Mich\u00e8le Morvan<\/p>\n<\/td>\n<td width=\"86\">\n<p>Jeudi<\/p>\n<\/td>\n<td width=\"67\">\n<p>18h30-20h<\/p>\n<p>(18h30-19h15 pour les petits)<\/p>\n<\/td>\n<td width=\"52\">\n<p>1h30<\/p>\n<\/td>\n<td width=\"57\">\n<p>Salle de r\u00e9p\u00e9<\/p>\n<\/td>\n<td width=\"138\">\n<p>Orchestre \u00e0 vents et \u00e0 cordes, enfants, ados, adultes, accessible d\u00e8s 2 ans de pratique instrumentale<\/p>\n<\/td>\n<\/tr>\n<tr>\n<td width=\"133\">\n<p><strong><a href=\"https:\/\/www.emdg-guilers.org\/index.php\/budding-rock-musiques-actu-ados\/\">Budding Rock<\/a><br \/><\/strong>(atelier \u00e0 effectif limit\u00e9, tarif sp\u00e9cial)<\/p>\n<\/td>\n<td width=\"87\">\n<p>Pascal Ghigou<\/p>\n<\/td>\n<td width=\"86\">\n<p>Samedi<\/p>\n<\/td>\n<td width=\"67\">\n<p>10h30-12h<\/p>\n<\/td>\n<td width=\"52\">\n<p>1h30<\/p>\n<\/td>\n<td width=\"57\">\n<p>Salle de r\u00e9p\u00e9<\/p>\n<\/td>\n<td width=\"138\">\n<p>Ados 12-18 ans, d\u00e9sireux d\u2019am\u00e9liorer leur technique vocale et instrumentale en groupe, de jouer du pop-rock avec d\u2019autres<\/p>\n<\/td>\n<\/tr>\n<tr>\n<td colspan=\"7\" width=\"619\">\n<p><span style=\"color: #ff6600;\"><strong>GROUPES ADULTES<\/strong><\/span><\/p>\n<\/td>\n<\/tr>\n<tr>\n<td width=\"133\">\n<p><a href=\"https:\/\/www.emdg-guilers.org\/index.php\/guitare-daccompagnement-chant\/\"><strong>GUILPOP<\/strong><\/a><\/p>\n<\/td>\n<td width=\"87\">\n<p>Philippe Gouret<\/p>\n<\/td>\n<td width=\"86\">\n<p>Lundi<\/p>\n<\/td>\n<td width=\"67\">\n<p>20h15-21h45<\/p>\n<\/td>\n<td width=\"52\">\n<p>1h30<\/p>\n<\/td>\n<td width=\"57\">\n<p>Salle d\u2019\u00e9veil<\/p>\n<\/td>\n<td width=\"138\">\n<p>Ados adultes d\u00e9sireux d\u2019am\u00e9liorer leur technique vocale et instrumentale en groupe<\/p>\n<\/td>\n<\/tr>\n<tr>\n<td width=\"133\">\n<p><a href=\"https:\/\/www.emdg-guilers.org\/index.php\/orchestres\/percussions-digitales-adultes\/\"><strong>DJEMKA<\/strong><\/a><\/p>\n<\/td>\n<td width=\"87\">\n<p>Herri Loquet<\/p>\n<\/td>\n<td width=\"86\">\n<p>Mercredi<\/p>\n<\/td>\n<td width=\"67\">\n<p>19h-20h<\/p>\n<\/td>\n<td width=\"52\">\n<p>1h<\/p>\n<\/td>\n<td width=\"57\">\n<p>Salle de r\u00e9p\u00e9<\/p>\n<\/td>\n<td width=\"138\">\n<p>Adultes d\u00e9butants, ouvert \u00e0 tous<\/p>\n<\/td>\n<\/tr>\n<tr>\n<td width=\"133\">\n<p><a href=\"https:\/\/www.emdg-guilers.org\/index.php\/orchestres\/le-gong\/\"><strong>GONG \u2013 Big band, harmonie<\/strong><\/a><\/p>\n<p>(r\u00e9pertoire musiques actuelles, jazz, blues)<\/p>\n<\/td>\n<td width=\"87\">\n<p>Patrice Penot<\/p>\n<\/td>\n<td width=\"86\">\n<p>Jeudi<\/p>\n<\/td>\n<td width=\"67\">\n<p>20h30-22h00<\/p>\n<\/td>\n<td width=\"52\">\n<p>1h30<\/p>\n<\/td>\n<td width=\"57\">\n<p>Salle de r\u00e9p\u00e9<\/p>\n<\/td>\n<td width=\"138\">\n<p>Orchestre \u00e0 vents, ados, adultes, accessible d\u00e8s 2 ans de pratique instrumentale<\/p>\n<\/td>\n<\/tr>\n<\/tbody>\n<\/table>\n<h2>\u00a0<\/h2>\n\n\n<p><\/p>\n","protected":false},"excerpt":{"rendered":"<p>Jouer avec les autres est au c\u0153ur du projet d&rsquo;\u00e9tablissement de l&rsquo;\u00e9cole. Apprendre \u00e0 jouer d&rsquo;un instrument ou \u00e0 chanter fait sens et prend toute sa dimension dans une d\u00e9marche de partage et de pratique en collectif ou petits groupes, et ce, d\u00e8s quelques ann\u00e9e de pratique.Gratuit pour les \u00e9l\u00e8ves inscrits en cours instrumental (parcours complet ou amateur). Possibilit\u00e9 de s&rsquo;inscrire uniquement \u00e0 l&rsquo;ensemble. Horaires des groupes 2025-26 (cours encadr\u00e9s par un professeur) NOM DU COURS Prof Jour Horaire Dur\u00e9e&#8230;<\/p>\n<p class=\"read-more\"><a class=\"btn btn-default\" href=\"https:\/\/www.emdg-guilers.org\/index.php\/5-parcours-pratique-collective\/\">Lire la suite<span class=\"screen-reader-text\"> Lire la suite<\/span><\/a><\/p>\n","protected":false},"author":3,"featured_media":0,"parent":0,"menu_order":0,"comment_status":"closed","ping_status":"closed","template":"","meta":{"footnotes":""},"yoast_head":"<!-- This site is optimized with the Yoast SEO plugin v22.4 - https:\/\/yoast.com\/wordpress\/plugins\/seo\/ -->\n<title>4-Jouer en groupe (enfants, ados, adultes) Ateliers encadr\u00e9s par un prof - Ecole de Musique, Danse &amp; Th\u00e9\u00e2tre de Guilers<\/title>\n<meta name=\"robots\" content=\"index, follow, max-snippet:-1, max-image-preview:large, max-video-preview:-1\" \/>\n<link rel=\"canonical\" href=\"https:\/\/www.emdg-guilers.org\/index.php\/5-parcours-pratique-collective\/\" \/>\n<meta property=\"og:locale\" content=\"fr_FR\" \/>\n<meta property=\"og:type\" content=\"article\" \/>\n<meta property=\"og:title\" content=\"4-Jouer en groupe (enfants, ados, adultes) Ateliers encadr\u00e9s par un prof - Ecole de Musique, Danse &amp; Th\u00e9\u00e2tre de Guilers\" \/>\n<meta property=\"og:description\" content=\"Jouer avec les autres est au c\u0153ur du projet d&rsquo;\u00e9tablissement de l&rsquo;\u00e9cole. Apprendre \u00e0 jouer d&rsquo;un instrument ou \u00e0 chanter fait sens et prend toute sa dimension dans une d\u00e9marche de partage et de pratique en collectif ou petits groupes, et ce, d\u00e8s quelques ann\u00e9e de pratique.Gratuit pour les \u00e9l\u00e8ves inscrits en cours instrumental (parcours complet ou amateur). Possibilit\u00e9 de s&rsquo;inscrire uniquement \u00e0 l&rsquo;ensemble. Horaires des groupes 2025-26 (cours encadr\u00e9s par un professeur) NOM DU COURS Prof Jour Horaire Dur\u00e9e...Lire la suite Lire la suite\" \/>\n<meta property=\"og:url\" content=\"https:\/\/www.emdg-guilers.org\/index.php\/5-parcours-pratique-collective\/\" \/>\n<meta property=\"og:site_name\" content=\"Ecole de Musique, Danse &amp; Th\u00e9\u00e2tre de Guilers\" \/>\n<meta property=\"article:publisher\" content=\"https:\/\/www.facebook.com\/Ecole-de-Musique-et-de-Danse-de-Guilers-480017765533016\/\" \/>\n<meta property=\"article:modified_time\" content=\"2025-09-22T09:22:13+00:00\" \/>\n<meta name=\"twitter:card\" content=\"summary_large_image\" \/>\n<meta name=\"twitter:label1\" content=\"Dur\u00e9e de lecture estim\u00e9e\" \/>\n\t<meta name=\"twitter:data1\" content=\"2 minutes\" \/>\n<script type=\"application\/ld+json\" class=\"yoast-schema-graph\">{\"@context\":\"https:\/\/schema.org\",\"@graph\":[{\"@type\":\"WebPage\",\"@id\":\"https:\/\/www.emdg-guilers.org\/index.php\/5-parcours-pratique-collective\/\",\"url\":\"https:\/\/www.emdg-guilers.org\/index.php\/5-parcours-pratique-collective\/\",\"name\":\"4-Jouer en groupe (enfants, ados, adultes) Ateliers encadr\u00e9s par un prof - Ecole de Musique, Danse &amp; Th\u00e9\u00e2tre de Guilers\",\"isPartOf\":{\"@id\":\"https:\/\/www.emdg-guilers.org\/#website\"},\"datePublished\":\"2019-04-11T08:50:45+00:00\",\"dateModified\":\"2025-09-22T09:22:13+00:00\",\"breadcrumb\":{\"@id\":\"https:\/\/www.emdg-guilers.org\/index.php\/5-parcours-pratique-collective\/#breadcrumb\"},\"inLanguage\":\"fr-FR\",\"potentialAction\":[{\"@type\":\"ReadAction\",\"target\":[\"https:\/\/www.emdg-guilers.org\/index.php\/5-parcours-pratique-collective\/\"]}]},{\"@type\":\"BreadcrumbList\",\"@id\":\"https:\/\/www.emdg-guilers.org\/index.php\/5-parcours-pratique-collective\/#breadcrumb\",\"itemListElement\":[{\"@type\":\"ListItem\",\"position\":1,\"name\":\"Accueil\",\"item\":\"https:\/\/www.emdg-guilers.org\/\"},{\"@type\":\"ListItem\",\"position\":2,\"name\":\"4-Jouer en groupe (enfants, ados, adultes) Ateliers encadr\u00e9s par un prof\"}]},{\"@type\":\"WebSite\",\"@id\":\"https:\/\/www.emdg-guilers.org\/#website\",\"url\":\"https:\/\/www.emdg-guilers.org\/\",\"name\":\"Ecole de Musique et Danse de Guilers\",\"description\":\"Ecole associative, cours de musique, danse, th\u00e9\u00e2tre accessibles \u00e0 tous\",\"publisher\":{\"@id\":\"https:\/\/www.emdg-guilers.org\/#organization\"},\"potentialAction\":[{\"@type\":\"SearchAction\",\"target\":{\"@type\":\"EntryPoint\",\"urlTemplate\":\"https:\/\/www.emdg-guilers.org\/?s={search_term_string}\"},\"query-input\":\"required name=search_term_string\"}],\"inLanguage\":\"fr-FR\"},{\"@type\":\"Organization\",\"@id\":\"https:\/\/www.emdg-guilers.org\/#organization\",\"name\":\"Ecole de Musique et de Danse\",\"url\":\"https:\/\/www.emdg-guilers.org\/\",\"logo\":{\"@type\":\"ImageObject\",\"inLanguage\":\"fr-FR\",\"@id\":\"https:\/\/www.emdg-guilers.org\/#\/schema\/logo\/image\/\",\"url\":\"https:\/\/www.emdg-guilers.org\/wp-content\/uploads\/2016\/06\/logo2014.jpg\",\"contentUrl\":\"https:\/\/www.emdg-guilers.org\/wp-content\/uploads\/2016\/06\/logo2014.jpg\",\"width\":214,\"height\":116,\"caption\":\"Ecole de Musique et de Danse\"},\"image\":{\"@id\":\"https:\/\/www.emdg-guilers.org\/#\/schema\/logo\/image\/\"},\"sameAs\":[\"https:\/\/www.facebook.com\/Ecole-de-Musique-et-de-Danse-de-Guilers-480017765533016\/\"]}]}<\/script>\n<!-- \/ Yoast SEO plugin. -->","yoast_head_json":{"title":"4-Jouer en groupe (enfants, ados, adultes) Ateliers encadr\u00e9s par un prof - Ecole de Musique, Danse &amp; Th\u00e9\u00e2tre de Guilers","robots":{"index":"index","follow":"follow","max-snippet":"max-snippet:-1","max-image-preview":"max-image-preview:large","max-video-preview":"max-video-preview:-1"},"canonical":"https:\/\/www.emdg-guilers.org\/index.php\/5-parcours-pratique-collective\/","og_locale":"fr_FR","og_type":"article","og_title":"4-Jouer en groupe (enfants, ados, adultes) Ateliers encadr\u00e9s par un prof - Ecole de Musique, Danse &amp; Th\u00e9\u00e2tre de Guilers","og_description":"Jouer avec les autres est au c\u0153ur du projet d&rsquo;\u00e9tablissement de l&rsquo;\u00e9cole. Apprendre \u00e0 jouer d&rsquo;un instrument ou \u00e0 chanter fait sens et prend toute sa dimension dans une d\u00e9marche de partage et de pratique en collectif ou petits groupes, et ce, d\u00e8s quelques ann\u00e9e de pratique.Gratuit pour les \u00e9l\u00e8ves inscrits en cours instrumental (parcours complet ou amateur). Possibilit\u00e9 de s&rsquo;inscrire uniquement \u00e0 l&rsquo;ensemble. Horaires des groupes 2025-26 (cours encadr\u00e9s par un professeur) NOM DU COURS Prof Jour Horaire Dur\u00e9e...Lire la suite Lire la suite","og_url":"https:\/\/www.emdg-guilers.org\/index.php\/5-parcours-pratique-collective\/","og_site_name":"Ecole de Musique, Danse &amp; Th\u00e9\u00e2tre de Guilers","article_publisher":"https:\/\/www.facebook.com\/Ecole-de-Musique-et-de-Danse-de-Guilers-480017765533016\/","article_modified_time":"2025-09-22T09:22:13+00:00","twitter_card":"summary_large_image","twitter_misc":{"Dur\u00e9e de lecture estim\u00e9e":"2 minutes"},"schema":{"@context":"https:\/\/schema.org","@graph":[{"@type":"WebPage","@id":"https:\/\/www.emdg-guilers.org\/index.php\/5-parcours-pratique-collective\/","url":"https:\/\/www.emdg-guilers.org\/index.php\/5-parcours-pratique-collective\/","name":"4-Jouer en groupe (enfants, ados, adultes) Ateliers encadr\u00e9s par un prof - Ecole de Musique, Danse &amp; Th\u00e9\u00e2tre de Guilers","isPartOf":{"@id":"https:\/\/www.emdg-guilers.org\/#website"},"datePublished":"2019-04-11T08:50:45+00:00","dateModified":"2025-09-22T09:22:13+00:00","breadcrumb":{"@id":"https:\/\/www.emdg-guilers.org\/index.php\/5-parcours-pratique-collective\/#breadcrumb"},"inLanguage":"fr-FR","potentialAction":[{"@type":"ReadAction","target":["https:\/\/www.emdg-guilers.org\/index.php\/5-parcours-pratique-collective\/"]}]},{"@type":"BreadcrumbList","@id":"https:\/\/www.emdg-guilers.org\/index.php\/5-parcours-pratique-collective\/#breadcrumb","itemListElement":[{"@type":"ListItem","position":1,"name":"Accueil","item":"https:\/\/www.emdg-guilers.org\/"},{"@type":"ListItem","position":2,"name":"4-Jouer en groupe (enfants, ados, adultes) Ateliers encadr\u00e9s par un prof"}]},{"@type":"WebSite","@id":"https:\/\/www.emdg-guilers.org\/#website","url":"https:\/\/www.emdg-guilers.org\/","name":"Ecole de Musique et Danse de Guilers","description":"Ecole associative, cours de musique, danse, th\u00e9\u00e2tre accessibles \u00e0 tous","publisher":{"@id":"https:\/\/www.emdg-guilers.org\/#organization"},"potentialAction":[{"@type":"SearchAction","target":{"@type":"EntryPoint","urlTemplate":"https:\/\/www.emdg-guilers.org\/?s={search_term_string}"},"query-input":"required name=search_term_string"}],"inLanguage":"fr-FR"},{"@type":"Organization","@id":"https:\/\/www.emdg-guilers.org\/#organization","name":"Ecole de Musique et de Danse","url":"https:\/\/www.emdg-guilers.org\/","logo":{"@type":"ImageObject","inLanguage":"fr-FR","@id":"https:\/\/www.emdg-guilers.org\/#\/schema\/logo\/image\/","url":"https:\/\/www.emdg-guilers.org\/wp-content\/uploads\/2016\/06\/logo2014.jpg","contentUrl":"https:\/\/www.emdg-guilers.org\/wp-content\/uploads\/2016\/06\/logo2014.jpg","width":214,"height":116,"caption":"Ecole de Musique et de Danse"},"image":{"@id":"https:\/\/www.emdg-guilers.org\/#\/schema\/logo\/image\/"},"sameAs":["https:\/\/www.facebook.com\/Ecole-de-Musique-et-de-Danse-de-Guilers-480017765533016\/"]}]}},"_links":{"self":[{"href":"https:\/\/www.emdg-guilers.org\/index.php\/wp-json\/wp\/v2\/pages\/1513"}],"collection":[{"href":"https:\/\/www.emdg-guilers.org\/index.php\/wp-json\/wp\/v2\/pages"}],"about":[{"href":"https:\/\/www.emdg-guilers.org\/index.php\/wp-json\/wp\/v2\/types\/page"}],"author":[{"embeddable":true,"href":"https:\/\/www.emdg-guilers.org\/index.php\/wp-json\/wp\/v2\/users\/3"}],"replies":[{"embeddable":true,"href":"https:\/\/www.emdg-guilers.org\/index.php\/wp-json\/wp\/v2\/comments?post=1513"}],"version-history":[{"count":38,"href":"https:\/\/www.emdg-guilers.org\/index.php\/wp-json\/wp\/v2\/pages\/1513\/revisions"}],"predecessor-version":[{"id":4778,"href":"https:\/\/www.emdg-guilers.org\/index.php\/wp-json\/wp\/v2\/pages\/1513\/revisions\/4778"}],"wp:attachment":[{"href":"https:\/\/www.emdg-guilers.org\/index.php\/wp-json\/wp\/v2\/media?parent=1513"}],"curies":[{"name":"wp","href":"https:\/\/api.w.org\/{rel}","templated":true}]}}