{"id":2141,"date":"2020-11-06T10:01:22","date_gmt":"2020-11-06T09:01:22","guid":{"rendered":"https:\/\/www.emdg-guilers.org\/?page_id=2141"},"modified":"2021-01-19T17:18:14","modified_gmt":"2021-01-19T16:18:14","slug":"faire-un-don","status":"publish","type":"page","link":"https:\/\/www.emdg-guilers.org\/index.php\/faire-un-don\/","title":{"rendered":"Faire un don d\u00e9ductible d&rsquo;imp\u00f4ts"},"content":{"rendered":"\n<h4 class=\"wp-block-heading\">En faisant un don \u00e0 l\u2019Ecole de Musique et Danse de Guilers, vous pouvez b\u00e9n\u00e9ficier d&rsquo;une&nbsp;r\u00e9duction d&rsquo;imp\u00f4t de 66&nbsp;%&nbsp;(dans la limite de 20&nbsp;% du revenu imposable)&nbsp;<br>Exemple&nbsp;: un don de 50\u20ac revient \u00e0 17\u20ac, ou encore 100\u20ac revient \u00e0 34\u20ac r\u00e9ellement d\u00e9bours\u00e9s.<\/h4>\n\n\n\n<iframe id=\"haWidget\" allowtransparency=\"true\" scrolling=\"auto\" src=\"https:\/\/www.helloasso.com\/associations\/ecole-de-musique-et-danse-de-guilers\/formulaires\/1\/widget\" style=\"width:100%;height:750px;border:none;\" onload=\"window.scroll(0, this.offsetTop)\"><\/iframe>\n\n\n\n<p>L\u2019\u00e9cole de musique et danse de Guilers (EMDG), association loi 1905 \u00e0 but non lucratif, repose sur l\u2019engagement de b\u00e9n\u00e9voles.&nbsp;<\/p>\n\n\n\n<p><strong>Depuis 25 ans, elle permet aux enfants et aux adultes d\u2019apprendre la musique ou la danse et de pratiquer un loisir artistique \u00e0 proximit\u00e9 de chez soi.<\/strong>&nbsp;Cet \u00e9tablissement cl\u00e9 pour la commune de Guilers et les alentours propose \u00e9galement de nombreuses animations sur le territoire. L\u2019\u00e9cole emploie aujourd\u2019hui&nbsp;25 salari\u00e9s.<br><br>Reconnue d\u2019int\u00e9r\u00eat g\u00e9n\u00e9ral \u00e0 caract\u00e8re culturel par la Direction G\u00e9n\u00e9rale des Finances Publiques du Finist\u00e8re, elle peut&nbsp;<strong>d\u00e9livrer des re\u00e7us fiscaux ouvrant droit \u00e0 des r\u00e9ductions d&rsquo;imp\u00f4ts.<\/strong><\/p>\n\n\n\n<p>Gr\u00e2ce \u00e0 vos dons,&nbsp;<strong>vous soutenez cette \u00e9cole de proximit\u00e9, l\u2019emploi des enseignants et \u00e9quipes administratives&nbsp;<\/strong>et vous permettez&nbsp;par exemple :&nbsp;<br>&#8211; L\u2019achat de mat\u00e9riel vid\u00e9o ou audio, instruments de musique pour les \u00e9l\u00e8ves<br>&#8211; L\u2019organisation d\u2019\u00e9v\u00e9nements pour les familles et \u00e9l\u00e8ves (cr\u00e9ation de costumes pour les spectacles de danse, achat d\u2019accessoires, mise en lumi\u00e8re et en son, moments conviviaux\u2026)<br>&#8211; La mise en place de projets sp\u00e9cifiques \u00e0 destination des \u00e9l\u00e8ves (sortie \u00e0 des spectacles, visite de lieux culturels, interventions ext\u00e9rieures\u2026)&nbsp;<br>Plus largement, vous soutenez le mod\u00e8le \u00e9conomique associatif de l&rsquo;\u00e9cole et son existence.<\/p>\n\n\n\n<h3 class=\"wp-block-heading\">Merci pour votre soutien !<\/h3>\n","protected":false},"excerpt":{"rendered":"<p>En faisant un don \u00e0 l\u2019Ecole de Musique et Danse de Guilers, vous pouvez b\u00e9n\u00e9ficier d&rsquo;une&nbsp;r\u00e9duction d&rsquo;imp\u00f4t de 66&nbsp;%&nbsp;(dans la limite de 20&nbsp;% du revenu imposable)&nbsp;Exemple&nbsp;: un don de 50\u20ac revient \u00e0 17\u20ac, ou encore 100\u20ac revient \u00e0 34\u20ac r\u00e9ellement d\u00e9bours\u00e9s. L\u2019\u00e9cole de musique et danse de Guilers (EMDG), association loi 1905 \u00e0 but non lucratif, repose sur l\u2019engagement de b\u00e9n\u00e9voles.&nbsp; Depuis 25 ans, elle permet aux enfants et aux adultes d\u2019apprendre la musique ou la danse et de pratiquer&#8230;<\/p>\n<p class=\"read-more\"><a class=\"btn btn-default\" href=\"https:\/\/www.emdg-guilers.org\/index.php\/faire-un-don\/\">Lire la suite<span class=\"screen-reader-text\"> Lire la suite<\/span><\/a><\/p>\n","protected":false},"author":3,"featured_media":0,"parent":0,"menu_order":0,"comment_status":"closed","ping_status":"closed","template":"","meta":{"footnotes":""},"yoast_head":"<!-- This site is optimized with the Yoast SEO plugin v22.4 - https:\/\/yoast.com\/wordpress\/plugins\/seo\/ -->\n<title>Faire un don d\u00e9ductible d&#039;imp\u00f4ts - Ecole de Musique, Danse &amp; Th\u00e9\u00e2tre de Guilers<\/title>\n<meta name=\"robots\" content=\"index, follow, max-snippet:-1, max-image-preview:large, max-video-preview:-1\" \/>\n<link rel=\"canonical\" href=\"https:\/\/www.emdg-guilers.org\/index.php\/faire-un-don\/\" \/>\n<meta property=\"og:locale\" content=\"fr_FR\" \/>\n<meta property=\"og:type\" content=\"article\" \/>\n<meta property=\"og:title\" content=\"Faire un don d\u00e9ductible d&#039;imp\u00f4ts - Ecole de Musique, Danse &amp; Th\u00e9\u00e2tre de Guilers\" \/>\n<meta property=\"og:description\" content=\"En faisant un don \u00e0 l\u2019Ecole de Musique et Danse de Guilers, vous pouvez b\u00e9n\u00e9ficier d&rsquo;une&nbsp;r\u00e9duction d&rsquo;imp\u00f4t de 66&nbsp;%&nbsp;(dans la limite de 20&nbsp;% du revenu imposable)&nbsp;Exemple&nbsp;: un don de 50\u20ac revient \u00e0 17\u20ac, ou encore 100\u20ac revient \u00e0 34\u20ac r\u00e9ellement d\u00e9bours\u00e9s. L\u2019\u00e9cole de musique et danse de Guilers (EMDG), association loi 1905 \u00e0 but non lucratif, repose sur l\u2019engagement de b\u00e9n\u00e9voles.&nbsp; Depuis 25 ans, elle permet aux enfants et aux adultes d\u2019apprendre la musique ou la danse et de pratiquer...Lire la suite Lire la suite\" \/>\n<meta property=\"og:url\" content=\"https:\/\/www.emdg-guilers.org\/index.php\/faire-un-don\/\" \/>\n<meta property=\"og:site_name\" content=\"Ecole de Musique, Danse &amp; Th\u00e9\u00e2tre de Guilers\" \/>\n<meta property=\"article:publisher\" content=\"https:\/\/www.facebook.com\/Ecole-de-Musique-et-de-Danse-de-Guilers-480017765533016\/\" \/>\n<meta property=\"article:modified_time\" content=\"2021-01-19T16:18:14+00:00\" \/>\n<meta name=\"twitter:card\" content=\"summary_large_image\" \/>\n<meta name=\"twitter:label1\" content=\"Dur\u00e9e de lecture estim\u00e9e\" \/>\n\t<meta name=\"twitter:data1\" content=\"1 minute\" \/>\n<script type=\"application\/ld+json\" class=\"yoast-schema-graph\">{\"@context\":\"https:\/\/schema.org\",\"@graph\":[{\"@type\":\"WebPage\",\"@id\":\"https:\/\/www.emdg-guilers.org\/index.php\/faire-un-don\/\",\"url\":\"https:\/\/www.emdg-guilers.org\/index.php\/faire-un-don\/\",\"name\":\"Faire un don d\u00e9ductible d'imp\u00f4ts - Ecole de Musique, Danse &amp; Th\u00e9\u00e2tre de Guilers\",\"isPartOf\":{\"@id\":\"https:\/\/www.emdg-guilers.org\/#website\"},\"datePublished\":\"2020-11-06T09:01:22+00:00\",\"dateModified\":\"2021-01-19T16:18:14+00:00\",\"breadcrumb\":{\"@id\":\"https:\/\/www.emdg-guilers.org\/index.php\/faire-un-don\/#breadcrumb\"},\"inLanguage\":\"fr-FR\",\"potentialAction\":[{\"@type\":\"ReadAction\",\"target\":[\"https:\/\/www.emdg-guilers.org\/index.php\/faire-un-don\/\"]}]},{\"@type\":\"BreadcrumbList\",\"@id\":\"https:\/\/www.emdg-guilers.org\/index.php\/faire-un-don\/#breadcrumb\",\"itemListElement\":[{\"@type\":\"ListItem\",\"position\":1,\"name\":\"Accueil\",\"item\":\"https:\/\/www.emdg-guilers.org\/\"},{\"@type\":\"ListItem\",\"position\":2,\"name\":\"Faire un don d\u00e9ductible d&rsquo;imp\u00f4ts\"}]},{\"@type\":\"WebSite\",\"@id\":\"https:\/\/www.emdg-guilers.org\/#website\",\"url\":\"https:\/\/www.emdg-guilers.org\/\",\"name\":\"Ecole de Musique et Danse de Guilers\",\"description\":\"Ecole associative, cours de musique, danse, th\u00e9\u00e2tre accessibles \u00e0 tous\",\"publisher\":{\"@id\":\"https:\/\/www.emdg-guilers.org\/#organization\"},\"potentialAction\":[{\"@type\":\"SearchAction\",\"target\":{\"@type\":\"EntryPoint\",\"urlTemplate\":\"https:\/\/www.emdg-guilers.org\/?s={search_term_string}\"},\"query-input\":\"required name=search_term_string\"}],\"inLanguage\":\"fr-FR\"},{\"@type\":\"Organization\",\"@id\":\"https:\/\/www.emdg-guilers.org\/#organization\",\"name\":\"Ecole de Musique et de Danse\",\"url\":\"https:\/\/www.emdg-guilers.org\/\",\"logo\":{\"@type\":\"ImageObject\",\"inLanguage\":\"fr-FR\",\"@id\":\"https:\/\/www.emdg-guilers.org\/#\/schema\/logo\/image\/\",\"url\":\"https:\/\/www.emdg-guilers.org\/wp-content\/uploads\/2016\/06\/logo2014.jpg\",\"contentUrl\":\"https:\/\/www.emdg-guilers.org\/wp-content\/uploads\/2016\/06\/logo2014.jpg\",\"width\":214,\"height\":116,\"caption\":\"Ecole de Musique et de Danse\"},\"image\":{\"@id\":\"https:\/\/www.emdg-guilers.org\/#\/schema\/logo\/image\/\"},\"sameAs\":[\"https:\/\/www.facebook.com\/Ecole-de-Musique-et-de-Danse-de-Guilers-480017765533016\/\"]}]}<\/script>\n<!-- \/ Yoast SEO plugin. -->","yoast_head_json":{"title":"Faire un don d\u00e9ductible d'imp\u00f4ts - Ecole de Musique, Danse &amp; Th\u00e9\u00e2tre de Guilers","robots":{"index":"index","follow":"follow","max-snippet":"max-snippet:-1","max-image-preview":"max-image-preview:large","max-video-preview":"max-video-preview:-1"},"canonical":"https:\/\/www.emdg-guilers.org\/index.php\/faire-un-don\/","og_locale":"fr_FR","og_type":"article","og_title":"Faire un don d\u00e9ductible d'imp\u00f4ts - Ecole de Musique, Danse &amp; Th\u00e9\u00e2tre de Guilers","og_description":"En faisant un don \u00e0 l\u2019Ecole de Musique et Danse de Guilers, vous pouvez b\u00e9n\u00e9ficier d&rsquo;une&nbsp;r\u00e9duction d&rsquo;imp\u00f4t de 66&nbsp;%&nbsp;(dans la limite de 20&nbsp;% du revenu imposable)&nbsp;Exemple&nbsp;: un don de 50\u20ac revient \u00e0 17\u20ac, ou encore 100\u20ac revient \u00e0 34\u20ac r\u00e9ellement d\u00e9bours\u00e9s. L\u2019\u00e9cole de musique et danse de Guilers (EMDG), association loi 1905 \u00e0 but non lucratif, repose sur l\u2019engagement de b\u00e9n\u00e9voles.&nbsp; Depuis 25 ans, elle permet aux enfants et aux adultes d\u2019apprendre la musique ou la danse et de pratiquer...Lire la suite Lire la suite","og_url":"https:\/\/www.emdg-guilers.org\/index.php\/faire-un-don\/","og_site_name":"Ecole de Musique, Danse &amp; Th\u00e9\u00e2tre de Guilers","article_publisher":"https:\/\/www.facebook.com\/Ecole-de-Musique-et-de-Danse-de-Guilers-480017765533016\/","article_modified_time":"2021-01-19T16:18:14+00:00","twitter_card":"summary_large_image","twitter_misc":{"Dur\u00e9e de lecture estim\u00e9e":"1 minute"},"schema":{"@context":"https:\/\/schema.org","@graph":[{"@type":"WebPage","@id":"https:\/\/www.emdg-guilers.org\/index.php\/faire-un-don\/","url":"https:\/\/www.emdg-guilers.org\/index.php\/faire-un-don\/","name":"Faire un don d\u00e9ductible d'imp\u00f4ts - Ecole de Musique, Danse &amp; Th\u00e9\u00e2tre de Guilers","isPartOf":{"@id":"https:\/\/www.emdg-guilers.org\/#website"},"datePublished":"2020-11-06T09:01:22+00:00","dateModified":"2021-01-19T16:18:14+00:00","breadcrumb":{"@id":"https:\/\/www.emdg-guilers.org\/index.php\/faire-un-don\/#breadcrumb"},"inLanguage":"fr-FR","potentialAction":[{"@type":"ReadAction","target":["https:\/\/www.emdg-guilers.org\/index.php\/faire-un-don\/"]}]},{"@type":"BreadcrumbList","@id":"https:\/\/www.emdg-guilers.org\/index.php\/faire-un-don\/#breadcrumb","itemListElement":[{"@type":"ListItem","position":1,"name":"Accueil","item":"https:\/\/www.emdg-guilers.org\/"},{"@type":"ListItem","position":2,"name":"Faire un don d\u00e9ductible d&rsquo;imp\u00f4ts"}]},{"@type":"WebSite","@id":"https:\/\/www.emdg-guilers.org\/#website","url":"https:\/\/www.emdg-guilers.org\/","name":"Ecole de Musique et Danse de Guilers","description":"Ecole associative, cours de musique, danse, th\u00e9\u00e2tre accessibles \u00e0 tous","publisher":{"@id":"https:\/\/www.emdg-guilers.org\/#organization"},"potentialAction":[{"@type":"SearchAction","target":{"@type":"EntryPoint","urlTemplate":"https:\/\/www.emdg-guilers.org\/?s={search_term_string}"},"query-input":"required name=search_term_string"}],"inLanguage":"fr-FR"},{"@type":"Organization","@id":"https:\/\/www.emdg-guilers.org\/#organization","name":"Ecole de Musique et de Danse","url":"https:\/\/www.emdg-guilers.org\/","logo":{"@type":"ImageObject","inLanguage":"fr-FR","@id":"https:\/\/www.emdg-guilers.org\/#\/schema\/logo\/image\/","url":"https:\/\/www.emdg-guilers.org\/wp-content\/uploads\/2016\/06\/logo2014.jpg","contentUrl":"https:\/\/www.emdg-guilers.org\/wp-content\/uploads\/2016\/06\/logo2014.jpg","width":214,"height":116,"caption":"Ecole de Musique et de Danse"},"image":{"@id":"https:\/\/www.emdg-guilers.org\/#\/schema\/logo\/image\/"},"sameAs":["https:\/\/www.facebook.com\/Ecole-de-Musique-et-de-Danse-de-Guilers-480017765533016\/"]}]}},"_links":{"self":[{"href":"https:\/\/www.emdg-guilers.org\/index.php\/wp-json\/wp\/v2\/pages\/2141"}],"collection":[{"href":"https:\/\/www.emdg-guilers.org\/index.php\/wp-json\/wp\/v2\/pages"}],"about":[{"href":"https:\/\/www.emdg-guilers.org\/index.php\/wp-json\/wp\/v2\/types\/page"}],"author":[{"embeddable":true,"href":"https:\/\/www.emdg-guilers.org\/index.php\/wp-json\/wp\/v2\/users\/3"}],"replies":[{"embeddable":true,"href":"https:\/\/www.emdg-guilers.org\/index.php\/wp-json\/wp\/v2\/comments?post=2141"}],"version-history":[{"count":9,"href":"https:\/\/www.emdg-guilers.org\/index.php\/wp-json\/wp\/v2\/pages\/2141\/revisions"}],"predecessor-version":[{"id":2214,"href":"https:\/\/www.emdg-guilers.org\/index.php\/wp-json\/wp\/v2\/pages\/2141\/revisions\/2214"}],"wp:attachment":[{"href":"https:\/\/www.emdg-guilers.org\/index.php\/wp-json\/wp\/v2\/media?parent=2141"}],"curies":[{"name":"wp","href":"https:\/\/api.w.org\/{rel}","templated":true}]}}