{"id":2406,"date":"2021-05-11T13:40:08","date_gmt":"2021-05-11T11:40:08","guid":{"rendered":"https:\/\/www.emdg-guilers.org\/?page_id=2406"},"modified":"2025-07-08T10:37:14","modified_gmt":"2025-07-08T08:37:14","slug":"guitare-daccompagnement-chant","status":"publish","type":"page","link":"https:\/\/www.emdg-guilers.org\/index.php\/guitare-daccompagnement-chant\/","title":{"rendered":"Guilpop"},"content":{"rendered":"<div class=\"wp-block-image\">\n<figure class=\"alignright size-large is-resized\"><img loading=\"lazy\" decoding=\"async\" width=\"1024\" height=\"1024\" src=\"https:\/\/www.emdg-guilers.org\/wp-content\/uploads\/2022\/09\/25-1024x1024.jpg\" alt=\"\" class=\"wp-image-3202\" style=\"width:264px;height:264px\" srcset=\"https:\/\/www.emdg-guilers.org\/wp-content\/uploads\/2022\/09\/25-1024x1024.jpg 1024w, https:\/\/www.emdg-guilers.org\/wp-content\/uploads\/2022\/09\/25-300x300.jpg 300w, https:\/\/www.emdg-guilers.org\/wp-content\/uploads\/2022\/09\/25-150x150.jpg 150w, https:\/\/www.emdg-guilers.org\/wp-content\/uploads\/2022\/09\/25-768x768.jpg 768w, https:\/\/www.emdg-guilers.org\/wp-content\/uploads\/2022\/09\/25-270x270.jpg 270w, https:\/\/www.emdg-guilers.org\/wp-content\/uploads\/2022\/09\/25.jpg 1080w\" sizes=\"(max-width: 1024px) 100vw, 1024px\" \/><\/figure><\/div>\n\n\n<div class=\"wp-block-buttons is-layout-flex wp-block-buttons-is-layout-flex\">\n<div class=\"wp-block-button\"><a class=\"wp-block-button__link wp-element-button\">Atelier musique adultes<\/a><\/div>\n<\/div>\n\n\n\n<p><strong>Avec <a href=\"https:\/\/www.emdg-guilers.org\/index.php\/musique\/instruments\/guitare-basse\/\" target=\"_blank\" rel=\"noreferrer noopener\">Philippe Gouret<\/a><br>Le lundi <\/strong>20h15-21h45<br><br><\/p>\n\n\n\n<p>Vous \u00eates guitariste? Vous souhaitez <strong>chanter<\/strong> et <strong>vous accompagner <\/strong>avec votre instrument tout en profitant d&rsquo;une <strong>dynamique de groupe<\/strong>? Guilpop est fait pour vous !<br><br>Cet atelier vise \u00e0 rassembler un petit ensemble de guitaristes (jusqu&rsquo;\u00e0 8 maximum) autour de l&rsquo;apprentissage d&rsquo;un <strong>r\u00e9pertoire pop rock.<\/strong><br>Ex : Neil Young, The Corrs, Eric Clapton, The Beatles&#8230;<br>Le cadre p\u00e9dagogique inclue une approche de la technique instrumentale et vocale, l&rsquo;accompagnement, la prise de solos, un volet culture musicale&#8230; <br><br>Ouvert en atelier seul  ou en compl\u00e9ment d&rsquo;un autre cours instrumental. D\u00e8s 2 ans de pratique instrumentale.<\/p>\n\n\n\n<figure class=\"wp-block-gallery has-nested-images columns-default is-cropped wp-block-gallery-1 is-layout-flex wp-block-gallery-is-layout-flex\">\n<figure class=\"wp-block-image size-large\"><img loading=\"lazy\" decoding=\"async\" width=\"1024\" height=\"683\" data-id=\"4122\" src=\"https:\/\/www.emdg-guilers.org\/wp-content\/uploads\/2024\/03\/Concert-Guilers_15.03.24_005-1024x683.jpg\" alt=\"\" class=\"wp-image-4122\" srcset=\"https:\/\/www.emdg-guilers.org\/wp-content\/uploads\/2024\/03\/Concert-Guilers_15.03.24_005-1024x683.jpg 1024w, https:\/\/www.emdg-guilers.org\/wp-content\/uploads\/2024\/03\/Concert-Guilers_15.03.24_005-300x200.jpg 300w, https:\/\/www.emdg-guilers.org\/wp-content\/uploads\/2024\/03\/Concert-Guilers_15.03.24_005-768x512.jpg 768w, https:\/\/www.emdg-guilers.org\/wp-content\/uploads\/2024\/03\/Concert-Guilers_15.03.24_005-1536x1024.jpg 1536w, https:\/\/www.emdg-guilers.org\/wp-content\/uploads\/2024\/03\/Concert-Guilers_15.03.24_005-2048x1365.jpg 2048w, https:\/\/www.emdg-guilers.org\/wp-content\/uploads\/2024\/03\/Concert-Guilers_15.03.24_005-405x270.jpg 405w\" sizes=\"(max-width: 1024px) 100vw, 1024px\" \/><\/figure>\n\n\n\n<figure class=\"wp-block-image size-large\"><img loading=\"lazy\" decoding=\"async\" width=\"1024\" height=\"683\" data-id=\"4123\" src=\"https:\/\/www.emdg-guilers.org\/wp-content\/uploads\/2024\/03\/Concert-Guilers_15.03.24_004-1024x683.jpg\" alt=\"\" class=\"wp-image-4123\" srcset=\"https:\/\/www.emdg-guilers.org\/wp-content\/uploads\/2024\/03\/Concert-Guilers_15.03.24_004-1024x683.jpg 1024w, https:\/\/www.emdg-guilers.org\/wp-content\/uploads\/2024\/03\/Concert-Guilers_15.03.24_004-300x200.jpg 300w, https:\/\/www.emdg-guilers.org\/wp-content\/uploads\/2024\/03\/Concert-Guilers_15.03.24_004-768x512.jpg 768w, https:\/\/www.emdg-guilers.org\/wp-content\/uploads\/2024\/03\/Concert-Guilers_15.03.24_004-1536x1024.jpg 1536w, https:\/\/www.emdg-guilers.org\/wp-content\/uploads\/2024\/03\/Concert-Guilers_15.03.24_004-2048x1365.jpg 2048w, https:\/\/www.emdg-guilers.org\/wp-content\/uploads\/2024\/03\/Concert-Guilers_15.03.24_004-405x270.jpg 405w\" sizes=\"(max-width: 1024px) 100vw, 1024px\" \/><\/figure>\n\n\n\n<figure class=\"wp-block-image size-large\"><img loading=\"lazy\" decoding=\"async\" width=\"1024\" height=\"683\" data-id=\"4124\" src=\"https:\/\/www.emdg-guilers.org\/wp-content\/uploads\/2024\/03\/Concert-Guilers_15.03.24_009-1-1024x683.jpg\" alt=\"\" class=\"wp-image-4124\" srcset=\"https:\/\/www.emdg-guilers.org\/wp-content\/uploads\/2024\/03\/Concert-Guilers_15.03.24_009-1-1024x683.jpg 1024w, https:\/\/www.emdg-guilers.org\/wp-content\/uploads\/2024\/03\/Concert-Guilers_15.03.24_009-1-300x200.jpg 300w, https:\/\/www.emdg-guilers.org\/wp-content\/uploads\/2024\/03\/Concert-Guilers_15.03.24_009-1-768x512.jpg 768w, https:\/\/www.emdg-guilers.org\/wp-content\/uploads\/2024\/03\/Concert-Guilers_15.03.24_009-1-1536x1024.jpg 1536w, https:\/\/www.emdg-guilers.org\/wp-content\/uploads\/2024\/03\/Concert-Guilers_15.03.24_009-1-2048x1365.jpg 2048w, https:\/\/www.emdg-guilers.org\/wp-content\/uploads\/2024\/03\/Concert-Guilers_15.03.24_009-1-405x270.jpg 405w\" sizes=\"(max-width: 1024px) 100vw, 1024px\" \/><\/figure>\n\n\n\n<figure class=\"wp-block-image size-large\"><img loading=\"lazy\" decoding=\"async\" width=\"1024\" height=\"683\" data-id=\"4125\" src=\"https:\/\/www.emdg-guilers.org\/wp-content\/uploads\/2024\/03\/Concert-Guilers_15.03.24_013-1024x683.jpg\" alt=\"\" class=\"wp-image-4125\" srcset=\"https:\/\/www.emdg-guilers.org\/wp-content\/uploads\/2024\/03\/Concert-Guilers_15.03.24_013-1024x683.jpg 1024w, https:\/\/www.emdg-guilers.org\/wp-content\/uploads\/2024\/03\/Concert-Guilers_15.03.24_013-300x200.jpg 300w, https:\/\/www.emdg-guilers.org\/wp-content\/uploads\/2024\/03\/Concert-Guilers_15.03.24_013-768x512.jpg 768w, https:\/\/www.emdg-guilers.org\/wp-content\/uploads\/2024\/03\/Concert-Guilers_15.03.24_013-1536x1024.jpg 1536w, https:\/\/www.emdg-guilers.org\/wp-content\/uploads\/2024\/03\/Concert-Guilers_15.03.24_013-2048x1365.jpg 2048w, https:\/\/www.emdg-guilers.org\/wp-content\/uploads\/2024\/03\/Concert-Guilers_15.03.24_013-405x270.jpg 405w\" sizes=\"(max-width: 1024px) 100vw, 1024px\" \/><\/figure>\n\n\n\n<figure class=\"wp-block-image size-large\"><img loading=\"lazy\" decoding=\"async\" width=\"1024\" height=\"683\" data-id=\"4126\" src=\"https:\/\/www.emdg-guilers.org\/wp-content\/uploads\/2024\/03\/Concert-Guilers_15.03.24_015-1024x683.jpg\" alt=\"\" class=\"wp-image-4126\" srcset=\"https:\/\/www.emdg-guilers.org\/wp-content\/uploads\/2024\/03\/Concert-Guilers_15.03.24_015-1024x683.jpg 1024w, https:\/\/www.emdg-guilers.org\/wp-content\/uploads\/2024\/03\/Concert-Guilers_15.03.24_015-300x200.jpg 300w, https:\/\/www.emdg-guilers.org\/wp-content\/uploads\/2024\/03\/Concert-Guilers_15.03.24_015-768x512.jpg 768w, https:\/\/www.emdg-guilers.org\/wp-content\/uploads\/2024\/03\/Concert-Guilers_15.03.24_015-1536x1024.jpg 1536w, https:\/\/www.emdg-guilers.org\/wp-content\/uploads\/2024\/03\/Concert-Guilers_15.03.24_015-2048x1365.jpg 2048w, https:\/\/www.emdg-guilers.org\/wp-content\/uploads\/2024\/03\/Concert-Guilers_15.03.24_015-405x270.jpg 405w\" sizes=\"(max-width: 1024px) 100vw, 1024px\" \/><\/figure>\n\n\n\n<figure class=\"wp-block-image size-large\"><img loading=\"lazy\" decoding=\"async\" width=\"1024\" height=\"683\" data-id=\"4127\" src=\"https:\/\/www.emdg-guilers.org\/wp-content\/uploads\/2024\/03\/Concert-Guilers_15.03.24_017-1024x683.jpg\" alt=\"\" class=\"wp-image-4127\" srcset=\"https:\/\/www.emdg-guilers.org\/wp-content\/uploads\/2024\/03\/Concert-Guilers_15.03.24_017-1024x683.jpg 1024w, https:\/\/www.emdg-guilers.org\/wp-content\/uploads\/2024\/03\/Concert-Guilers_15.03.24_017-300x200.jpg 300w, https:\/\/www.emdg-guilers.org\/wp-content\/uploads\/2024\/03\/Concert-Guilers_15.03.24_017-768x512.jpg 768w, https:\/\/www.emdg-guilers.org\/wp-content\/uploads\/2024\/03\/Concert-Guilers_15.03.24_017-1536x1024.jpg 1536w, https:\/\/www.emdg-guilers.org\/wp-content\/uploads\/2024\/03\/Concert-Guilers_15.03.24_017-2048x1365.jpg 2048w, https:\/\/www.emdg-guilers.org\/wp-content\/uploads\/2024\/03\/Concert-Guilers_15.03.24_017-405x270.jpg 405w\" sizes=\"(max-width: 1024px) 100vw, 1024px\" \/><\/figure>\n\n\n\n<figure class=\"wp-block-image size-large\"><img loading=\"lazy\" decoding=\"async\" width=\"1024\" height=\"684\" data-id=\"4128\" src=\"https:\/\/www.emdg-guilers.org\/wp-content\/uploads\/2024\/03\/Concert-Guilers_15.03.24_012-1-1024x684.jpg\" alt=\"\" class=\"wp-image-4128\" srcset=\"https:\/\/www.emdg-guilers.org\/wp-content\/uploads\/2024\/03\/Concert-Guilers_15.03.24_012-1-1024x684.jpg 1024w, https:\/\/www.emdg-guilers.org\/wp-content\/uploads\/2024\/03\/Concert-Guilers_15.03.24_012-1-300x200.jpg 300w, https:\/\/www.emdg-guilers.org\/wp-content\/uploads\/2024\/03\/Concert-Guilers_15.03.24_012-1-768x513.jpg 768w, https:\/\/www.emdg-guilers.org\/wp-content\/uploads\/2024\/03\/Concert-Guilers_15.03.24_012-1-1536x1025.jpg 1536w, https:\/\/www.emdg-guilers.org\/wp-content\/uploads\/2024\/03\/Concert-Guilers_15.03.24_012-1-2048x1367.jpg 2048w, https:\/\/www.emdg-guilers.org\/wp-content\/uploads\/2024\/03\/Concert-Guilers_15.03.24_012-1-404x270.jpg 404w\" sizes=\"(max-width: 1024px) 100vw, 1024px\" \/><\/figure>\n<figcaption class=\"blocks-gallery-caption wp-element-caption\">Guilpop en concert le 15-03-24<\/figcaption><\/figure>\n\n\n\n<p><br><br><\/p>\n\n\n\n<figure class=\"wp-block-image size-large\"><img loading=\"lazy\" decoding=\"async\" width=\"1024\" height=\"819\" src=\"https:\/\/www.emdg-guilers.org\/wp-content\/uploads\/2023\/03\/GUILPOP-1-1024x819.jpg\" alt=\"\" class=\"wp-image-3482\" srcset=\"https:\/\/www.emdg-guilers.org\/wp-content\/uploads\/2023\/03\/GUILPOP-1-1024x819.jpg 1024w, https:\/\/www.emdg-guilers.org\/wp-content\/uploads\/2023\/03\/GUILPOP-1-300x240.jpg 300w, https:\/\/www.emdg-guilers.org\/wp-content\/uploads\/2023\/03\/GUILPOP-1-768x614.jpg 768w, https:\/\/www.emdg-guilers.org\/wp-content\/uploads\/2023\/03\/GUILPOP-1-1536x1229.jpg 1536w, https:\/\/www.emdg-guilers.org\/wp-content\/uploads\/2023\/03\/GUILPOP-1-338x270.jpg 338w, https:\/\/www.emdg-guilers.org\/wp-content\/uploads\/2023\/03\/GUILPOP-1.jpg 2000w\" sizes=\"(max-width: 1024px) 100vw, 1024px\" \/><\/figure>\n\n\n\n<figure class=\"wp-block-image size-large\"><img decoding=\"async\" src=\"blob:https:\/\/www.emdg-guilers.org\/3588492e-e1a4-40ab-a359-d6148632ff2c\" alt=\"\"\/><\/figure>\n\n\n\n<p><br><br><a href=\"https:\/\/www.youtube.com\/channel\/UCvMmGKp6vb7VEoXa6YoOIGg\" target=\"_blank\" rel=\"noreferrer noopener\">Cha\u00eene Youtube de Philippe Gouret<\/a><\/p>\n","protected":false},"excerpt":{"rendered":"<p>Avec Philippe GouretLe lundi 20h15-21h45 Vous \u00eates guitariste? Vous souhaitez chanter et vous accompagner avec votre instrument tout en profitant d&rsquo;une dynamique de groupe? Guilpop est fait pour vous ! Cet atelier vise \u00e0 rassembler un petit ensemble de guitaristes (jusqu&rsquo;\u00e0 8 maximum) autour de l&rsquo;apprentissage d&rsquo;un r\u00e9pertoire pop rock.Ex : Neil Young, The Corrs, Eric Clapton, The Beatles&#8230;Le cadre p\u00e9dagogique inclue une approche de la technique instrumentale et vocale, l&rsquo;accompagnement, la prise de solos, un volet culture musicale&#8230; Ouvert&#8230;<\/p>\n<p class=\"read-more\"><a class=\"btn btn-default\" href=\"https:\/\/www.emdg-guilers.org\/index.php\/guitare-daccompagnement-chant\/\">Lire la suite<span class=\"screen-reader-text\"> Lire la suite<\/span><\/a><\/p>\n","protected":false},"author":3,"featured_media":0,"parent":0,"menu_order":0,"comment_status":"closed","ping_status":"closed","template":"","meta":{"footnotes":""},"yoast_head":"<!-- This site is optimized with the Yoast SEO plugin v22.4 - https:\/\/yoast.com\/wordpress\/plugins\/seo\/ -->\n<title>Guilpop - Ecole de Musique, Danse &amp; Th\u00e9\u00e2tre de Guilers<\/title>\n<meta name=\"robots\" content=\"index, follow, max-snippet:-1, max-image-preview:large, max-video-preview:-1\" \/>\n<link rel=\"canonical\" href=\"https:\/\/www.emdg-guilers.org\/index.php\/guitare-daccompagnement-chant\/\" \/>\n<meta property=\"og:locale\" content=\"fr_FR\" \/>\n<meta property=\"og:type\" content=\"article\" \/>\n<meta property=\"og:title\" content=\"Guilpop - Ecole de Musique, Danse &amp; Th\u00e9\u00e2tre de Guilers\" \/>\n<meta property=\"og:description\" content=\"Avec Philippe GouretLe lundi 20h15-21h45 Vous \u00eates guitariste? Vous souhaitez chanter et vous accompagner avec votre instrument tout en profitant d&rsquo;une dynamique de groupe? Guilpop est fait pour vous ! Cet atelier vise \u00e0 rassembler un petit ensemble de guitaristes (jusqu&rsquo;\u00e0 8 maximum) autour de l&rsquo;apprentissage d&rsquo;un r\u00e9pertoire pop rock.Ex : Neil Young, The Corrs, Eric Clapton, The Beatles&#8230;Le cadre p\u00e9dagogique inclue une approche de la technique instrumentale et vocale, l&rsquo;accompagnement, la prise de solos, un volet culture musicale&#8230; Ouvert...Lire la suite Lire la suite\" \/>\n<meta property=\"og:url\" content=\"https:\/\/www.emdg-guilers.org\/index.php\/guitare-daccompagnement-chant\/\" \/>\n<meta property=\"og:site_name\" content=\"Ecole de Musique, Danse &amp; Th\u00e9\u00e2tre de Guilers\" \/>\n<meta property=\"article:publisher\" content=\"https:\/\/www.facebook.com\/Ecole-de-Musique-et-de-Danse-de-Guilers-480017765533016\/\" \/>\n<meta property=\"article:modified_time\" content=\"2025-07-08T08:37:14+00:00\" \/>\n<meta property=\"og:image\" content=\"https:\/\/www.emdg-guilers.org\/wp-content\/uploads\/2022\/09\/25-1024x1024.jpg\" \/>\n<meta name=\"twitter:card\" content=\"summary_large_image\" \/>\n<meta name=\"twitter:label1\" content=\"Dur\u00e9e de lecture estim\u00e9e\" \/>\n\t<meta name=\"twitter:data1\" content=\"3 minutes\" \/>\n<script type=\"application\/ld+json\" class=\"yoast-schema-graph\">{\"@context\":\"https:\/\/schema.org\",\"@graph\":[{\"@type\":\"WebPage\",\"@id\":\"https:\/\/www.emdg-guilers.org\/index.php\/guitare-daccompagnement-chant\/\",\"url\":\"https:\/\/www.emdg-guilers.org\/index.php\/guitare-daccompagnement-chant\/\",\"name\":\"Guilpop - Ecole de Musique, Danse &amp; Th\u00e9\u00e2tre de Guilers\",\"isPartOf\":{\"@id\":\"https:\/\/www.emdg-guilers.org\/#website\"},\"primaryImageOfPage\":{\"@id\":\"https:\/\/www.emdg-guilers.org\/index.php\/guitare-daccompagnement-chant\/#primaryimage\"},\"image\":{\"@id\":\"https:\/\/www.emdg-guilers.org\/index.php\/guitare-daccompagnement-chant\/#primaryimage\"},\"thumbnailUrl\":\"https:\/\/www.emdg-guilers.org\/wp-content\/uploads\/2022\/09\/25-1024x1024.jpg\",\"datePublished\":\"2021-05-11T11:40:08+00:00\",\"dateModified\":\"2025-07-08T08:37:14+00:00\",\"breadcrumb\":{\"@id\":\"https:\/\/www.emdg-guilers.org\/index.php\/guitare-daccompagnement-chant\/#breadcrumb\"},\"inLanguage\":\"fr-FR\",\"potentialAction\":[{\"@type\":\"ReadAction\",\"target\":[\"https:\/\/www.emdg-guilers.org\/index.php\/guitare-daccompagnement-chant\/\"]}]},{\"@type\":\"ImageObject\",\"inLanguage\":\"fr-FR\",\"@id\":\"https:\/\/www.emdg-guilers.org\/index.php\/guitare-daccompagnement-chant\/#primaryimage\",\"url\":\"https:\/\/www.emdg-guilers.org\/wp-content\/uploads\/2022\/09\/25.jpg\",\"contentUrl\":\"https:\/\/www.emdg-guilers.org\/wp-content\/uploads\/2022\/09\/25.jpg\",\"width\":1080,\"height\":1080},{\"@type\":\"BreadcrumbList\",\"@id\":\"https:\/\/www.emdg-guilers.org\/index.php\/guitare-daccompagnement-chant\/#breadcrumb\",\"itemListElement\":[{\"@type\":\"ListItem\",\"position\":1,\"name\":\"Accueil\",\"item\":\"https:\/\/www.emdg-guilers.org\/\"},{\"@type\":\"ListItem\",\"position\":2,\"name\":\"Guilpop\"}]},{\"@type\":\"WebSite\",\"@id\":\"https:\/\/www.emdg-guilers.org\/#website\",\"url\":\"https:\/\/www.emdg-guilers.org\/\",\"name\":\"Ecole de Musique et Danse de Guilers\",\"description\":\"Ecole associative, cours de musique, danse, th\u00e9\u00e2tre accessibles \u00e0 tous\",\"publisher\":{\"@id\":\"https:\/\/www.emdg-guilers.org\/#organization\"},\"potentialAction\":[{\"@type\":\"SearchAction\",\"target\":{\"@type\":\"EntryPoint\",\"urlTemplate\":\"https:\/\/www.emdg-guilers.org\/?s={search_term_string}\"},\"query-input\":\"required name=search_term_string\"}],\"inLanguage\":\"fr-FR\"},{\"@type\":\"Organization\",\"@id\":\"https:\/\/www.emdg-guilers.org\/#organization\",\"name\":\"Ecole de Musique et de Danse\",\"url\":\"https:\/\/www.emdg-guilers.org\/\",\"logo\":{\"@type\":\"ImageObject\",\"inLanguage\":\"fr-FR\",\"@id\":\"https:\/\/www.emdg-guilers.org\/#\/schema\/logo\/image\/\",\"url\":\"https:\/\/www.emdg-guilers.org\/wp-content\/uploads\/2016\/06\/logo2014.jpg\",\"contentUrl\":\"https:\/\/www.emdg-guilers.org\/wp-content\/uploads\/2016\/06\/logo2014.jpg\",\"width\":214,\"height\":116,\"caption\":\"Ecole de Musique et de Danse\"},\"image\":{\"@id\":\"https:\/\/www.emdg-guilers.org\/#\/schema\/logo\/image\/\"},\"sameAs\":[\"https:\/\/www.facebook.com\/Ecole-de-Musique-et-de-Danse-de-Guilers-480017765533016\/\"]}]}<\/script>\n<!-- \/ Yoast SEO plugin. -->","yoast_head_json":{"title":"Guilpop - Ecole de Musique, Danse &amp; Th\u00e9\u00e2tre de Guilers","robots":{"index":"index","follow":"follow","max-snippet":"max-snippet:-1","max-image-preview":"max-image-preview:large","max-video-preview":"max-video-preview:-1"},"canonical":"https:\/\/www.emdg-guilers.org\/index.php\/guitare-daccompagnement-chant\/","og_locale":"fr_FR","og_type":"article","og_title":"Guilpop - Ecole de Musique, Danse &amp; Th\u00e9\u00e2tre de Guilers","og_description":"Avec Philippe GouretLe lundi 20h15-21h45 Vous \u00eates guitariste? Vous souhaitez chanter et vous accompagner avec votre instrument tout en profitant d&rsquo;une dynamique de groupe? Guilpop est fait pour vous ! Cet atelier vise \u00e0 rassembler un petit ensemble de guitaristes (jusqu&rsquo;\u00e0 8 maximum) autour de l&rsquo;apprentissage d&rsquo;un r\u00e9pertoire pop rock.Ex : Neil Young, The Corrs, Eric Clapton, The Beatles&#8230;Le cadre p\u00e9dagogique inclue une approche de la technique instrumentale et vocale, l&rsquo;accompagnement, la prise de solos, un volet culture musicale&#8230; Ouvert...Lire la suite Lire la suite","og_url":"https:\/\/www.emdg-guilers.org\/index.php\/guitare-daccompagnement-chant\/","og_site_name":"Ecole de Musique, Danse &amp; Th\u00e9\u00e2tre de Guilers","article_publisher":"https:\/\/www.facebook.com\/Ecole-de-Musique-et-de-Danse-de-Guilers-480017765533016\/","article_modified_time":"2025-07-08T08:37:14+00:00","og_image":[{"url":"https:\/\/www.emdg-guilers.org\/wp-content\/uploads\/2022\/09\/25-1024x1024.jpg"}],"twitter_card":"summary_large_image","twitter_misc":{"Dur\u00e9e de lecture estim\u00e9e":"3 minutes"},"schema":{"@context":"https:\/\/schema.org","@graph":[{"@type":"WebPage","@id":"https:\/\/www.emdg-guilers.org\/index.php\/guitare-daccompagnement-chant\/","url":"https:\/\/www.emdg-guilers.org\/index.php\/guitare-daccompagnement-chant\/","name":"Guilpop - Ecole de Musique, Danse &amp; Th\u00e9\u00e2tre de Guilers","isPartOf":{"@id":"https:\/\/www.emdg-guilers.org\/#website"},"primaryImageOfPage":{"@id":"https:\/\/www.emdg-guilers.org\/index.php\/guitare-daccompagnement-chant\/#primaryimage"},"image":{"@id":"https:\/\/www.emdg-guilers.org\/index.php\/guitare-daccompagnement-chant\/#primaryimage"},"thumbnailUrl":"https:\/\/www.emdg-guilers.org\/wp-content\/uploads\/2022\/09\/25-1024x1024.jpg","datePublished":"2021-05-11T11:40:08+00:00","dateModified":"2025-07-08T08:37:14+00:00","breadcrumb":{"@id":"https:\/\/www.emdg-guilers.org\/index.php\/guitare-daccompagnement-chant\/#breadcrumb"},"inLanguage":"fr-FR","potentialAction":[{"@type":"ReadAction","target":["https:\/\/www.emdg-guilers.org\/index.php\/guitare-daccompagnement-chant\/"]}]},{"@type":"ImageObject","inLanguage":"fr-FR","@id":"https:\/\/www.emdg-guilers.org\/index.php\/guitare-daccompagnement-chant\/#primaryimage","url":"https:\/\/www.emdg-guilers.org\/wp-content\/uploads\/2022\/09\/25.jpg","contentUrl":"https:\/\/www.emdg-guilers.org\/wp-content\/uploads\/2022\/09\/25.jpg","width":1080,"height":1080},{"@type":"BreadcrumbList","@id":"https:\/\/www.emdg-guilers.org\/index.php\/guitare-daccompagnement-chant\/#breadcrumb","itemListElement":[{"@type":"ListItem","position":1,"name":"Accueil","item":"https:\/\/www.emdg-guilers.org\/"},{"@type":"ListItem","position":2,"name":"Guilpop"}]},{"@type":"WebSite","@id":"https:\/\/www.emdg-guilers.org\/#website","url":"https:\/\/www.emdg-guilers.org\/","name":"Ecole de Musique et Danse de Guilers","description":"Ecole associative, cours de musique, danse, th\u00e9\u00e2tre accessibles \u00e0 tous","publisher":{"@id":"https:\/\/www.emdg-guilers.org\/#organization"},"potentialAction":[{"@type":"SearchAction","target":{"@type":"EntryPoint","urlTemplate":"https:\/\/www.emdg-guilers.org\/?s={search_term_string}"},"query-input":"required name=search_term_string"}],"inLanguage":"fr-FR"},{"@type":"Organization","@id":"https:\/\/www.emdg-guilers.org\/#organization","name":"Ecole de Musique et de Danse","url":"https:\/\/www.emdg-guilers.org\/","logo":{"@type":"ImageObject","inLanguage":"fr-FR","@id":"https:\/\/www.emdg-guilers.org\/#\/schema\/logo\/image\/","url":"https:\/\/www.emdg-guilers.org\/wp-content\/uploads\/2016\/06\/logo2014.jpg","contentUrl":"https:\/\/www.emdg-guilers.org\/wp-content\/uploads\/2016\/06\/logo2014.jpg","width":214,"height":116,"caption":"Ecole de Musique et de Danse"},"image":{"@id":"https:\/\/www.emdg-guilers.org\/#\/schema\/logo\/image\/"},"sameAs":["https:\/\/www.facebook.com\/Ecole-de-Musique-et-de-Danse-de-Guilers-480017765533016\/"]}]}},"_links":{"self":[{"href":"https:\/\/www.emdg-guilers.org\/index.php\/wp-json\/wp\/v2\/pages\/2406"}],"collection":[{"href":"https:\/\/www.emdg-guilers.org\/index.php\/wp-json\/wp\/v2\/pages"}],"about":[{"href":"https:\/\/www.emdg-guilers.org\/index.php\/wp-json\/wp\/v2\/types\/page"}],"author":[{"embeddable":true,"href":"https:\/\/www.emdg-guilers.org\/index.php\/wp-json\/wp\/v2\/users\/3"}],"replies":[{"embeddable":true,"href":"https:\/\/www.emdg-guilers.org\/index.php\/wp-json\/wp\/v2\/comments?post=2406"}],"version-history":[{"count":14,"href":"https:\/\/www.emdg-guilers.org\/index.php\/wp-json\/wp\/v2\/pages\/2406\/revisions"}],"predecessor-version":[{"id":4736,"href":"https:\/\/www.emdg-guilers.org\/index.php\/wp-json\/wp\/v2\/pages\/2406\/revisions\/4736"}],"wp:attachment":[{"href":"https:\/\/www.emdg-guilers.org\/index.php\/wp-json\/wp\/v2\/media?parent=2406"}],"curies":[{"name":"wp","href":"https:\/\/api.w.org\/{rel}","templated":true}]}}