{"id":2550,"date":"2021-06-17T00:05:37","date_gmt":"2021-06-16T22:05:37","guid":{"rendered":"https:\/\/www.emdg-guilers.org\/?page_id=2550"},"modified":"2021-06-17T00:05:38","modified_gmt":"2021-06-16T22:05:38","slug":"chorale-enfants","status":"publish","type":"page","link":"https:\/\/www.emdg-guilers.org\/index.php\/chorale-enfants\/","title":{"rendered":"Chorale enfants"},"content":{"rendered":"\n<p>Du CE1 au CM2<\/p>\n\n\n\n<p>Le mardi, avec Val\u00e9rie-Watel, de 17h45 \u00e0 18h45<\/p>\n\n\n\n<figure class=\"wp-block-image size-large\"><img loading=\"lazy\" decoding=\"async\" width=\"724\" height=\"1024\" src=\"https:\/\/www.emdg-guilers.org\/wp-content\/uploads\/2021\/06\/2021-22-chorale-emdg-724x1024.jpg\" alt=\"\" class=\"wp-image-2551\" srcset=\"https:\/\/www.emdg-guilers.org\/wp-content\/uploads\/2021\/06\/2021-22-chorale-emdg-724x1024.jpg 724w, https:\/\/www.emdg-guilers.org\/wp-content\/uploads\/2021\/06\/2021-22-chorale-emdg-212x300.jpg 212w, https:\/\/www.emdg-guilers.org\/wp-content\/uploads\/2021\/06\/2021-22-chorale-emdg-768x1086.jpg 768w, https:\/\/www.emdg-guilers.org\/wp-content\/uploads\/2021\/06\/2021-22-chorale-emdg-1086x1536.jpg 1086w, https:\/\/www.emdg-guilers.org\/wp-content\/uploads\/2021\/06\/2021-22-chorale-emdg-1448x2048.jpg 1448w, https:\/\/www.emdg-guilers.org\/wp-content\/uploads\/2021\/06\/2021-22-chorale-emdg-191x270.jpg 191w, https:\/\/www.emdg-guilers.org\/wp-content\/uploads\/2021\/06\/2021-22-chorale-emdg.jpg 1587w\" sizes=\"(max-width: 724px) 100vw, 724px\" \/><\/figure>\n","protected":false},"excerpt":{"rendered":"<p>Du CE1 au CM2 Le mardi, avec Val\u00e9rie-Watel, de 17h45 \u00e0 18h45<\/p>\n","protected":false},"author":3,"featured_media":0,"parent":0,"menu_order":0,"comment_status":"closed","ping_status":"closed","template":"","meta":{"footnotes":""},"yoast_head":"<!-- This site is optimized with the Yoast SEO plugin v22.4 - https:\/\/yoast.com\/wordpress\/plugins\/seo\/ -->\n<title>Chorale enfants - Ecole de Musique, Danse &amp; Th\u00e9\u00e2tre de Guilers<\/title>\n<meta name=\"robots\" content=\"index, follow, max-snippet:-1, max-image-preview:large, max-video-preview:-1\" \/>\n<link rel=\"canonical\" href=\"https:\/\/www.emdg-guilers.org\/index.php\/chorale-enfants\/\" \/>\n<meta property=\"og:locale\" content=\"fr_FR\" \/>\n<meta property=\"og:type\" content=\"article\" \/>\n<meta property=\"og:title\" content=\"Chorale enfants - Ecole de Musique, Danse &amp; Th\u00e9\u00e2tre de Guilers\" \/>\n<meta property=\"og:description\" content=\"Du CE1 au CM2 Le mardi, avec Val\u00e9rie-Watel, de 17h45 \u00e0 18h45\" \/>\n<meta property=\"og:url\" content=\"https:\/\/www.emdg-guilers.org\/index.php\/chorale-enfants\/\" \/>\n<meta property=\"og:site_name\" content=\"Ecole de Musique, Danse &amp; Th\u00e9\u00e2tre de Guilers\" \/>\n<meta property=\"article:publisher\" content=\"https:\/\/www.facebook.com\/Ecole-de-Musique-et-de-Danse-de-Guilers-480017765533016\/\" \/>\n<meta property=\"article:modified_time\" content=\"2021-06-16T22:05:38+00:00\" \/>\n<meta property=\"og:image\" content=\"https:\/\/www.emdg-guilers.org\/wp-content\/uploads\/2021\/06\/2021-22-chorale-emdg-724x1024.jpg\" \/>\n<meta name=\"twitter:card\" content=\"summary_large_image\" \/>\n<script type=\"application\/ld+json\" class=\"yoast-schema-graph\">{\"@context\":\"https:\/\/schema.org\",\"@graph\":[{\"@type\":\"WebPage\",\"@id\":\"https:\/\/www.emdg-guilers.org\/index.php\/chorale-enfants\/\",\"url\":\"https:\/\/www.emdg-guilers.org\/index.php\/chorale-enfants\/\",\"name\":\"Chorale enfants - Ecole de Musique, Danse &amp; Th\u00e9\u00e2tre de Guilers\",\"isPartOf\":{\"@id\":\"https:\/\/www.emdg-guilers.org\/#website\"},\"primaryImageOfPage\":{\"@id\":\"https:\/\/www.emdg-guilers.org\/index.php\/chorale-enfants\/#primaryimage\"},\"image\":{\"@id\":\"https:\/\/www.emdg-guilers.org\/index.php\/chorale-enfants\/#primaryimage\"},\"thumbnailUrl\":\"https:\/\/www.emdg-guilers.org\/wp-content\/uploads\/2021\/06\/2021-22-chorale-emdg-724x1024.jpg\",\"datePublished\":\"2021-06-16T22:05:37+00:00\",\"dateModified\":\"2021-06-16T22:05:38+00:00\",\"breadcrumb\":{\"@id\":\"https:\/\/www.emdg-guilers.org\/index.php\/chorale-enfants\/#breadcrumb\"},\"inLanguage\":\"fr-FR\",\"potentialAction\":[{\"@type\":\"ReadAction\",\"target\":[\"https:\/\/www.emdg-guilers.org\/index.php\/chorale-enfants\/\"]}]},{\"@type\":\"ImageObject\",\"inLanguage\":\"fr-FR\",\"@id\":\"https:\/\/www.emdg-guilers.org\/index.php\/chorale-enfants\/#primaryimage\",\"url\":\"https:\/\/www.emdg-guilers.org\/wp-content\/uploads\/2021\/06\/2021-22-chorale-emdg.jpg\",\"contentUrl\":\"https:\/\/www.emdg-guilers.org\/wp-content\/uploads\/2021\/06\/2021-22-chorale-emdg.jpg\",\"width\":1587,\"height\":2245},{\"@type\":\"BreadcrumbList\",\"@id\":\"https:\/\/www.emdg-guilers.org\/index.php\/chorale-enfants\/#breadcrumb\",\"itemListElement\":[{\"@type\":\"ListItem\",\"position\":1,\"name\":\"Accueil\",\"item\":\"https:\/\/www.emdg-guilers.org\/\"},{\"@type\":\"ListItem\",\"position\":2,\"name\":\"Chorale enfants\"}]},{\"@type\":\"WebSite\",\"@id\":\"https:\/\/www.emdg-guilers.org\/#website\",\"url\":\"https:\/\/www.emdg-guilers.org\/\",\"name\":\"Ecole de Musique et Danse de Guilers\",\"description\":\"Ecole associative, cours de musique, danse, th\u00e9\u00e2tre accessibles \u00e0 tous\",\"publisher\":{\"@id\":\"https:\/\/www.emdg-guilers.org\/#organization\"},\"potentialAction\":[{\"@type\":\"SearchAction\",\"target\":{\"@type\":\"EntryPoint\",\"urlTemplate\":\"https:\/\/www.emdg-guilers.org\/?s={search_term_string}\"},\"query-input\":\"required name=search_term_string\"}],\"inLanguage\":\"fr-FR\"},{\"@type\":\"Organization\",\"@id\":\"https:\/\/www.emdg-guilers.org\/#organization\",\"name\":\"Ecole de Musique et de Danse\",\"url\":\"https:\/\/www.emdg-guilers.org\/\",\"logo\":{\"@type\":\"ImageObject\",\"inLanguage\":\"fr-FR\",\"@id\":\"https:\/\/www.emdg-guilers.org\/#\/schema\/logo\/image\/\",\"url\":\"https:\/\/www.emdg-guilers.org\/wp-content\/uploads\/2016\/06\/logo2014.jpg\",\"contentUrl\":\"https:\/\/www.emdg-guilers.org\/wp-content\/uploads\/2016\/06\/logo2014.jpg\",\"width\":214,\"height\":116,\"caption\":\"Ecole de Musique et de Danse\"},\"image\":{\"@id\":\"https:\/\/www.emdg-guilers.org\/#\/schema\/logo\/image\/\"},\"sameAs\":[\"https:\/\/www.facebook.com\/Ecole-de-Musique-et-de-Danse-de-Guilers-480017765533016\/\"]}]}<\/script>\n<!-- \/ Yoast SEO plugin. -->","yoast_head_json":{"title":"Chorale enfants - Ecole de Musique, Danse &amp; Th\u00e9\u00e2tre de Guilers","robots":{"index":"index","follow":"follow","max-snippet":"max-snippet:-1","max-image-preview":"max-image-preview:large","max-video-preview":"max-video-preview:-1"},"canonical":"https:\/\/www.emdg-guilers.org\/index.php\/chorale-enfants\/","og_locale":"fr_FR","og_type":"article","og_title":"Chorale enfants - Ecole de Musique, Danse &amp; Th\u00e9\u00e2tre de Guilers","og_description":"Du CE1 au CM2 Le mardi, avec Val\u00e9rie-Watel, de 17h45 \u00e0 18h45","og_url":"https:\/\/www.emdg-guilers.org\/index.php\/chorale-enfants\/","og_site_name":"Ecole de Musique, Danse &amp; Th\u00e9\u00e2tre de Guilers","article_publisher":"https:\/\/www.facebook.com\/Ecole-de-Musique-et-de-Danse-de-Guilers-480017765533016\/","article_modified_time":"2021-06-16T22:05:38+00:00","og_image":[{"url":"https:\/\/www.emdg-guilers.org\/wp-content\/uploads\/2021\/06\/2021-22-chorale-emdg-724x1024.jpg"}],"twitter_card":"summary_large_image","schema":{"@context":"https:\/\/schema.org","@graph":[{"@type":"WebPage","@id":"https:\/\/www.emdg-guilers.org\/index.php\/chorale-enfants\/","url":"https:\/\/www.emdg-guilers.org\/index.php\/chorale-enfants\/","name":"Chorale enfants - Ecole de Musique, Danse &amp; Th\u00e9\u00e2tre de Guilers","isPartOf":{"@id":"https:\/\/www.emdg-guilers.org\/#website"},"primaryImageOfPage":{"@id":"https:\/\/www.emdg-guilers.org\/index.php\/chorale-enfants\/#primaryimage"},"image":{"@id":"https:\/\/www.emdg-guilers.org\/index.php\/chorale-enfants\/#primaryimage"},"thumbnailUrl":"https:\/\/www.emdg-guilers.org\/wp-content\/uploads\/2021\/06\/2021-22-chorale-emdg-724x1024.jpg","datePublished":"2021-06-16T22:05:37+00:00","dateModified":"2021-06-16T22:05:38+00:00","breadcrumb":{"@id":"https:\/\/www.emdg-guilers.org\/index.php\/chorale-enfants\/#breadcrumb"},"inLanguage":"fr-FR","potentialAction":[{"@type":"ReadAction","target":["https:\/\/www.emdg-guilers.org\/index.php\/chorale-enfants\/"]}]},{"@type":"ImageObject","inLanguage":"fr-FR","@id":"https:\/\/www.emdg-guilers.org\/index.php\/chorale-enfants\/#primaryimage","url":"https:\/\/www.emdg-guilers.org\/wp-content\/uploads\/2021\/06\/2021-22-chorale-emdg.jpg","contentUrl":"https:\/\/www.emdg-guilers.org\/wp-content\/uploads\/2021\/06\/2021-22-chorale-emdg.jpg","width":1587,"height":2245},{"@type":"BreadcrumbList","@id":"https:\/\/www.emdg-guilers.org\/index.php\/chorale-enfants\/#breadcrumb","itemListElement":[{"@type":"ListItem","position":1,"name":"Accueil","item":"https:\/\/www.emdg-guilers.org\/"},{"@type":"ListItem","position":2,"name":"Chorale enfants"}]},{"@type":"WebSite","@id":"https:\/\/www.emdg-guilers.org\/#website","url":"https:\/\/www.emdg-guilers.org\/","name":"Ecole de Musique et Danse de Guilers","description":"Ecole associative, cours de musique, danse, th\u00e9\u00e2tre accessibles \u00e0 tous","publisher":{"@id":"https:\/\/www.emdg-guilers.org\/#organization"},"potentialAction":[{"@type":"SearchAction","target":{"@type":"EntryPoint","urlTemplate":"https:\/\/www.emdg-guilers.org\/?s={search_term_string}"},"query-input":"required name=search_term_string"}],"inLanguage":"fr-FR"},{"@type":"Organization","@id":"https:\/\/www.emdg-guilers.org\/#organization","name":"Ecole de Musique et de Danse","url":"https:\/\/www.emdg-guilers.org\/","logo":{"@type":"ImageObject","inLanguage":"fr-FR","@id":"https:\/\/www.emdg-guilers.org\/#\/schema\/logo\/image\/","url":"https:\/\/www.emdg-guilers.org\/wp-content\/uploads\/2016\/06\/logo2014.jpg","contentUrl":"https:\/\/www.emdg-guilers.org\/wp-content\/uploads\/2016\/06\/logo2014.jpg","width":214,"height":116,"caption":"Ecole de Musique et de Danse"},"image":{"@id":"https:\/\/www.emdg-guilers.org\/#\/schema\/logo\/image\/"},"sameAs":["https:\/\/www.facebook.com\/Ecole-de-Musique-et-de-Danse-de-Guilers-480017765533016\/"]}]}},"_links":{"self":[{"href":"https:\/\/www.emdg-guilers.org\/index.php\/wp-json\/wp\/v2\/pages\/2550"}],"collection":[{"href":"https:\/\/www.emdg-guilers.org\/index.php\/wp-json\/wp\/v2\/pages"}],"about":[{"href":"https:\/\/www.emdg-guilers.org\/index.php\/wp-json\/wp\/v2\/types\/page"}],"author":[{"embeddable":true,"href":"https:\/\/www.emdg-guilers.org\/index.php\/wp-json\/wp\/v2\/users\/3"}],"replies":[{"embeddable":true,"href":"https:\/\/www.emdg-guilers.org\/index.php\/wp-json\/wp\/v2\/comments?post=2550"}],"version-history":[{"count":1,"href":"https:\/\/www.emdg-guilers.org\/index.php\/wp-json\/wp\/v2\/pages\/2550\/revisions"}],"predecessor-version":[{"id":2552,"href":"https:\/\/www.emdg-guilers.org\/index.php\/wp-json\/wp\/v2\/pages\/2550\/revisions\/2552"}],"wp:attachment":[{"href":"https:\/\/www.emdg-guilers.org\/index.php\/wp-json\/wp\/v2\/media?parent=2550"}],"curies":[{"name":"wp","href":"https:\/\/api.w.org\/{rel}","templated":true}]}}

<p>Du CE1 au CM2</p>



<p>Le mardi, avec Valérie-Watel, de 17h45 à 18h45</p>



<figure class="wp-block-image size-large"><img loading="lazy" decoding="async" width="724" height="1024" src="https://www.emdg-guilers.org/wp-content/uploads/2021/06/2021-22-chorale-emdg-724x1024.jpg" alt="" class="wp-image-2551" srcset="https://www.emdg-guilers.org/wp-content/uploads/2021/06/2021-22-chorale-emdg-724x1024.jpg 724w, https://www.emdg-guilers.org/wp-content/uploads/2021/06/2021-22-chorale-emdg-212x300.jpg 212w, https://www.emdg-guilers.org/wp-content/uploads/2021/06/2021-22-chorale-emdg-768x1086.jpg 768w, https://www.emdg-guilers.org/wp-content/uploads/2021/06/2021-22-chorale-emdg-1086x1536.jpg 1086w, https://www.emdg-guilers.org/wp-content/uploads/2021/06/2021-22-chorale-emdg-1448x2048.jpg 1448w, https://www.emdg-guilers.org/wp-content/uploads/2021/06/2021-22-chorale-emdg-191x270.jpg 191w, https://www.emdg-guilers.org/wp-content/uploads/2021/06/2021-22-chorale-emdg.jpg 1587w" sizes="(max-width: 724px) 100vw, 724px" /></figure>

<p>Du CE1 au CM2 Le mardi, avec Valérie-Watel, de 17h45 à 18h45</p>

<!-- This site is optimized with the Yoast SEO plugin v22.4 - https://yoast.com/wordpress/plugins/seo/ -->
<title>Chorale enfants - Ecole de Musique, Danse &amp; Théâtre de Guilers</title>
<meta name="robots" content="index, follow, max-snippet:-1, max-image-preview:large, max-video-preview:-1" />
<link rel="canonical" href="https://www.emdg-guilers.org/index.php/chorale-enfants/" />
<meta property="og:locale" content="fr_FR" />
<meta property="og:type" content="article" />
<meta property="og:title" content="Chorale enfants - Ecole de Musique, Danse &amp; Théâtre de Guilers" />
<meta property="og:description" content="Du CE1 au CM2 Le mardi, avec Valérie-Watel, de 17h45 à 18h45" />
<meta property="og:url" content="https://www.emdg-guilers.org/index.php/chorale-enfants/" />
<meta property="og:site_name" content="Ecole de Musique, Danse &amp; Théâtre de Guilers" />
<meta property="article:publisher" content="https://www.facebook.com/Ecole-de-Musique-et-de-Danse-de-Guilers-480017765533016/" />
<meta property="article:modified_time" content="2021-06-16T22:05:38+00:00" />
<meta property="og:image" content="https://www.emdg-guilers.org/wp-content/uploads/2021/06/2021-22-chorale-emdg-724x1024.jpg" />
<meta name="twitter:card" content="summary_large_image" />
<script type="application/ld+json" class="yoast-schema-graph">{"@context":"https://schema.org","@graph":[{"@type":"WebPage","@id":"https://www.emdg-guilers.org/index.php/chorale-enfants/","url":"https://www.emdg-guilers.org/index.php/chorale-enfants/","name":"Chorale enfants - Ecole de Musique, Danse &amp; Théâtre de Guilers","isPartOf":{"@id":"https://www.emdg-guilers.org/#website"},"primaryImageOfPage":{"@id":"https://www.emdg-guilers.org/index.php/chorale-enfants/#primaryimage"},"image":{"@id":"https://www.emdg-guilers.org/index.php/chorale-enfants/#primaryimage"},"thumbnailUrl":"https://www.emdg-guilers.org/wp-content/uploads/2021/06/2021-22-chorale-emdg-724x1024.jpg","datePublished":"2021-06-16T22:05:37+00:00","dateModified":"2021-06-16T22:05:38+00:00","breadcrumb":{"@id":"https://www.emdg-guilers.org/index.php/chorale-enfants/#breadcrumb"},"inLanguage":"fr-FR","potentialAction":[{"@type":"ReadAction","target":["https://www.emdg-guilers.org/index.php/chorale-enfants/"]}]},{"@type":"ImageObject","inLanguage":"fr-FR","@id":"https://www.emdg-guilers.org/index.php/chorale-enfants/#primaryimage","url":"https://www.emdg-guilers.org/wp-content/uploads/2021/06/2021-22-chorale-emdg.jpg","contentUrl":"https://www.emdg-guilers.org/wp-content/uploads/2021/06/2021-22-chorale-emdg.jpg","width":1587,"height":2245},{"@type":"BreadcrumbList","@id":"https://www.emdg-guilers.org/index.php/chorale-enfants/#breadcrumb","itemListElement":[{"@type":"ListItem","position":1,"name":"Accueil","item":"https://www.emdg-guilers.org/"},{"@type":"ListItem","position":2,"name":"Chorale enfants"}]},{"@type":"WebSite","@id":"https://www.emdg-guilers.org/#website","url":"https://www.emdg-guilers.org/","name":"Ecole de Musique et Danse de Guilers","description":"Ecole associative, cours de musique, danse, théâtre accessibles à tous","publisher":{"@id":"https://www.emdg-guilers.org/#organization"},"potentialAction":[{"@type":"SearchAction","target":{"@type":"EntryPoint","urlTemplate":"https://www.emdg-guilers.org/?s={search_term_string}"},"query-input":"required name=search_term_string"}],"inLanguage":"fr-FR"},{"@type":"Organization","@id":"https://www.emdg-guilers.org/#organization","name":"Ecole de Musique et de Danse","url":"https://www.emdg-guilers.org/","logo":{"@type":"ImageObject","inLanguage":"fr-FR","@id":"https://www.emdg-guilers.org/#/schema/logo/image/","url":"https://www.emdg-guilers.org/wp-content/uploads/2016/06/logo2014.jpg","contentUrl":"https://www.emdg-guilers.org/wp-content/uploads/2016/06/logo2014.jpg","width":214,"height":116,"caption":"Ecole de Musique et de Danse"},"image":{"@id":"https://www.emdg-guilers.org/#/schema/logo/image/"},"sameAs":["https://www.facebook.com/Ecole-de-Musique-et-de-Danse-de-Guilers-480017765533016/"]}]}</script>
<!-- / Yoast SEO plugin. -->

Chorale enfants - Ecole de Musique, Danse &amp; Théâtre de Guilers

Du CE1 au CM2 Le mardi, avec Valérie-Watel, de 17h45 à 18h45

Ecole de Musique, Danse &amp; Théâtre de Guilers

Ecole associative, cours de musique, danse, théâtre accessibles à tous
