{"id":3697,"date":"2023-06-13T12:11:59","date_gmt":"2023-06-13T10:11:59","guid":{"rendered":"https:\/\/www.emdg-guilers.org\/?page_id=3697"},"modified":"2025-09-23T11:01:23","modified_gmt":"2025-09-23T09:01:23","slug":"theatre-enfants-9-11-ans","status":"publish","type":"page","link":"https:\/\/www.emdg-guilers.org\/index.php\/theatre-enfants-9-11-ans\/","title":{"rendered":"Th\u00e9\u00e2tre enfants (9-11 ans)"},"content":{"rendered":"\n<p>HORAIRES 2025-2026<\/p>\n\n\n\n<p><strong>Mercredi 10h30-11h30<\/strong><br><br>Salle Manon des Sources, rez-de-chauss\u00e9e du b\u00e2timent de l&rsquo;\u00e9cole<br>Avec Pierre-Yves Herry<\/p>\n\n\n\n<p><\/p>\n\n\n\n<p>Groupe limit\u00e9 \u00e0 12 \u00e9l\u00e8ves max<\/p>\n\n\n\n<p>A travers le jeu, faire gagner en confiance les enfants, les aider \u00e0 s&rsquo;exprimer devant les autres, prendre la parole, accompagner chacun \u00e0 son rythme vers la sc\u00e8ne.<\/p>\n\n\n\n<figure class=\"wp-block-image size-large is-resized\"><img loading=\"lazy\" decoding=\"async\" width=\"1024\" height=\"1024\" src=\"https:\/\/www.emdg-guilers.org\/wp-content\/uploads\/2023\/06\/2021-portraits-pierre-yves-1024x1024.jpg\" alt=\"\" class=\"wp-image-3699\" style=\"width:393px;height:393px\" srcset=\"https:\/\/www.emdg-guilers.org\/wp-content\/uploads\/2023\/06\/2021-portraits-pierre-yves-1024x1024.jpg 1024w, https:\/\/www.emdg-guilers.org\/wp-content\/uploads\/2023\/06\/2021-portraits-pierre-yves-300x300.jpg 300w, https:\/\/www.emdg-guilers.org\/wp-content\/uploads\/2023\/06\/2021-portraits-pierre-yves-150x150.jpg 150w, https:\/\/www.emdg-guilers.org\/wp-content\/uploads\/2023\/06\/2021-portraits-pierre-yves-768x768.jpg 768w, https:\/\/www.emdg-guilers.org\/wp-content\/uploads\/2023\/06\/2021-portraits-pierre-yves-270x270.jpg 270w, https:\/\/www.emdg-guilers.org\/wp-content\/uploads\/2023\/06\/2021-portraits-pierre-yves.jpg 1080w\" sizes=\"(max-width: 1024px) 100vw, 1024px\" \/><\/figure>\n","protected":false},"excerpt":{"rendered":"<p>HORAIRES 2025-2026 Mercredi 10h30-11h30 Salle Manon des Sources, rez-de-chauss\u00e9e du b\u00e2timent de l&rsquo;\u00e9coleAvec Pierre-Yves Herry Groupe limit\u00e9 \u00e0 12 \u00e9l\u00e8ves max A travers le jeu, faire gagner en confiance les enfants, les aider \u00e0 s&rsquo;exprimer devant les autres, prendre la parole, accompagner chacun \u00e0 son rythme vers la sc\u00e8ne.<\/p>\n","protected":false},"author":3,"featured_media":0,"parent":0,"menu_order":0,"comment_status":"closed","ping_status":"closed","template":"","meta":{"footnotes":""},"yoast_head":"<!-- This site is optimized with the Yoast SEO plugin v22.4 - https:\/\/yoast.com\/wordpress\/plugins\/seo\/ -->\n<title>Th\u00e9\u00e2tre enfants (9-11 ans) - Ecole de Musique, Danse &amp; Th\u00e9\u00e2tre de Guilers<\/title>\n<meta name=\"robots\" content=\"index, follow, max-snippet:-1, max-image-preview:large, max-video-preview:-1\" \/>\n<link rel=\"canonical\" href=\"https:\/\/www.emdg-guilers.org\/index.php\/theatre-enfants-9-11-ans\/\" \/>\n<meta property=\"og:locale\" content=\"fr_FR\" \/>\n<meta property=\"og:type\" content=\"article\" \/>\n<meta property=\"og:title\" content=\"Th\u00e9\u00e2tre enfants (9-11 ans) - Ecole de Musique, Danse &amp; Th\u00e9\u00e2tre de Guilers\" \/>\n<meta property=\"og:description\" content=\"HORAIRES 2025-2026 Mercredi 10h30-11h30 Salle Manon des Sources, rez-de-chauss\u00e9e du b\u00e2timent de l&rsquo;\u00e9coleAvec Pierre-Yves Herry Groupe limit\u00e9 \u00e0 12 \u00e9l\u00e8ves max A travers le jeu, faire gagner en confiance les enfants, les aider \u00e0 s&rsquo;exprimer devant les autres, prendre la parole, accompagner chacun \u00e0 son rythme vers la sc\u00e8ne.\" \/>\n<meta property=\"og:url\" content=\"https:\/\/www.emdg-guilers.org\/index.php\/theatre-enfants-9-11-ans\/\" \/>\n<meta property=\"og:site_name\" content=\"Ecole de Musique, Danse &amp; Th\u00e9\u00e2tre de Guilers\" \/>\n<meta property=\"article:publisher\" content=\"https:\/\/www.facebook.com\/Ecole-de-Musique-et-de-Danse-de-Guilers-480017765533016\/\" \/>\n<meta property=\"article:modified_time\" content=\"2025-09-23T09:01:23+00:00\" \/>\n<meta property=\"og:image\" content=\"https:\/\/www.emdg-guilers.org\/wp-content\/uploads\/2023\/06\/2021-portraits-pierre-yves-1024x1024.jpg\" \/>\n<meta name=\"twitter:card\" content=\"summary_large_image\" \/>\n<meta name=\"twitter:label1\" content=\"Dur\u00e9e de lecture estim\u00e9e\" \/>\n\t<meta name=\"twitter:data1\" content=\"1 minute\" \/>\n<script type=\"application\/ld+json\" class=\"yoast-schema-graph\">{\"@context\":\"https:\/\/schema.org\",\"@graph\":[{\"@type\":\"WebPage\",\"@id\":\"https:\/\/www.emdg-guilers.org\/index.php\/theatre-enfants-9-11-ans\/\",\"url\":\"https:\/\/www.emdg-guilers.org\/index.php\/theatre-enfants-9-11-ans\/\",\"name\":\"Th\u00e9\u00e2tre enfants (9-11 ans) - Ecole de Musique, Danse &amp; Th\u00e9\u00e2tre de Guilers\",\"isPartOf\":{\"@id\":\"https:\/\/www.emdg-guilers.org\/#website\"},\"primaryImageOfPage\":{\"@id\":\"https:\/\/www.emdg-guilers.org\/index.php\/theatre-enfants-9-11-ans\/#primaryimage\"},\"image\":{\"@id\":\"https:\/\/www.emdg-guilers.org\/index.php\/theatre-enfants-9-11-ans\/#primaryimage\"},\"thumbnailUrl\":\"https:\/\/www.emdg-guilers.org\/wp-content\/uploads\/2023\/06\/2021-portraits-pierre-yves-1024x1024.jpg\",\"datePublished\":\"2023-06-13T10:11:59+00:00\",\"dateModified\":\"2025-09-23T09:01:23+00:00\",\"breadcrumb\":{\"@id\":\"https:\/\/www.emdg-guilers.org\/index.php\/theatre-enfants-9-11-ans\/#breadcrumb\"},\"inLanguage\":\"fr-FR\",\"potentialAction\":[{\"@type\":\"ReadAction\",\"target\":[\"https:\/\/www.emdg-guilers.org\/index.php\/theatre-enfants-9-11-ans\/\"]}]},{\"@type\":\"ImageObject\",\"inLanguage\":\"fr-FR\",\"@id\":\"https:\/\/www.emdg-guilers.org\/index.php\/theatre-enfants-9-11-ans\/#primaryimage\",\"url\":\"https:\/\/www.emdg-guilers.org\/wp-content\/uploads\/2023\/06\/2021-portraits-pierre-yves.jpg\",\"contentUrl\":\"https:\/\/www.emdg-guilers.org\/wp-content\/uploads\/2023\/06\/2021-portraits-pierre-yves.jpg\",\"width\":1080,\"height\":1080},{\"@type\":\"BreadcrumbList\",\"@id\":\"https:\/\/www.emdg-guilers.org\/index.php\/theatre-enfants-9-11-ans\/#breadcrumb\",\"itemListElement\":[{\"@type\":\"ListItem\",\"position\":1,\"name\":\"Accueil\",\"item\":\"https:\/\/www.emdg-guilers.org\/\"},{\"@type\":\"ListItem\",\"position\":2,\"name\":\"Th\u00e9\u00e2tre enfants (9-11 ans)\"}]},{\"@type\":\"WebSite\",\"@id\":\"https:\/\/www.emdg-guilers.org\/#website\",\"url\":\"https:\/\/www.emdg-guilers.org\/\",\"name\":\"Ecole de Musique et Danse de Guilers\",\"description\":\"Ecole associative, cours de musique, danse, th\u00e9\u00e2tre accessibles \u00e0 tous\",\"publisher\":{\"@id\":\"https:\/\/www.emdg-guilers.org\/#organization\"},\"potentialAction\":[{\"@type\":\"SearchAction\",\"target\":{\"@type\":\"EntryPoint\",\"urlTemplate\":\"https:\/\/www.emdg-guilers.org\/?s={search_term_string}\"},\"query-input\":\"required name=search_term_string\"}],\"inLanguage\":\"fr-FR\"},{\"@type\":\"Organization\",\"@id\":\"https:\/\/www.emdg-guilers.org\/#organization\",\"name\":\"Ecole de Musique et de Danse\",\"url\":\"https:\/\/www.emdg-guilers.org\/\",\"logo\":{\"@type\":\"ImageObject\",\"inLanguage\":\"fr-FR\",\"@id\":\"https:\/\/www.emdg-guilers.org\/#\/schema\/logo\/image\/\",\"url\":\"https:\/\/www.emdg-guilers.org\/wp-content\/uploads\/2016\/06\/logo2014.jpg\",\"contentUrl\":\"https:\/\/www.emdg-guilers.org\/wp-content\/uploads\/2016\/06\/logo2014.jpg\",\"width\":214,\"height\":116,\"caption\":\"Ecole de Musique et de Danse\"},\"image\":{\"@id\":\"https:\/\/www.emdg-guilers.org\/#\/schema\/logo\/image\/\"},\"sameAs\":[\"https:\/\/www.facebook.com\/Ecole-de-Musique-et-de-Danse-de-Guilers-480017765533016\/\"]}]}<\/script>\n<!-- \/ Yoast SEO plugin. -->","yoast_head_json":{"title":"Th\u00e9\u00e2tre enfants (9-11 ans) - Ecole de Musique, Danse &amp; Th\u00e9\u00e2tre de Guilers","robots":{"index":"index","follow":"follow","max-snippet":"max-snippet:-1","max-image-preview":"max-image-preview:large","max-video-preview":"max-video-preview:-1"},"canonical":"https:\/\/www.emdg-guilers.org\/index.php\/theatre-enfants-9-11-ans\/","og_locale":"fr_FR","og_type":"article","og_title":"Th\u00e9\u00e2tre enfants (9-11 ans) - Ecole de Musique, Danse &amp; Th\u00e9\u00e2tre de Guilers","og_description":"HORAIRES 2025-2026 Mercredi 10h30-11h30 Salle Manon des Sources, rez-de-chauss\u00e9e du b\u00e2timent de l&rsquo;\u00e9coleAvec Pierre-Yves Herry Groupe limit\u00e9 \u00e0 12 \u00e9l\u00e8ves max A travers le jeu, faire gagner en confiance les enfants, les aider \u00e0 s&rsquo;exprimer devant les autres, prendre la parole, accompagner chacun \u00e0 son rythme vers la sc\u00e8ne.","og_url":"https:\/\/www.emdg-guilers.org\/index.php\/theatre-enfants-9-11-ans\/","og_site_name":"Ecole de Musique, Danse &amp; Th\u00e9\u00e2tre de Guilers","article_publisher":"https:\/\/www.facebook.com\/Ecole-de-Musique-et-de-Danse-de-Guilers-480017765533016\/","article_modified_time":"2025-09-23T09:01:23+00:00","og_image":[{"url":"https:\/\/www.emdg-guilers.org\/wp-content\/uploads\/2023\/06\/2021-portraits-pierre-yves-1024x1024.jpg"}],"twitter_card":"summary_large_image","twitter_misc":{"Dur\u00e9e de lecture estim\u00e9e":"1 minute"},"schema":{"@context":"https:\/\/schema.org","@graph":[{"@type":"WebPage","@id":"https:\/\/www.emdg-guilers.org\/index.php\/theatre-enfants-9-11-ans\/","url":"https:\/\/www.emdg-guilers.org\/index.php\/theatre-enfants-9-11-ans\/","name":"Th\u00e9\u00e2tre enfants (9-11 ans) - Ecole de Musique, Danse &amp; Th\u00e9\u00e2tre de Guilers","isPartOf":{"@id":"https:\/\/www.emdg-guilers.org\/#website"},"primaryImageOfPage":{"@id":"https:\/\/www.emdg-guilers.org\/index.php\/theatre-enfants-9-11-ans\/#primaryimage"},"image":{"@id":"https:\/\/www.emdg-guilers.org\/index.php\/theatre-enfants-9-11-ans\/#primaryimage"},"thumbnailUrl":"https:\/\/www.emdg-guilers.org\/wp-content\/uploads\/2023\/06\/2021-portraits-pierre-yves-1024x1024.jpg","datePublished":"2023-06-13T10:11:59+00:00","dateModified":"2025-09-23T09:01:23+00:00","breadcrumb":{"@id":"https:\/\/www.emdg-guilers.org\/index.php\/theatre-enfants-9-11-ans\/#breadcrumb"},"inLanguage":"fr-FR","potentialAction":[{"@type":"ReadAction","target":["https:\/\/www.emdg-guilers.org\/index.php\/theatre-enfants-9-11-ans\/"]}]},{"@type":"ImageObject","inLanguage":"fr-FR","@id":"https:\/\/www.emdg-guilers.org\/index.php\/theatre-enfants-9-11-ans\/#primaryimage","url":"https:\/\/www.emdg-guilers.org\/wp-content\/uploads\/2023\/06\/2021-portraits-pierre-yves.jpg","contentUrl":"https:\/\/www.emdg-guilers.org\/wp-content\/uploads\/2023\/06\/2021-portraits-pierre-yves.jpg","width":1080,"height":1080},{"@type":"BreadcrumbList","@id":"https:\/\/www.emdg-guilers.org\/index.php\/theatre-enfants-9-11-ans\/#breadcrumb","itemListElement":[{"@type":"ListItem","position":1,"name":"Accueil","item":"https:\/\/www.emdg-guilers.org\/"},{"@type":"ListItem","position":2,"name":"Th\u00e9\u00e2tre enfants (9-11 ans)"}]},{"@type":"WebSite","@id":"https:\/\/www.emdg-guilers.org\/#website","url":"https:\/\/www.emdg-guilers.org\/","name":"Ecole de Musique et Danse de Guilers","description":"Ecole associative, cours de musique, danse, th\u00e9\u00e2tre accessibles \u00e0 tous","publisher":{"@id":"https:\/\/www.emdg-guilers.org\/#organization"},"potentialAction":[{"@type":"SearchAction","target":{"@type":"EntryPoint","urlTemplate":"https:\/\/www.emdg-guilers.org\/?s={search_term_string}"},"query-input":"required name=search_term_string"}],"inLanguage":"fr-FR"},{"@type":"Organization","@id":"https:\/\/www.emdg-guilers.org\/#organization","name":"Ecole de Musique et de Danse","url":"https:\/\/www.emdg-guilers.org\/","logo":{"@type":"ImageObject","inLanguage":"fr-FR","@id":"https:\/\/www.emdg-guilers.org\/#\/schema\/logo\/image\/","url":"https:\/\/www.emdg-guilers.org\/wp-content\/uploads\/2016\/06\/logo2014.jpg","contentUrl":"https:\/\/www.emdg-guilers.org\/wp-content\/uploads\/2016\/06\/logo2014.jpg","width":214,"height":116,"caption":"Ecole de Musique et de Danse"},"image":{"@id":"https:\/\/www.emdg-guilers.org\/#\/schema\/logo\/image\/"},"sameAs":["https:\/\/www.facebook.com\/Ecole-de-Musique-et-de-Danse-de-Guilers-480017765533016\/"]}]}},"_links":{"self":[{"href":"https:\/\/www.emdg-guilers.org\/index.php\/wp-json\/wp\/v2\/pages\/3697"}],"collection":[{"href":"https:\/\/www.emdg-guilers.org\/index.php\/wp-json\/wp\/v2\/pages"}],"about":[{"href":"https:\/\/www.emdg-guilers.org\/index.php\/wp-json\/wp\/v2\/types\/page"}],"author":[{"embeddable":true,"href":"https:\/\/www.emdg-guilers.org\/index.php\/wp-json\/wp\/v2\/users\/3"}],"replies":[{"embeddable":true,"href":"https:\/\/www.emdg-guilers.org\/index.php\/wp-json\/wp\/v2\/comments?post=3697"}],"version-history":[{"count":10,"href":"https:\/\/www.emdg-guilers.org\/index.php\/wp-json\/wp\/v2\/pages\/3697\/revisions"}],"predecessor-version":[{"id":4779,"href":"https:\/\/www.emdg-guilers.org\/index.php\/wp-json\/wp\/v2\/pages\/3697\/revisions\/4779"}],"wp:attachment":[{"href":"https:\/\/www.emdg-guilers.org\/index.php\/wp-json\/wp\/v2\/media?parent=3697"}],"curies":[{"name":"wp","href":"https:\/\/api.w.org\/{rel}","templated":true}]}}