{"id":3708,"date":"2023-06-13T12:23:55","date_gmt":"2023-06-13T10:23:55","guid":{"rendered":"https:\/\/www.emdg-guilers.org\/?page_id=3708"},"modified":"2025-07-08T10:54:52","modified_gmt":"2025-07-08T08:54:52","slug":"theatre-adultes-impro","status":"publish","type":"page","link":"https:\/\/www.emdg-guilers.org\/index.php\/theatre-adultes-impro\/","title":{"rendered":"Th\u00e9\u00e2tre adultes impro"},"content":{"rendered":"\n<p><strong>Atelier d&rsquo;impro adultes<\/strong> :<br>Mardi 20h-22h, salle 1, espace J.Mobian<br>Avec Pierre-Yves Herry<\/p>\n\n\n\n<p>Travail de la technique\u00a0:<br>\u2013\u00a0\u00a0Vocale\u00a0: \u00a0respiration, articulation, diction<br>\u2013\u00a0\u00a0\u00a0Corporelle\u00a0: conscience du plateau et des partenaires, conscience de son corps, pr\u00e9sence, \u00e9coute, apprendre \u00e0 g\u00e9rer le \u00ab\u00a0focus\u00a0\u00bb sur le plateau<br>Approche de l\u2019improvisation en groupe et seul<br>Travail du r\u00e9pertoire classique et contemporain \u00e0 travers des extraits de textes<br>Travail en autonomie<br>Travail et\/ou cr\u00e9ation en lien avec le d\u00e9partement musique et\/ou danse de l\u2019\u00e9cole de Guilers<br><\/p>\n\n\n\n<figure class=\"wp-block-image size-large is-resized\"><img loading=\"lazy\" decoding=\"async\" width=\"1024\" height=\"1024\" src=\"https:\/\/www.emdg-guilers.org\/wp-content\/uploads\/2023\/06\/2021-portraits-pierre-yves-3-1024x1024.jpg\" alt=\"\" class=\"wp-image-3709\" style=\"width:374px;height:374px\" srcset=\"https:\/\/www.emdg-guilers.org\/wp-content\/uploads\/2023\/06\/2021-portraits-pierre-yves-3-1024x1024.jpg 1024w, https:\/\/www.emdg-guilers.org\/wp-content\/uploads\/2023\/06\/2021-portraits-pierre-yves-3-300x300.jpg 300w, https:\/\/www.emdg-guilers.org\/wp-content\/uploads\/2023\/06\/2021-portraits-pierre-yves-3-150x150.jpg 150w, https:\/\/www.emdg-guilers.org\/wp-content\/uploads\/2023\/06\/2021-portraits-pierre-yves-3-768x768.jpg 768w, https:\/\/www.emdg-guilers.org\/wp-content\/uploads\/2023\/06\/2021-portraits-pierre-yves-3-270x270.jpg 270w, https:\/\/www.emdg-guilers.org\/wp-content\/uploads\/2023\/06\/2021-portraits-pierre-yves-3.jpg 1080w\" sizes=\"(max-width: 1024px) 100vw, 1024px\" \/><\/figure>\n\n\n\n<figure class=\"wp-block-gallery has-nested-images columns-default is-cropped wp-block-gallery-1 is-layout-flex wp-block-gallery-is-layout-flex\">\n<figure class=\"wp-block-image size-large\"><img loading=\"lazy\" decoding=\"async\" width=\"1024\" height=\"683\" data-id=\"4131\" src=\"https:\/\/www.emdg-guilers.org\/wp-content\/uploads\/2024\/03\/CYLA0424-1024x683.jpg\" alt=\"\" class=\"wp-image-4131\" srcset=\"https:\/\/www.emdg-guilers.org\/wp-content\/uploads\/2024\/03\/CYLA0424-1024x683.jpg 1024w, https:\/\/www.emdg-guilers.org\/wp-content\/uploads\/2024\/03\/CYLA0424-300x200.jpg 300w, https:\/\/www.emdg-guilers.org\/wp-content\/uploads\/2024\/03\/CYLA0424-768x512.jpg 768w, https:\/\/www.emdg-guilers.org\/wp-content\/uploads\/2024\/03\/CYLA0424-1536x1024.jpg 1536w, https:\/\/www.emdg-guilers.org\/wp-content\/uploads\/2024\/03\/CYLA0424-2048x1365.jpg 2048w, https:\/\/www.emdg-guilers.org\/wp-content\/uploads\/2024\/03\/CYLA0424-405x270.jpg 405w\" sizes=\"(max-width: 1024px) 100vw, 1024px\" \/><\/figure>\n\n\n\n<figure class=\"wp-block-image size-large\"><img loading=\"lazy\" decoding=\"async\" width=\"1024\" height=\"683\" data-id=\"4132\" src=\"https:\/\/www.emdg-guilers.org\/wp-content\/uploads\/2024\/03\/CYLA0420-1024x683.jpg\" alt=\"\" class=\"wp-image-4132\" srcset=\"https:\/\/www.emdg-guilers.org\/wp-content\/uploads\/2024\/03\/CYLA0420-1024x683.jpg 1024w, https:\/\/www.emdg-guilers.org\/wp-content\/uploads\/2024\/03\/CYLA0420-300x200.jpg 300w, https:\/\/www.emdg-guilers.org\/wp-content\/uploads\/2024\/03\/CYLA0420-768x512.jpg 768w, https:\/\/www.emdg-guilers.org\/wp-content\/uploads\/2024\/03\/CYLA0420-1536x1024.jpg 1536w, https:\/\/www.emdg-guilers.org\/wp-content\/uploads\/2024\/03\/CYLA0420-2048x1365.jpg 2048w, https:\/\/www.emdg-guilers.org\/wp-content\/uploads\/2024\/03\/CYLA0420-405x270.jpg 405w\" sizes=\"(max-width: 1024px) 100vw, 1024px\" \/><\/figure>\n\n\n\n<figure class=\"wp-block-image size-large\"><img loading=\"lazy\" decoding=\"async\" width=\"1024\" height=\"417\" data-id=\"4133\" src=\"https:\/\/www.emdg-guilers.org\/wp-content\/uploads\/2024\/03\/IMG-20240325-WA0070-1024x417.jpg\" alt=\"\" class=\"wp-image-4133\" srcset=\"https:\/\/www.emdg-guilers.org\/wp-content\/uploads\/2024\/03\/IMG-20240325-WA0070-1024x417.jpg 1024w, https:\/\/www.emdg-guilers.org\/wp-content\/uploads\/2024\/03\/IMG-20240325-WA0070-300x122.jpg 300w, https:\/\/www.emdg-guilers.org\/wp-content\/uploads\/2024\/03\/IMG-20240325-WA0070-768x313.jpg 768w, https:\/\/www.emdg-guilers.org\/wp-content\/uploads\/2024\/03\/IMG-20240325-WA0070-1536x626.jpg 1536w, https:\/\/www.emdg-guilers.org\/wp-content\/uploads\/2024\/03\/IMG-20240325-WA0070-604x246.jpg 604w, https:\/\/www.emdg-guilers.org\/wp-content\/uploads\/2024\/03\/IMG-20240325-WA0070.jpg 1600w\" sizes=\"(max-width: 1024px) 100vw, 1024px\" \/><\/figure>\n\n\n\n<figure class=\"wp-block-image size-large\"><img loading=\"lazy\" decoding=\"async\" width=\"1024\" height=\"768\" data-id=\"4135\" src=\"https:\/\/www.emdg-guilers.org\/wp-content\/uploads\/2024\/03\/IMG-20240325-WA0074-1024x768.jpg\" alt=\"\" class=\"wp-image-4135\" srcset=\"https:\/\/www.emdg-guilers.org\/wp-content\/uploads\/2024\/03\/IMG-20240325-WA0074-1024x768.jpg 1024w, https:\/\/www.emdg-guilers.org\/wp-content\/uploads\/2024\/03\/IMG-20240325-WA0074-300x225.jpg 300w, https:\/\/www.emdg-guilers.org\/wp-content\/uploads\/2024\/03\/IMG-20240325-WA0074-768x576.jpg 768w, https:\/\/www.emdg-guilers.org\/wp-content\/uploads\/2024\/03\/IMG-20240325-WA0074-1536x1152.jpg 1536w, https:\/\/www.emdg-guilers.org\/wp-content\/uploads\/2024\/03\/IMG-20240325-WA0074-360x270.jpg 360w, https:\/\/www.emdg-guilers.org\/wp-content\/uploads\/2024\/03\/IMG-20240325-WA0074.jpg 1600w\" sizes=\"(max-width: 1024px) 100vw, 1024px\" \/><\/figure>\n\n\n\n<figure class=\"wp-block-image size-large\"><img loading=\"lazy\" decoding=\"async\" width=\"683\" height=\"1024\" data-id=\"4137\" src=\"https:\/\/www.emdg-guilers.org\/wp-content\/uploads\/2024\/03\/CYLA0432-683x1024.jpg\" alt=\"\" class=\"wp-image-4137\" srcset=\"https:\/\/www.emdg-guilers.org\/wp-content\/uploads\/2024\/03\/CYLA0432-683x1024.jpg 683w, https:\/\/www.emdg-guilers.org\/wp-content\/uploads\/2024\/03\/CYLA0432-200x300.jpg 200w, https:\/\/www.emdg-guilers.org\/wp-content\/uploads\/2024\/03\/CYLA0432-768x1152.jpg 768w, https:\/\/www.emdg-guilers.org\/wp-content\/uploads\/2024\/03\/CYLA0432-1024x1536.jpg 1024w, https:\/\/www.emdg-guilers.org\/wp-content\/uploads\/2024\/03\/CYLA0432-1365x2048.jpg 1365w, https:\/\/www.emdg-guilers.org\/wp-content\/uploads\/2024\/03\/CYLA0432-180x270.jpg 180w, https:\/\/www.emdg-guilers.org\/wp-content\/uploads\/2024\/03\/CYLA0432-scaled.jpg 1707w\" sizes=\"(max-width: 683px) 100vw, 683px\" \/><\/figure>\n\n\n\n<figure class=\"wp-block-image size-large\"><img loading=\"lazy\" decoding=\"async\" width=\"1024\" height=\"766\" data-id=\"4142\" src=\"https:\/\/www.emdg-guilers.org\/wp-content\/uploads\/2024\/03\/IMG_20240323_153656-1024x766.jpg\" alt=\"\" class=\"wp-image-4142\" srcset=\"https:\/\/www.emdg-guilers.org\/wp-content\/uploads\/2024\/03\/IMG_20240323_153656-1024x766.jpg 1024w, https:\/\/www.emdg-guilers.org\/wp-content\/uploads\/2024\/03\/IMG_20240323_153656-300x224.jpg 300w, https:\/\/www.emdg-guilers.org\/wp-content\/uploads\/2024\/03\/IMG_20240323_153656-768x574.jpg 768w, https:\/\/www.emdg-guilers.org\/wp-content\/uploads\/2024\/03\/IMG_20240323_153656-1536x1149.jpg 1536w, https:\/\/www.emdg-guilers.org\/wp-content\/uploads\/2024\/03\/IMG_20240323_153656-2048x1532.jpg 2048w, https:\/\/www.emdg-guilers.org\/wp-content\/uploads\/2024\/03\/IMG_20240323_153656-361x270.jpg 361w\" sizes=\"(max-width: 1024px) 100vw, 1024px\" \/><\/figure>\n\n\n\n<figure class=\"wp-block-image size-large\"><img loading=\"lazy\" decoding=\"async\" width=\"1024\" height=\"683\" data-id=\"4143\" src=\"https:\/\/www.emdg-guilers.org\/wp-content\/uploads\/2024\/03\/CYLA0446-2-1024x683.jpg\" alt=\"\" class=\"wp-image-4143\" srcset=\"https:\/\/www.emdg-guilers.org\/wp-content\/uploads\/2024\/03\/CYLA0446-2-1024x683.jpg 1024w, https:\/\/www.emdg-guilers.org\/wp-content\/uploads\/2024\/03\/CYLA0446-2-300x200.jpg 300w, https:\/\/www.emdg-guilers.org\/wp-content\/uploads\/2024\/03\/CYLA0446-2-768x512.jpg 768w, https:\/\/www.emdg-guilers.org\/wp-content\/uploads\/2024\/03\/CYLA0446-2-1536x1024.jpg 1536w, https:\/\/www.emdg-guilers.org\/wp-content\/uploads\/2024\/03\/CYLA0446-2-2048x1365.jpg 2048w, https:\/\/www.emdg-guilers.org\/wp-content\/uploads\/2024\/03\/CYLA0446-2-405x270.jpg 405w\" sizes=\"(max-width: 1024px) 100vw, 1024px\" \/><\/figure>\n<figcaption class=\"blocks-gallery-caption wp-element-caption\">Cr\u00e9dits photos : Marie Clavier (m\u00e9diath\u00e8que), Christophe Laboisse (sc\u00e8ne) &#8211; Prestations du 23 mars 2024<\/figcaption><\/figure>\n","protected":false},"excerpt":{"rendered":"<p>Atelier d&rsquo;impro adultes :Mardi 20h-22h, salle 1, espace J.MobianAvec Pierre-Yves Herry Travail de la technique\u00a0:\u2013\u00a0\u00a0Vocale\u00a0: \u00a0respiration, articulation, diction\u2013\u00a0\u00a0\u00a0Corporelle\u00a0: conscience du plateau et des partenaires, conscience de son corps, pr\u00e9sence, \u00e9coute, apprendre \u00e0 g\u00e9rer le \u00ab\u00a0focus\u00a0\u00bb sur le plateauApproche de l\u2019improvisation en groupe et seulTravail du r\u00e9pertoire classique et contemporain \u00e0 travers des extraits de textesTravail en autonomieTravail et\/ou cr\u00e9ation en lien avec le d\u00e9partement musique et\/ou danse de l\u2019\u00e9cole de Guilers<\/p>\n","protected":false},"author":3,"featured_media":0,"parent":0,"menu_order":0,"comment_status":"closed","ping_status":"closed","template":"","meta":{"footnotes":""},"yoast_head":"<!-- This site is optimized with the Yoast SEO plugin v22.4 - https:\/\/yoast.com\/wordpress\/plugins\/seo\/ -->\n<title>Th\u00e9\u00e2tre adultes impro - Ecole de Musique, Danse &amp; Th\u00e9\u00e2tre de Guilers<\/title>\n<meta name=\"robots\" content=\"index, follow, max-snippet:-1, max-image-preview:large, max-video-preview:-1\" \/>\n<link rel=\"canonical\" href=\"https:\/\/www.emdg-guilers.org\/index.php\/theatre-adultes-impro\/\" \/>\n<meta property=\"og:locale\" content=\"fr_FR\" \/>\n<meta property=\"og:type\" content=\"article\" \/>\n<meta property=\"og:title\" content=\"Th\u00e9\u00e2tre adultes impro - Ecole de Musique, Danse &amp; Th\u00e9\u00e2tre de Guilers\" \/>\n<meta property=\"og:description\" content=\"Atelier d&rsquo;impro adultes :Mardi 20h-22h, salle 1, espace J.MobianAvec Pierre-Yves Herry Travail de la technique\u00a0:\u2013\u00a0\u00a0Vocale\u00a0: \u00a0respiration, articulation, diction\u2013\u00a0\u00a0\u00a0Corporelle\u00a0: conscience du plateau et des partenaires, conscience de son corps, pr\u00e9sence, \u00e9coute, apprendre \u00e0 g\u00e9rer le \u00ab\u00a0focus\u00a0\u00bb sur le plateauApproche de l\u2019improvisation en groupe et seulTravail du r\u00e9pertoire classique et contemporain \u00e0 travers des extraits de textesTravail en autonomieTravail et\/ou cr\u00e9ation en lien avec le d\u00e9partement musique et\/ou danse de l\u2019\u00e9cole de Guilers\" \/>\n<meta property=\"og:url\" content=\"https:\/\/www.emdg-guilers.org\/index.php\/theatre-adultes-impro\/\" \/>\n<meta property=\"og:site_name\" content=\"Ecole de Musique, Danse &amp; Th\u00e9\u00e2tre de Guilers\" \/>\n<meta property=\"article:publisher\" content=\"https:\/\/www.facebook.com\/Ecole-de-Musique-et-de-Danse-de-Guilers-480017765533016\/\" \/>\n<meta property=\"article:modified_time\" content=\"2025-07-08T08:54:52+00:00\" \/>\n<meta property=\"og:image\" content=\"https:\/\/www.emdg-guilers.org\/wp-content\/uploads\/2023\/06\/2021-portraits-pierre-yves-3-1024x1024.jpg\" \/>\n<meta name=\"twitter:card\" content=\"summary_large_image\" \/>\n<meta name=\"twitter:label1\" content=\"Dur\u00e9e de lecture estim\u00e9e\" \/>\n\t<meta name=\"twitter:data1\" content=\"3 minutes\" \/>\n<script type=\"application\/ld+json\" class=\"yoast-schema-graph\">{\"@context\":\"https:\/\/schema.org\",\"@graph\":[{\"@type\":\"WebPage\",\"@id\":\"https:\/\/www.emdg-guilers.org\/index.php\/theatre-adultes-impro\/\",\"url\":\"https:\/\/www.emdg-guilers.org\/index.php\/theatre-adultes-impro\/\",\"name\":\"Th\u00e9\u00e2tre adultes impro - Ecole de Musique, Danse &amp; Th\u00e9\u00e2tre de Guilers\",\"isPartOf\":{\"@id\":\"https:\/\/www.emdg-guilers.org\/#website\"},\"primaryImageOfPage\":{\"@id\":\"https:\/\/www.emdg-guilers.org\/index.php\/theatre-adultes-impro\/#primaryimage\"},\"image\":{\"@id\":\"https:\/\/www.emdg-guilers.org\/index.php\/theatre-adultes-impro\/#primaryimage\"},\"thumbnailUrl\":\"https:\/\/www.emdg-guilers.org\/wp-content\/uploads\/2023\/06\/2021-portraits-pierre-yves-3-1024x1024.jpg\",\"datePublished\":\"2023-06-13T10:23:55+00:00\",\"dateModified\":\"2025-07-08T08:54:52+00:00\",\"breadcrumb\":{\"@id\":\"https:\/\/www.emdg-guilers.org\/index.php\/theatre-adultes-impro\/#breadcrumb\"},\"inLanguage\":\"fr-FR\",\"potentialAction\":[{\"@type\":\"ReadAction\",\"target\":[\"https:\/\/www.emdg-guilers.org\/index.php\/theatre-adultes-impro\/\"]}]},{\"@type\":\"ImageObject\",\"inLanguage\":\"fr-FR\",\"@id\":\"https:\/\/www.emdg-guilers.org\/index.php\/theatre-adultes-impro\/#primaryimage\",\"url\":\"https:\/\/www.emdg-guilers.org\/wp-content\/uploads\/2023\/06\/2021-portraits-pierre-yves-3.jpg\",\"contentUrl\":\"https:\/\/www.emdg-guilers.org\/wp-content\/uploads\/2023\/06\/2021-portraits-pierre-yves-3.jpg\",\"width\":1080,\"height\":1080},{\"@type\":\"BreadcrumbList\",\"@id\":\"https:\/\/www.emdg-guilers.org\/index.php\/theatre-adultes-impro\/#breadcrumb\",\"itemListElement\":[{\"@type\":\"ListItem\",\"position\":1,\"name\":\"Accueil\",\"item\":\"https:\/\/www.emdg-guilers.org\/\"},{\"@type\":\"ListItem\",\"position\":2,\"name\":\"Th\u00e9\u00e2tre adultes impro\"}]},{\"@type\":\"WebSite\",\"@id\":\"https:\/\/www.emdg-guilers.org\/#website\",\"url\":\"https:\/\/www.emdg-guilers.org\/\",\"name\":\"Ecole de Musique et Danse de Guilers\",\"description\":\"Ecole associative, cours de musique, danse, th\u00e9\u00e2tre accessibles \u00e0 tous\",\"publisher\":{\"@id\":\"https:\/\/www.emdg-guilers.org\/#organization\"},\"potentialAction\":[{\"@type\":\"SearchAction\",\"target\":{\"@type\":\"EntryPoint\",\"urlTemplate\":\"https:\/\/www.emdg-guilers.org\/?s={search_term_string}\"},\"query-input\":\"required name=search_term_string\"}],\"inLanguage\":\"fr-FR\"},{\"@type\":\"Organization\",\"@id\":\"https:\/\/www.emdg-guilers.org\/#organization\",\"name\":\"Ecole de Musique et de Danse\",\"url\":\"https:\/\/www.emdg-guilers.org\/\",\"logo\":{\"@type\":\"ImageObject\",\"inLanguage\":\"fr-FR\",\"@id\":\"https:\/\/www.emdg-guilers.org\/#\/schema\/logo\/image\/\",\"url\":\"https:\/\/www.emdg-guilers.org\/wp-content\/uploads\/2016\/06\/logo2014.jpg\",\"contentUrl\":\"https:\/\/www.emdg-guilers.org\/wp-content\/uploads\/2016\/06\/logo2014.jpg\",\"width\":214,\"height\":116,\"caption\":\"Ecole de Musique et de Danse\"},\"image\":{\"@id\":\"https:\/\/www.emdg-guilers.org\/#\/schema\/logo\/image\/\"},\"sameAs\":[\"https:\/\/www.facebook.com\/Ecole-de-Musique-et-de-Danse-de-Guilers-480017765533016\/\"]}]}<\/script>\n<!-- \/ Yoast SEO plugin. -->","yoast_head_json":{"title":"Th\u00e9\u00e2tre adultes impro - Ecole de Musique, Danse &amp; Th\u00e9\u00e2tre de Guilers","robots":{"index":"index","follow":"follow","max-snippet":"max-snippet:-1","max-image-preview":"max-image-preview:large","max-video-preview":"max-video-preview:-1"},"canonical":"https:\/\/www.emdg-guilers.org\/index.php\/theatre-adultes-impro\/","og_locale":"fr_FR","og_type":"article","og_title":"Th\u00e9\u00e2tre adultes impro - Ecole de Musique, Danse &amp; Th\u00e9\u00e2tre de Guilers","og_description":"Atelier d&rsquo;impro adultes :Mardi 20h-22h, salle 1, espace J.MobianAvec Pierre-Yves Herry Travail de la technique\u00a0:\u2013\u00a0\u00a0Vocale\u00a0: \u00a0respiration, articulation, diction\u2013\u00a0\u00a0\u00a0Corporelle\u00a0: conscience du plateau et des partenaires, conscience de son corps, pr\u00e9sence, \u00e9coute, apprendre \u00e0 g\u00e9rer le \u00ab\u00a0focus\u00a0\u00bb sur le plateauApproche de l\u2019improvisation en groupe et seulTravail du r\u00e9pertoire classique et contemporain \u00e0 travers des extraits de textesTravail en autonomieTravail et\/ou cr\u00e9ation en lien avec le d\u00e9partement musique et\/ou danse de l\u2019\u00e9cole de Guilers","og_url":"https:\/\/www.emdg-guilers.org\/index.php\/theatre-adultes-impro\/","og_site_name":"Ecole de Musique, Danse &amp; Th\u00e9\u00e2tre de Guilers","article_publisher":"https:\/\/www.facebook.com\/Ecole-de-Musique-et-de-Danse-de-Guilers-480017765533016\/","article_modified_time":"2025-07-08T08:54:52+00:00","og_image":[{"url":"https:\/\/www.emdg-guilers.org\/wp-content\/uploads\/2023\/06\/2021-portraits-pierre-yves-3-1024x1024.jpg"}],"twitter_card":"summary_large_image","twitter_misc":{"Dur\u00e9e de lecture estim\u00e9e":"3 minutes"},"schema":{"@context":"https:\/\/schema.org","@graph":[{"@type":"WebPage","@id":"https:\/\/www.emdg-guilers.org\/index.php\/theatre-adultes-impro\/","url":"https:\/\/www.emdg-guilers.org\/index.php\/theatre-adultes-impro\/","name":"Th\u00e9\u00e2tre adultes impro - Ecole de Musique, Danse &amp; Th\u00e9\u00e2tre de Guilers","isPartOf":{"@id":"https:\/\/www.emdg-guilers.org\/#website"},"primaryImageOfPage":{"@id":"https:\/\/www.emdg-guilers.org\/index.php\/theatre-adultes-impro\/#primaryimage"},"image":{"@id":"https:\/\/www.emdg-guilers.org\/index.php\/theatre-adultes-impro\/#primaryimage"},"thumbnailUrl":"https:\/\/www.emdg-guilers.org\/wp-content\/uploads\/2023\/06\/2021-portraits-pierre-yves-3-1024x1024.jpg","datePublished":"2023-06-13T10:23:55+00:00","dateModified":"2025-07-08T08:54:52+00:00","breadcrumb":{"@id":"https:\/\/www.emdg-guilers.org\/index.php\/theatre-adultes-impro\/#breadcrumb"},"inLanguage":"fr-FR","potentialAction":[{"@type":"ReadAction","target":["https:\/\/www.emdg-guilers.org\/index.php\/theatre-adultes-impro\/"]}]},{"@type":"ImageObject","inLanguage":"fr-FR","@id":"https:\/\/www.emdg-guilers.org\/index.php\/theatre-adultes-impro\/#primaryimage","url":"https:\/\/www.emdg-guilers.org\/wp-content\/uploads\/2023\/06\/2021-portraits-pierre-yves-3.jpg","contentUrl":"https:\/\/www.emdg-guilers.org\/wp-content\/uploads\/2023\/06\/2021-portraits-pierre-yves-3.jpg","width":1080,"height":1080},{"@type":"BreadcrumbList","@id":"https:\/\/www.emdg-guilers.org\/index.php\/theatre-adultes-impro\/#breadcrumb","itemListElement":[{"@type":"ListItem","position":1,"name":"Accueil","item":"https:\/\/www.emdg-guilers.org\/"},{"@type":"ListItem","position":2,"name":"Th\u00e9\u00e2tre adultes impro"}]},{"@type":"WebSite","@id":"https:\/\/www.emdg-guilers.org\/#website","url":"https:\/\/www.emdg-guilers.org\/","name":"Ecole de Musique et Danse de Guilers","description":"Ecole associative, cours de musique, danse, th\u00e9\u00e2tre accessibles \u00e0 tous","publisher":{"@id":"https:\/\/www.emdg-guilers.org\/#organization"},"potentialAction":[{"@type":"SearchAction","target":{"@type":"EntryPoint","urlTemplate":"https:\/\/www.emdg-guilers.org\/?s={search_term_string}"},"query-input":"required name=search_term_string"}],"inLanguage":"fr-FR"},{"@type":"Organization","@id":"https:\/\/www.emdg-guilers.org\/#organization","name":"Ecole de Musique et de Danse","url":"https:\/\/www.emdg-guilers.org\/","logo":{"@type":"ImageObject","inLanguage":"fr-FR","@id":"https:\/\/www.emdg-guilers.org\/#\/schema\/logo\/image\/","url":"https:\/\/www.emdg-guilers.org\/wp-content\/uploads\/2016\/06\/logo2014.jpg","contentUrl":"https:\/\/www.emdg-guilers.org\/wp-content\/uploads\/2016\/06\/logo2014.jpg","width":214,"height":116,"caption":"Ecole de Musique et de Danse"},"image":{"@id":"https:\/\/www.emdg-guilers.org\/#\/schema\/logo\/image\/"},"sameAs":["https:\/\/www.facebook.com\/Ecole-de-Musique-et-de-Danse-de-Guilers-480017765533016\/"]}]}},"_links":{"self":[{"href":"https:\/\/www.emdg-guilers.org\/index.php\/wp-json\/wp\/v2\/pages\/3708"}],"collection":[{"href":"https:\/\/www.emdg-guilers.org\/index.php\/wp-json\/wp\/v2\/pages"}],"about":[{"href":"https:\/\/www.emdg-guilers.org\/index.php\/wp-json\/wp\/v2\/types\/page"}],"author":[{"embeddable":true,"href":"https:\/\/www.emdg-guilers.org\/index.php\/wp-json\/wp\/v2\/users\/3"}],"replies":[{"embeddable":true,"href":"https:\/\/www.emdg-guilers.org\/index.php\/wp-json\/wp\/v2\/comments?post=3708"}],"version-history":[{"count":10,"href":"https:\/\/www.emdg-guilers.org\/index.php\/wp-json\/wp\/v2\/pages\/3708\/revisions"}],"predecessor-version":[{"id":4748,"href":"https:\/\/www.emdg-guilers.org\/index.php\/wp-json\/wp\/v2\/pages\/3708\/revisions\/4748"}],"wp:attachment":[{"href":"https:\/\/www.emdg-guilers.org\/index.php\/wp-json\/wp\/v2\/media?parent=3708"}],"curies":[{"name":"wp","href":"https:\/\/api.w.org\/{rel}","templated":true}]}}