{"id":48,"date":"2016-06-29T16:54:26","date_gmt":"2016-06-29T15:54:26","guid":{"rendered":"http:\/\/www.emdg-guilers.org\/?page_id=48"},"modified":"2025-07-08T10:23:31","modified_gmt":"2025-07-08T08:23:31","slug":"cordeole","status":"publish","type":"page","link":"https:\/\/www.emdg-guilers.org\/index.php\/orchestres\/cordeole\/","title":{"rendered":"Cord&rsquo;Eole, orchestre enfants-ados"},"content":{"rendered":"\n<div class=\"wp-block-buttons is-layout-flex wp-block-buttons-is-layout-flex\">\n<div class=\"wp-block-button\"><a class=\"wp-block-button__link wp-element-button\">Enfants &#8211; ados (9 ans et plus) <\/a><\/div>\n<\/div>\n\n\n<div class=\"wp-block-image\">\n<figure class=\"alignright size-large is-resized\"><img loading=\"lazy\" decoding=\"async\" width=\"1024\" height=\"1024\" src=\"https:\/\/www.emdg-guilers.org\/wp-content\/uploads\/2022\/09\/23-1024x1024.jpg\" alt=\"\" class=\"wp-image-3186\" style=\"width:216px;height:auto\" srcset=\"https:\/\/www.emdg-guilers.org\/wp-content\/uploads\/2022\/09\/23-1024x1024.jpg 1024w, https:\/\/www.emdg-guilers.org\/wp-content\/uploads\/2022\/09\/23-300x300.jpg 300w, https:\/\/www.emdg-guilers.org\/wp-content\/uploads\/2022\/09\/23-150x150.jpg 150w, https:\/\/www.emdg-guilers.org\/wp-content\/uploads\/2022\/09\/23-768x768.jpg 768w, https:\/\/www.emdg-guilers.org\/wp-content\/uploads\/2022\/09\/23-270x270.jpg 270w, https:\/\/www.emdg-guilers.org\/wp-content\/uploads\/2022\/09\/23.jpg 1080w\" sizes=\"(max-width: 1024px) 100vw, 1024px\" \/><\/figure><\/div>\n\n<p>Ensemble \u00e0 cordes et \u00e0 vents des enfants de l&rsquo;EMDG<\/p>\n<p><strong>Le Jeudi de 18h30 \u00e0 20h &#8211; Salle de r\u00e9p\u00e9tition (2\u00e8me \u00e9tage)<\/strong><\/p>\n<p>Ce groupe, constitu\u00e9 d&rsquo;enfants \u00e2g\u00e9s de <strong>9 ans et plus<\/strong> est accessible d\u00e8s 2 ou 3 ans de pratique instrumentale.\u00a0<br \/>Ouvert aux violons, fl\u00fbtes, violoncelles, guitares, harpes, bassons&#8230;<\/p>\n<p>Avec<strong> Mich\u00e8le Morvan<\/strong><\/p>\n\n\n<figure class=\"wp-block-image size-large\"><img loading=\"lazy\" decoding=\"async\" width=\"1024\" height=\"768\" src=\"https:\/\/www.emdg-guilers.org\/wp-content\/uploads\/2022\/03\/IMG_20220301_192732-Cordeole-1-1024x768.jpg\" alt=\"\" class=\"wp-image-2980\" srcset=\"https:\/\/www.emdg-guilers.org\/wp-content\/uploads\/2022\/03\/IMG_20220301_192732-Cordeole-1-1024x768.jpg 1024w, https:\/\/www.emdg-guilers.org\/wp-content\/uploads\/2022\/03\/IMG_20220301_192732-Cordeole-1-300x225.jpg 300w, https:\/\/www.emdg-guilers.org\/wp-content\/uploads\/2022\/03\/IMG_20220301_192732-Cordeole-1-768x576.jpg 768w, https:\/\/www.emdg-guilers.org\/wp-content\/uploads\/2022\/03\/IMG_20220301_192732-Cordeole-1-1536x1152.jpg 1536w, https:\/\/www.emdg-guilers.org\/wp-content\/uploads\/2022\/03\/IMG_20220301_192732-Cordeole-1-2048x1536.jpg 2048w, https:\/\/www.emdg-guilers.org\/wp-content\/uploads\/2022\/03\/IMG_20220301_192732-Cordeole-1-360x270.jpg 360w\" sizes=\"(max-width: 1024px) 100vw, 1024px\" \/><figcaption class=\"wp-element-caption\">Cord\u00e9ole, orchestre des enfants et ados<\/figcaption><\/figure>\n\n\n\n<figure class=\"wp-block-pullquote\"><blockquote><p>Parce que jouer tout seul dans sa chambre, c&rsquo;est bien, mais jouer avec d&rsquo;autres enfants de son \u00e2ge et faire des concerts, c&rsquo;est beaucoup mieux !<\/p><cite>Un vieux Sage Guil\u00e9rien&#8230;<\/cite><\/blockquote><\/figure>\n","protected":false},"excerpt":{"rendered":"<p>Ensemble \u00e0 cordes et \u00e0 vents des enfants de l&rsquo;EMDG Le Jeudi de 18h30 \u00e0 20h &#8211; Salle de r\u00e9p\u00e9tition (2\u00e8me \u00e9tage) Ce groupe, constitu\u00e9 d&rsquo;enfants \u00e2g\u00e9s de 9 ans et plus est accessible d\u00e8s 2 ou 3 ans de pratique instrumentale.\u00a0Ouvert aux violons, fl\u00fbtes, violoncelles, guitares, harpes, bassons&#8230; Avec Mich\u00e8le Morvan Parce que jouer tout seul dans sa chambre, c&rsquo;est bien, mais jouer avec d&rsquo;autres enfants de son \u00e2ge et faire des concerts, c&rsquo;est beaucoup mieux ! Un vieux&#8230;<\/p>\n<p class=\"read-more\"><a class=\"btn btn-default\" href=\"https:\/\/www.emdg-guilers.org\/index.php\/orchestres\/cordeole\/\">Lire la suite<span class=\"screen-reader-text\"> Lire la suite<\/span><\/a><\/p>\n","protected":false},"author":3,"featured_media":0,"parent":46,"menu_order":0,"comment_status":"closed","ping_status":"closed","template":"","meta":{"footnotes":""},"yoast_head":"<!-- This site is optimized with the Yoast SEO plugin v22.4 - https:\/\/yoast.com\/wordpress\/plugins\/seo\/ -->\n<title>Cord&#039;Eole, orchestre enfants-ados - Ecole de Musique, Danse &amp; Th\u00e9\u00e2tre de Guilers<\/title>\n<meta name=\"robots\" content=\"index, follow, max-snippet:-1, max-image-preview:large, max-video-preview:-1\" \/>\n<link rel=\"canonical\" href=\"https:\/\/www.emdg-guilers.org\/index.php\/orchestres\/cordeole\/\" \/>\n<meta property=\"og:locale\" content=\"fr_FR\" \/>\n<meta property=\"og:type\" content=\"article\" \/>\n<meta property=\"og:title\" content=\"Cord&#039;Eole, orchestre enfants-ados - Ecole de Musique, Danse &amp; Th\u00e9\u00e2tre de Guilers\" \/>\n<meta property=\"og:description\" content=\"Ensemble \u00e0 cordes et \u00e0 vents des enfants de l&rsquo;EMDG Le Jeudi de 18h30 \u00e0 20h &#8211; Salle de r\u00e9p\u00e9tition (2\u00e8me \u00e9tage) Ce groupe, constitu\u00e9 d&rsquo;enfants \u00e2g\u00e9s de 9 ans et plus est accessible d\u00e8s 2 ou 3 ans de pratique instrumentale.\u00a0Ouvert aux violons, fl\u00fbtes, violoncelles, guitares, harpes, bassons&#8230; Avec Mich\u00e8le Morvan Parce que jouer tout seul dans sa chambre, c&rsquo;est bien, mais jouer avec d&rsquo;autres enfants de son \u00e2ge et faire des concerts, c&rsquo;est beaucoup mieux ! Un vieux...Lire la suite Lire la suite\" \/>\n<meta property=\"og:url\" content=\"https:\/\/www.emdg-guilers.org\/index.php\/orchestres\/cordeole\/\" \/>\n<meta property=\"og:site_name\" content=\"Ecole de Musique, Danse &amp; Th\u00e9\u00e2tre de Guilers\" \/>\n<meta property=\"article:publisher\" content=\"https:\/\/www.facebook.com\/Ecole-de-Musique-et-de-Danse-de-Guilers-480017765533016\/\" \/>\n<meta property=\"article:modified_time\" content=\"2025-07-08T08:23:31+00:00\" \/>\n<meta property=\"og:image\" content=\"https:\/\/www.emdg-guilers.org\/wp-content\/uploads\/2022\/09\/23-1024x1024.jpg\" \/>\n<meta name=\"twitter:card\" content=\"summary_large_image\" \/>\n<meta name=\"twitter:label1\" content=\"Dur\u00e9e de lecture estim\u00e9e\" \/>\n\t<meta name=\"twitter:data1\" content=\"1 minute\" \/>\n<script type=\"application\/ld+json\" class=\"yoast-schema-graph\">{\"@context\":\"https:\/\/schema.org\",\"@graph\":[{\"@type\":\"WebPage\",\"@id\":\"https:\/\/www.emdg-guilers.org\/index.php\/orchestres\/cordeole\/\",\"url\":\"https:\/\/www.emdg-guilers.org\/index.php\/orchestres\/cordeole\/\",\"name\":\"Cord'Eole, orchestre enfants-ados - Ecole de Musique, Danse &amp; Th\u00e9\u00e2tre de Guilers\",\"isPartOf\":{\"@id\":\"https:\/\/www.emdg-guilers.org\/#website\"},\"primaryImageOfPage\":{\"@id\":\"https:\/\/www.emdg-guilers.org\/index.php\/orchestres\/cordeole\/#primaryimage\"},\"image\":{\"@id\":\"https:\/\/www.emdg-guilers.org\/index.php\/orchestres\/cordeole\/#primaryimage\"},\"thumbnailUrl\":\"https:\/\/www.emdg-guilers.org\/wp-content\/uploads\/2022\/09\/23-1024x1024.jpg\",\"datePublished\":\"2016-06-29T15:54:26+00:00\",\"dateModified\":\"2025-07-08T08:23:31+00:00\",\"breadcrumb\":{\"@id\":\"https:\/\/www.emdg-guilers.org\/index.php\/orchestres\/cordeole\/#breadcrumb\"},\"inLanguage\":\"fr-FR\",\"potentialAction\":[{\"@type\":\"ReadAction\",\"target\":[\"https:\/\/www.emdg-guilers.org\/index.php\/orchestres\/cordeole\/\"]}]},{\"@type\":\"ImageObject\",\"inLanguage\":\"fr-FR\",\"@id\":\"https:\/\/www.emdg-guilers.org\/index.php\/orchestres\/cordeole\/#primaryimage\",\"url\":\"https:\/\/www.emdg-guilers.org\/wp-content\/uploads\/2022\/09\/23.jpg\",\"contentUrl\":\"https:\/\/www.emdg-guilers.org\/wp-content\/uploads\/2022\/09\/23.jpg\",\"width\":1080,\"height\":1080},{\"@type\":\"BreadcrumbList\",\"@id\":\"https:\/\/www.emdg-guilers.org\/index.php\/orchestres\/cordeole\/#breadcrumb\",\"itemListElement\":[{\"@type\":\"ListItem\",\"position\":1,\"name\":\"Accueil\",\"item\":\"https:\/\/www.emdg-guilers.org\/\"},{\"@type\":\"ListItem\",\"position\":2,\"name\":\"Jouer en groupe\",\"item\":\"https:\/\/www.emdg-guilers.org\/index.php\/orchestres\/\"},{\"@type\":\"ListItem\",\"position\":3,\"name\":\"Cord&rsquo;Eole, orchestre enfants-ados\"}]},{\"@type\":\"WebSite\",\"@id\":\"https:\/\/www.emdg-guilers.org\/#website\",\"url\":\"https:\/\/www.emdg-guilers.org\/\",\"name\":\"Ecole de Musique et Danse de Guilers\",\"description\":\"Ecole associative, cours de musique, danse, th\u00e9\u00e2tre accessibles \u00e0 tous\",\"publisher\":{\"@id\":\"https:\/\/www.emdg-guilers.org\/#organization\"},\"potentialAction\":[{\"@type\":\"SearchAction\",\"target\":{\"@type\":\"EntryPoint\",\"urlTemplate\":\"https:\/\/www.emdg-guilers.org\/?s={search_term_string}\"},\"query-input\":\"required name=search_term_string\"}],\"inLanguage\":\"fr-FR\"},{\"@type\":\"Organization\",\"@id\":\"https:\/\/www.emdg-guilers.org\/#organization\",\"name\":\"Ecole de Musique et de Danse\",\"url\":\"https:\/\/www.emdg-guilers.org\/\",\"logo\":{\"@type\":\"ImageObject\",\"inLanguage\":\"fr-FR\",\"@id\":\"https:\/\/www.emdg-guilers.org\/#\/schema\/logo\/image\/\",\"url\":\"https:\/\/www.emdg-guilers.org\/wp-content\/uploads\/2016\/06\/logo2014.jpg\",\"contentUrl\":\"https:\/\/www.emdg-guilers.org\/wp-content\/uploads\/2016\/06\/logo2014.jpg\",\"width\":214,\"height\":116,\"caption\":\"Ecole de Musique et de Danse\"},\"image\":{\"@id\":\"https:\/\/www.emdg-guilers.org\/#\/schema\/logo\/image\/\"},\"sameAs\":[\"https:\/\/www.facebook.com\/Ecole-de-Musique-et-de-Danse-de-Guilers-480017765533016\/\"]}]}<\/script>\n<!-- \/ Yoast SEO plugin. -->","yoast_head_json":{"title":"Cord'Eole, orchestre enfants-ados - Ecole de Musique, Danse &amp; Th\u00e9\u00e2tre de Guilers","robots":{"index":"index","follow":"follow","max-snippet":"max-snippet:-1","max-image-preview":"max-image-preview:large","max-video-preview":"max-video-preview:-1"},"canonical":"https:\/\/www.emdg-guilers.org\/index.php\/orchestres\/cordeole\/","og_locale":"fr_FR","og_type":"article","og_title":"Cord'Eole, orchestre enfants-ados - Ecole de Musique, Danse &amp; Th\u00e9\u00e2tre de Guilers","og_description":"Ensemble \u00e0 cordes et \u00e0 vents des enfants de l&rsquo;EMDG Le Jeudi de 18h30 \u00e0 20h &#8211; Salle de r\u00e9p\u00e9tition (2\u00e8me \u00e9tage) Ce groupe, constitu\u00e9 d&rsquo;enfants \u00e2g\u00e9s de 9 ans et plus est accessible d\u00e8s 2 ou 3 ans de pratique instrumentale.\u00a0Ouvert aux violons, fl\u00fbtes, violoncelles, guitares, harpes, bassons&#8230; Avec Mich\u00e8le Morvan Parce que jouer tout seul dans sa chambre, c&rsquo;est bien, mais jouer avec d&rsquo;autres enfants de son \u00e2ge et faire des concerts, c&rsquo;est beaucoup mieux ! Un vieux...Lire la suite Lire la suite","og_url":"https:\/\/www.emdg-guilers.org\/index.php\/orchestres\/cordeole\/","og_site_name":"Ecole de Musique, Danse &amp; Th\u00e9\u00e2tre de Guilers","article_publisher":"https:\/\/www.facebook.com\/Ecole-de-Musique-et-de-Danse-de-Guilers-480017765533016\/","article_modified_time":"2025-07-08T08:23:31+00:00","og_image":[{"url":"https:\/\/www.emdg-guilers.org\/wp-content\/uploads\/2022\/09\/23-1024x1024.jpg"}],"twitter_card":"summary_large_image","twitter_misc":{"Dur\u00e9e de lecture estim\u00e9e":"1 minute"},"schema":{"@context":"https:\/\/schema.org","@graph":[{"@type":"WebPage","@id":"https:\/\/www.emdg-guilers.org\/index.php\/orchestres\/cordeole\/","url":"https:\/\/www.emdg-guilers.org\/index.php\/orchestres\/cordeole\/","name":"Cord'Eole, orchestre enfants-ados - Ecole de Musique, Danse &amp; Th\u00e9\u00e2tre de Guilers","isPartOf":{"@id":"https:\/\/www.emdg-guilers.org\/#website"},"primaryImageOfPage":{"@id":"https:\/\/www.emdg-guilers.org\/index.php\/orchestres\/cordeole\/#primaryimage"},"image":{"@id":"https:\/\/www.emdg-guilers.org\/index.php\/orchestres\/cordeole\/#primaryimage"},"thumbnailUrl":"https:\/\/www.emdg-guilers.org\/wp-content\/uploads\/2022\/09\/23-1024x1024.jpg","datePublished":"2016-06-29T15:54:26+00:00","dateModified":"2025-07-08T08:23:31+00:00","breadcrumb":{"@id":"https:\/\/www.emdg-guilers.org\/index.php\/orchestres\/cordeole\/#breadcrumb"},"inLanguage":"fr-FR","potentialAction":[{"@type":"ReadAction","target":["https:\/\/www.emdg-guilers.org\/index.php\/orchestres\/cordeole\/"]}]},{"@type":"ImageObject","inLanguage":"fr-FR","@id":"https:\/\/www.emdg-guilers.org\/index.php\/orchestres\/cordeole\/#primaryimage","url":"https:\/\/www.emdg-guilers.org\/wp-content\/uploads\/2022\/09\/23.jpg","contentUrl":"https:\/\/www.emdg-guilers.org\/wp-content\/uploads\/2022\/09\/23.jpg","width":1080,"height":1080},{"@type":"BreadcrumbList","@id":"https:\/\/www.emdg-guilers.org\/index.php\/orchestres\/cordeole\/#breadcrumb","itemListElement":[{"@type":"ListItem","position":1,"name":"Accueil","item":"https:\/\/www.emdg-guilers.org\/"},{"@type":"ListItem","position":2,"name":"Jouer en groupe","item":"https:\/\/www.emdg-guilers.org\/index.php\/orchestres\/"},{"@type":"ListItem","position":3,"name":"Cord&rsquo;Eole, orchestre enfants-ados"}]},{"@type":"WebSite","@id":"https:\/\/www.emdg-guilers.org\/#website","url":"https:\/\/www.emdg-guilers.org\/","name":"Ecole de Musique et Danse de Guilers","description":"Ecole associative, cours de musique, danse, th\u00e9\u00e2tre accessibles \u00e0 tous","publisher":{"@id":"https:\/\/www.emdg-guilers.org\/#organization"},"potentialAction":[{"@type":"SearchAction","target":{"@type":"EntryPoint","urlTemplate":"https:\/\/www.emdg-guilers.org\/?s={search_term_string}"},"query-input":"required name=search_term_string"}],"inLanguage":"fr-FR"},{"@type":"Organization","@id":"https:\/\/www.emdg-guilers.org\/#organization","name":"Ecole de Musique et de Danse","url":"https:\/\/www.emdg-guilers.org\/","logo":{"@type":"ImageObject","inLanguage":"fr-FR","@id":"https:\/\/www.emdg-guilers.org\/#\/schema\/logo\/image\/","url":"https:\/\/www.emdg-guilers.org\/wp-content\/uploads\/2016\/06\/logo2014.jpg","contentUrl":"https:\/\/www.emdg-guilers.org\/wp-content\/uploads\/2016\/06\/logo2014.jpg","width":214,"height":116,"caption":"Ecole de Musique et de Danse"},"image":{"@id":"https:\/\/www.emdg-guilers.org\/#\/schema\/logo\/image\/"},"sameAs":["https:\/\/www.facebook.com\/Ecole-de-Musique-et-de-Danse-de-Guilers-480017765533016\/"]}]}},"_links":{"self":[{"href":"https:\/\/www.emdg-guilers.org\/index.php\/wp-json\/wp\/v2\/pages\/48"}],"collection":[{"href":"https:\/\/www.emdg-guilers.org\/index.php\/wp-json\/wp\/v2\/pages"}],"about":[{"href":"https:\/\/www.emdg-guilers.org\/index.php\/wp-json\/wp\/v2\/types\/page"}],"author":[{"embeddable":true,"href":"https:\/\/www.emdg-guilers.org\/index.php\/wp-json\/wp\/v2\/users\/3"}],"replies":[{"embeddable":true,"href":"https:\/\/www.emdg-guilers.org\/index.php\/wp-json\/wp\/v2\/comments?post=48"}],"version-history":[{"count":17,"href":"https:\/\/www.emdg-guilers.org\/index.php\/wp-json\/wp\/v2\/pages\/48\/revisions"}],"predecessor-version":[{"id":4725,"href":"https:\/\/www.emdg-guilers.org\/index.php\/wp-json\/wp\/v2\/pages\/48\/revisions\/4725"}],"up":[{"embeddable":true,"href":"https:\/\/www.emdg-guilers.org\/index.php\/wp-json\/wp\/v2\/pages\/46"}],"wp:attachment":[{"href":"https:\/\/www.emdg-guilers.org\/index.php\/wp-json\/wp\/v2\/media?parent=48"}],"curies":[{"name":"wp","href":"https:\/\/api.w.org\/{rel}","templated":true}]}}