{"id":526,"date":"2016-10-18T15:09:02","date_gmt":"2016-10-18T14:09:02","guid":{"rendered":"http:\/\/www.emdg-guilers.org\/?page_id=526"},"modified":"2025-03-06T21:23:34","modified_gmt":"2025-03-06T20:23:34","slug":"les-partenaires","status":"publish","type":"page","link":"https:\/\/www.emdg-guilers.org\/index.php\/lassociation\/les-partenaires\/","title":{"rendered":"Les partenaires"},"content":{"rendered":"<p>Pour ses activit\u00e9s, l&rsquo; \u00c9cole de Musique et Danse de Guilers est soutenue ou travaille main dans la main avec :<\/p>\n<ul>\n<li><strong>LES M\u00c9C\u00c8NES :\u00a0<\/strong><\/li>\n<\/ul>\n<p><a href=\"https:\/\/www.espace-emeraude.com\/magasin\/milizac\"><img loading=\"lazy\" decoding=\"async\" class=\"wp-image-3888 aligncenter\" src=\"https:\/\/www.emdg-guilers.org\/wp-content\/uploads\/2023\/10\/castrec-emeraude-300x300.jpg\" alt=\"\" width=\"152\" height=\"152\" srcset=\"https:\/\/www.emdg-guilers.org\/wp-content\/uploads\/2023\/10\/castrec-emeraude-300x300.jpg 300w, https:\/\/www.emdg-guilers.org\/wp-content\/uploads\/2023\/10\/castrec-emeraude-1024x1024.jpg 1024w, https:\/\/www.emdg-guilers.org\/wp-content\/uploads\/2023\/10\/castrec-emeraude-150x150.jpg 150w, https:\/\/www.emdg-guilers.org\/wp-content\/uploads\/2023\/10\/castrec-emeraude-768x768.jpg 768w, https:\/\/www.emdg-guilers.org\/wp-content\/uploads\/2023\/10\/castrec-emeraude-270x270.jpg 270w, https:\/\/www.emdg-guilers.org\/wp-content\/uploads\/2023\/10\/castrec-emeraude.jpg 1338w\" sizes=\"(max-width: 152px) 100vw, 152px\" \/><\/a><\/p>\n<ul>\n<li><b>LES PARTENAIRES \/ SOUTIENS INSTITUTIONNELS \/ R\u00c9SEAUX :<\/b><br \/><img loading=\"lazy\" decoding=\"async\" class=\"size-full wp-image-528 alignleft\" src=\"http:\/\/www.emdg-guilers.org\/wp-content\/uploads\/2016\/10\/logoGUILERS.png\" alt=\"logoguilers\" width=\"150\" height=\"111\" \/> \u00a0<\/li>\n<\/ul>\n<p><img loading=\"lazy\" decoding=\"async\" class=\"wp-image-4613  alignleft\" src=\"https:\/\/www.emdg-guilers.org\/wp-content\/uploads\/2025\/02\/Logo2023-CD29DEPT-HORIZ-quadri-300x129.jpg\" alt=\"\" width=\"191\" height=\"82\" srcset=\"https:\/\/www.emdg-guilers.org\/wp-content\/uploads\/2025\/02\/Logo2023-CD29DEPT-HORIZ-quadri-300x129.jpg 300w, https:\/\/www.emdg-guilers.org\/wp-content\/uploads\/2025\/02\/Logo2023-CD29DEPT-HORIZ-quadri-1024x441.jpg 1024w, https:\/\/www.emdg-guilers.org\/wp-content\/uploads\/2025\/02\/Logo2023-CD29DEPT-HORIZ-quadri-768x331.jpg 768w, https:\/\/www.emdg-guilers.org\/wp-content\/uploads\/2025\/02\/Logo2023-CD29DEPT-HORIZ-quadri-1536x662.jpg 1536w, https:\/\/www.emdg-guilers.org\/wp-content\/uploads\/2025\/02\/Logo2023-CD29DEPT-HORIZ-quadri-2048x882.jpg 2048w, https:\/\/www.emdg-guilers.org\/wp-content\/uploads\/2025\/02\/Logo2023-CD29DEPT-HORIZ-quadri-604x260.jpg 604w\" sizes=\"(max-width: 191px) 100vw, 191px\" \/><\/p>\n<p>\u00a0 \u00a0 \u00a0\u00a0<a href=\"https:\/\/www.brest.fr\/brestfr-accueil-1575.html\"><img loading=\"lazy\" decoding=\"async\" class=\"wp-image-537 alignleft\" src=\"http:\/\/www.emdg-guilers.org\/wp-content\/uploads\/2016\/10\/logoBrest.jpg\" alt=\"logobrest\" width=\"159\" height=\"80\" \/><\/a> \u00a0\u00a0 <a href=\"http:\/\/www.ansep2a.fr\/#page1\"><img loading=\"lazy\" decoding=\"async\" class=\"wp-image-2236 alignleft\" src=\"https:\/\/www.emdg-guilers.org\/wp-content\/uploads\/2021\/02\/ansep.png\" alt=\"\" width=\"193\" height=\"79\" \/><\/a>\u00a0 \u00a0 \u00a0\u00a0 <a href=\"https:\/\/www.culturelab29.fr\/\"><img loading=\"lazy\" decoding=\"async\" class=\"wp-image-2235 alignleft\" src=\"https:\/\/www.emdg-guilers.org\/wp-content\/uploads\/2021\/02\/culturelab29-300x300.jpg\" alt=\"\" width=\"129\" height=\"129\" srcset=\"https:\/\/www.emdg-guilers.org\/wp-content\/uploads\/2021\/02\/culturelab29-300x300.jpg 300w, https:\/\/www.emdg-guilers.org\/wp-content\/uploads\/2021\/02\/culturelab29-150x150.jpg 150w, https:\/\/www.emdg-guilers.org\/wp-content\/uploads\/2021\/02\/culturelab29-270x270.jpg 270w, https:\/\/www.emdg-guilers.org\/wp-content\/uploads\/2021\/02\/culturelab29.jpg 640w\" sizes=\"(max-width: 129px) 100vw, 129px\" \/><\/a>\u00a0 \u00a0<a href=\"https:\/\/conservatoire.brest.fr\/conservatoire-accueil-3283.html\"><img loading=\"lazy\" decoding=\"async\" class=\"wp-image-2234 alignleft\" src=\"https:\/\/www.emdg-guilers.org\/wp-content\/uploads\/2021\/02\/conservatoire-brest-300x160.jpg\" alt=\"\" width=\"208\" height=\"111\" srcset=\"https:\/\/www.emdg-guilers.org\/wp-content\/uploads\/2021\/02\/conservatoire-brest-300x160.jpg 300w, https:\/\/www.emdg-guilers.org\/wp-content\/uploads\/2021\/02\/conservatoire-brest-506x270.jpg 506w, https:\/\/www.emdg-guilers.org\/wp-content\/uploads\/2021\/02\/conservatoire-brest.jpg 750w\" sizes=\"(max-width: 208px) 100vw, 208px\" \/><\/a> <a href=\"https:\/\/csagora.guilers.org\/\"><img loading=\"lazy\" decoding=\"async\" class=\"wp-image-2233 alignleft\" src=\"https:\/\/www.emdg-guilers.org\/wp-content\/uploads\/2021\/02\/agora.png\" alt=\"\" width=\"116\" height=\"116\" srcset=\"https:\/\/www.emdg-guilers.org\/wp-content\/uploads\/2021\/02\/agora.png 200w, https:\/\/www.emdg-guilers.org\/wp-content\/uploads\/2021\/02\/agora-150x150.png 150w\" sizes=\"(max-width: 116px) 100vw, 116px\" \/><\/a>\u00a0 \u00a0<\/p>\n<p><img loading=\"lazy\" decoding=\"async\" class=\"wp-image-4466 alignleft\" title=\"https:\/\/djazzandco.fr\/\" src=\"https:\/\/www.emdg-guilers.org\/wp-content\/uploads\/2024\/06\/cropped-logo-DC-Cfl_carre-300x300.jpg\" alt=\"\" width=\"133\" height=\"133\" srcset=\"https:\/\/www.emdg-guilers.org\/wp-content\/uploads\/2024\/06\/cropped-logo-DC-Cfl_carre-300x300.jpg 300w, https:\/\/www.emdg-guilers.org\/wp-content\/uploads\/2024\/06\/cropped-logo-DC-Cfl_carre-150x150.jpg 150w, https:\/\/www.emdg-guilers.org\/wp-content\/uploads\/2024\/06\/cropped-logo-DC-Cfl_carre-270x270.jpg 270w, https:\/\/www.emdg-guilers.org\/wp-content\/uploads\/2024\/06\/cropped-logo-DC-Cfl_carre.jpg 512w\" sizes=\"(max-width: 133px) 100vw, 133px\" \/><\/p>\n<p>\u00a0<\/p>\n<p>\u00a0<\/p>\n<p>\u00a0<\/p>\n<p>\u00a0<\/p>\n<p><br \/><br \/>L&rsquo;EMDG est ambassadeur de la marque Tout commence en Finist\u00e8re.<br \/><br \/><a href=\"http:\/\/www.toutcommenceenfinistere.fr\/\"><img loading=\"lazy\" decoding=\"async\" class=\"wp-image-1380 alignleft\" src=\"http:\/\/www.emdg-guilers.org\/wp-content\/uploads\/2016\/10\/BLOC-TCF-QUADRI.png\" alt=\"\" width=\"151\" height=\"65\" srcset=\"https:\/\/www.emdg-guilers.org\/wp-content\/uploads\/2016\/10\/BLOC-TCF-QUADRI.png 774w, https:\/\/www.emdg-guilers.org\/wp-content\/uploads\/2016\/10\/BLOC-TCF-QUADRI-300x129.png 300w, https:\/\/www.emdg-guilers.org\/wp-content\/uploads\/2016\/10\/BLOC-TCF-QUADRI-768x331.png 768w, https:\/\/www.emdg-guilers.org\/wp-content\/uploads\/2016\/10\/BLOC-TCF-QUADRI-604x261.png 604w\" sizes=\"(max-width: 151px) 100vw, 151px\" \/><\/a><\/p>\n<p>\u00a0<\/p>\n<p><br \/>Dans l&rsquo;optique de permettre \u00e0 ses adh\u00e9rents d&rsquo;affiner leur oreille musicale ou leur regard de spectateur, l&rsquo;EMDG a mis en place des partenariats avec les producteurs et lieux de diffusion suivants. Toute l&rsquo;ann\u00e9e, les \u00e9l\u00e8ves peuvent b\u00e9n\u00e9ficier de propositions de spectacles ou concerts \u00e0 tarif r\u00e9duit et s&rsquo;y rendre avec leur professeur, leur groupe ou entre \u00e9l\u00e8ves.<\/p>\n<p><a href=\"http:\/\/www.hot-club-jazz-iroise.fr\/\"><img loading=\"lazy\" decoding=\"async\" class=\" wp-image-661 alignnone\" src=\"http:\/\/www.emdg-guilers.org\/wp-content\/uploads\/2016\/10\/hotclub.jpeg\" alt=\"\" width=\"101\" height=\"54\" \/><\/a>\u00a0 \u00a0 \u00a0 \u00a0 \u00a0\u00a0<a href=\"http:\/\/www.lequartz.com\/\"><img loading=\"lazy\" decoding=\"async\" class=\"wp-image-663 alignnone\" src=\"http:\/\/www.emdg-guilers.org\/wp-content\/uploads\/2016\/10\/quartz-300x157.png\" alt=\"\" width=\"146\" height=\"77\" srcset=\"https:\/\/www.emdg-guilers.org\/wp-content\/uploads\/2016\/10\/quartz-300x157.png 300w, https:\/\/www.emdg-guilers.org\/wp-content\/uploads\/2016\/10\/quartz.png 310w\" sizes=\"(max-width: 146px) 100vw, 146px\" \/><\/a><\/p>\n<p>En vous pr\u00e9sentant dans ces magasins avec votre carte d&rsquo;adh\u00e9rent \u00e0 l&rsquo;EMDG, b\u00e9n\u00e9ficiez de r\u00e9ductions :<br \/><a href=\"http:\/\/www.mercier-musique.fr\/\"><img loading=\"lazy\" decoding=\"async\" class=\"alignnone wp-image-539\" src=\"http:\/\/www.emdg-guilers.org\/wp-content\/uploads\/2016\/10\/mercier_logo_carte.png\" alt=\"mercier_logo_carte\" width=\"171\" height=\"90\" srcset=\"https:\/\/www.emdg-guilers.org\/wp-content\/uploads\/2016\/10\/mercier_logo_carte.png 409w, https:\/\/www.emdg-guilers.org\/wp-content\/uploads\/2016\/10\/mercier_logo_carte-300x158.png 300w\" sizes=\"(max-width: 171px) 100vw, 171px\" \/><\/a> \u00a0\u00a0 <a href=\"http:\/\/artetmusique.fr\/\"><img loading=\"lazy\" decoding=\"async\" class=\"alignnone wp-image-540\" src=\"http:\/\/www.emdg-guilers.org\/wp-content\/uploads\/2016\/10\/artetmusique.jpg\" alt=\"artetmusique\" width=\"55\" height=\"41\" \/><\/a><\/p>\n\n\n<ul>\n<li><strong>PARRAIN D&rsquo;EVENEMENTS <\/strong><\/li>\n<\/ul>\n\n\n\n<figure class=\"wp-block-image size-large is-resized\"><a href=\"https:\/\/agences.groupama.fr\/assurance\/loire-bretagne\/agence-groupama-guilers-idLBR31069\"><img loading=\"lazy\" decoding=\"async\" width=\"1024\" height=\"401\" src=\"https:\/\/www.emdg-guilers.org\/wp-content\/uploads\/2024\/03\/groupama-1024x401.jpg\" alt=\"\" class=\"wp-image-4106\" style=\"width:230px;height:90px\" srcset=\"https:\/\/www.emdg-guilers.org\/wp-content\/uploads\/2024\/03\/groupama-1024x401.jpg 1024w, https:\/\/www.emdg-guilers.org\/wp-content\/uploads\/2024\/03\/groupama-300x118.jpg 300w, https:\/\/www.emdg-guilers.org\/wp-content\/uploads\/2024\/03\/groupama-768x301.jpg 768w, https:\/\/www.emdg-guilers.org\/wp-content\/uploads\/2024\/03\/groupama-604x237.jpg 604w, https:\/\/www.emdg-guilers.org\/wp-content\/uploads\/2024\/03\/groupama.jpg 1406w\" sizes=\"(max-width: 1024px) 100vw, 1024px\" \/><\/a><\/figure>\n","protected":false},"excerpt":{"rendered":"<p>Pour ses activit\u00e9s, l&rsquo; \u00c9cole de Musique et Danse de Guilers est soutenue ou travaille main dans la main avec : LES M\u00c9C\u00c8NES :\u00a0 LES PARTENAIRES \/ SOUTIENS INSTITUTIONNELS \/ R\u00c9SEAUX : \u00a0 \u00a0 \u00a0 \u00a0\u00a0 \u00a0\u00a0 \u00a0 \u00a0 \u00a0\u00a0 \u00a0 \u00a0 \u00a0 \u00a0 \u00a0 \u00a0 \u00a0 \u00a0 L&rsquo;EMDG est ambassadeur de la marque Tout commence en Finist\u00e8re. \u00a0 Dans l&rsquo;optique de permettre \u00e0 ses adh\u00e9rents d&rsquo;affiner leur oreille musicale ou leur regard de spectateur, l&rsquo;EMDG a mis en place&#8230;<\/p>\n<p class=\"read-more\"><a class=\"btn btn-default\" href=\"https:\/\/www.emdg-guilers.org\/index.php\/lassociation\/les-partenaires\/\">Lire la suite<span class=\"screen-reader-text\"> Lire la suite<\/span><\/a><\/p>\n","protected":false},"author":3,"featured_media":0,"parent":12,"menu_order":6,"comment_status":"closed","ping_status":"closed","template":"","meta":{"footnotes":""},"yoast_head":"<!-- This site is optimized with the Yoast SEO plugin v22.4 - https:\/\/yoast.com\/wordpress\/plugins\/seo\/ -->\n<title>Les partenaires - Ecole de Musique, Danse &amp; Th\u00e9\u00e2tre de Guilers<\/title>\n<meta name=\"robots\" content=\"index, follow, max-snippet:-1, max-image-preview:large, max-video-preview:-1\" \/>\n<link rel=\"canonical\" href=\"https:\/\/www.emdg-guilers.org\/index.php\/lassociation\/les-partenaires\/\" \/>\n<meta property=\"og:locale\" content=\"fr_FR\" \/>\n<meta property=\"og:type\" content=\"article\" \/>\n<meta property=\"og:title\" content=\"Les partenaires - Ecole de Musique, Danse &amp; Th\u00e9\u00e2tre de Guilers\" \/>\n<meta property=\"og:description\" content=\"Pour ses activit\u00e9s, l&rsquo; \u00c9cole de Musique et Danse de Guilers est soutenue ou travaille main dans la main avec : LES M\u00c9C\u00c8NES :\u00a0 LES PARTENAIRES \/ SOUTIENS INSTITUTIONNELS \/ R\u00c9SEAUX : \u00a0 \u00a0 \u00a0 \u00a0\u00a0 \u00a0\u00a0 \u00a0 \u00a0 \u00a0\u00a0 \u00a0 \u00a0 \u00a0 \u00a0 \u00a0 \u00a0 \u00a0 \u00a0 L&rsquo;EMDG est ambassadeur de la marque Tout commence en Finist\u00e8re. \u00a0 Dans l&rsquo;optique de permettre \u00e0 ses adh\u00e9rents d&rsquo;affiner leur oreille musicale ou leur regard de spectateur, l&rsquo;EMDG a mis en place...Lire la suite Lire la suite\" \/>\n<meta property=\"og:url\" content=\"https:\/\/www.emdg-guilers.org\/index.php\/lassociation\/les-partenaires\/\" \/>\n<meta property=\"og:site_name\" content=\"Ecole de Musique, Danse &amp; Th\u00e9\u00e2tre de Guilers\" \/>\n<meta property=\"article:publisher\" content=\"https:\/\/www.facebook.com\/Ecole-de-Musique-et-de-Danse-de-Guilers-480017765533016\/\" \/>\n<meta property=\"article:modified_time\" content=\"2025-03-06T20:23:34+00:00\" \/>\n<meta property=\"og:image\" content=\"https:\/\/www.emdg-guilers.org\/wp-content\/uploads\/2023\/10\/castrec-emeraude-300x300.jpg\" \/>\n<meta name=\"twitter:card\" content=\"summary_large_image\" \/>\n<meta name=\"twitter:label1\" content=\"Dur\u00e9e de lecture estim\u00e9e\" \/>\n\t<meta name=\"twitter:data1\" content=\"4 minutes\" \/>\n<script type=\"application\/ld+json\" class=\"yoast-schema-graph\">{\"@context\":\"https:\/\/schema.org\",\"@graph\":[{\"@type\":\"WebPage\",\"@id\":\"https:\/\/www.emdg-guilers.org\/index.php\/lassociation\/les-partenaires\/\",\"url\":\"https:\/\/www.emdg-guilers.org\/index.php\/lassociation\/les-partenaires\/\",\"name\":\"Les partenaires - Ecole de Musique, Danse &amp; Th\u00e9\u00e2tre de Guilers\",\"isPartOf\":{\"@id\":\"https:\/\/www.emdg-guilers.org\/#website\"},\"primaryImageOfPage\":{\"@id\":\"https:\/\/www.emdg-guilers.org\/index.php\/lassociation\/les-partenaires\/#primaryimage\"},\"image\":{\"@id\":\"https:\/\/www.emdg-guilers.org\/index.php\/lassociation\/les-partenaires\/#primaryimage\"},\"thumbnailUrl\":\"https:\/\/www.emdg-guilers.org\/wp-content\/uploads\/2023\/10\/castrec-emeraude-300x300.jpg\",\"datePublished\":\"2016-10-18T14:09:02+00:00\",\"dateModified\":\"2025-03-06T20:23:34+00:00\",\"breadcrumb\":{\"@id\":\"https:\/\/www.emdg-guilers.org\/index.php\/lassociation\/les-partenaires\/#breadcrumb\"},\"inLanguage\":\"fr-FR\",\"potentialAction\":[{\"@type\":\"ReadAction\",\"target\":[\"https:\/\/www.emdg-guilers.org\/index.php\/lassociation\/les-partenaires\/\"]}]},{\"@type\":\"ImageObject\",\"inLanguage\":\"fr-FR\",\"@id\":\"https:\/\/www.emdg-guilers.org\/index.php\/lassociation\/les-partenaires\/#primaryimage\",\"url\":\"https:\/\/www.emdg-guilers.org\/wp-content\/uploads\/2023\/10\/castrec-emeraude.jpg\",\"contentUrl\":\"https:\/\/www.emdg-guilers.org\/wp-content\/uploads\/2023\/10\/castrec-emeraude.jpg\",\"width\":1338,\"height\":1338},{\"@type\":\"BreadcrumbList\",\"@id\":\"https:\/\/www.emdg-guilers.org\/index.php\/lassociation\/les-partenaires\/#breadcrumb\",\"itemListElement\":[{\"@type\":\"ListItem\",\"position\":1,\"name\":\"Accueil\",\"item\":\"https:\/\/www.emdg-guilers.org\/\"},{\"@type\":\"ListItem\",\"position\":2,\"name\":\"L&rsquo;association\",\"item\":\"https:\/\/www.emdg-guilers.org\/index.php\/lassociation\/\"},{\"@type\":\"ListItem\",\"position\":3,\"name\":\"Les partenaires\"}]},{\"@type\":\"WebSite\",\"@id\":\"https:\/\/www.emdg-guilers.org\/#website\",\"url\":\"https:\/\/www.emdg-guilers.org\/\",\"name\":\"Ecole de Musique et Danse de Guilers\",\"description\":\"Ecole associative, cours de musique, danse, th\u00e9\u00e2tre accessibles \u00e0 tous\",\"publisher\":{\"@id\":\"https:\/\/www.emdg-guilers.org\/#organization\"},\"potentialAction\":[{\"@type\":\"SearchAction\",\"target\":{\"@type\":\"EntryPoint\",\"urlTemplate\":\"https:\/\/www.emdg-guilers.org\/?s={search_term_string}\"},\"query-input\":\"required name=search_term_string\"}],\"inLanguage\":\"fr-FR\"},{\"@type\":\"Organization\",\"@id\":\"https:\/\/www.emdg-guilers.org\/#organization\",\"name\":\"Ecole de Musique et de Danse\",\"url\":\"https:\/\/www.emdg-guilers.org\/\",\"logo\":{\"@type\":\"ImageObject\",\"inLanguage\":\"fr-FR\",\"@id\":\"https:\/\/www.emdg-guilers.org\/#\/schema\/logo\/image\/\",\"url\":\"https:\/\/www.emdg-guilers.org\/wp-content\/uploads\/2016\/06\/logo2014.jpg\",\"contentUrl\":\"https:\/\/www.emdg-guilers.org\/wp-content\/uploads\/2016\/06\/logo2014.jpg\",\"width\":214,\"height\":116,\"caption\":\"Ecole de Musique et de Danse\"},\"image\":{\"@id\":\"https:\/\/www.emdg-guilers.org\/#\/schema\/logo\/image\/\"},\"sameAs\":[\"https:\/\/www.facebook.com\/Ecole-de-Musique-et-de-Danse-de-Guilers-480017765533016\/\"]}]}<\/script>\n<!-- \/ Yoast SEO plugin. -->","yoast_head_json":{"title":"Les partenaires - Ecole de Musique, Danse &amp; Th\u00e9\u00e2tre de Guilers","robots":{"index":"index","follow":"follow","max-snippet":"max-snippet:-1","max-image-preview":"max-image-preview:large","max-video-preview":"max-video-preview:-1"},"canonical":"https:\/\/www.emdg-guilers.org\/index.php\/lassociation\/les-partenaires\/","og_locale":"fr_FR","og_type":"article","og_title":"Les partenaires - Ecole de Musique, Danse &amp; Th\u00e9\u00e2tre de Guilers","og_description":"Pour ses activit\u00e9s, l&rsquo; \u00c9cole de Musique et Danse de Guilers est soutenue ou travaille main dans la main avec : LES M\u00c9C\u00c8NES :\u00a0 LES PARTENAIRES \/ SOUTIENS INSTITUTIONNELS \/ R\u00c9SEAUX : \u00a0 \u00a0 \u00a0 \u00a0\u00a0 \u00a0\u00a0 \u00a0 \u00a0 \u00a0\u00a0 \u00a0 \u00a0 \u00a0 \u00a0 \u00a0 \u00a0 \u00a0 \u00a0 L&rsquo;EMDG est ambassadeur de la marque Tout commence en Finist\u00e8re. \u00a0 Dans l&rsquo;optique de permettre \u00e0 ses adh\u00e9rents d&rsquo;affiner leur oreille musicale ou leur regard de spectateur, l&rsquo;EMDG a mis en place...Lire la suite Lire la suite","og_url":"https:\/\/www.emdg-guilers.org\/index.php\/lassociation\/les-partenaires\/","og_site_name":"Ecole de Musique, Danse &amp; Th\u00e9\u00e2tre de Guilers","article_publisher":"https:\/\/www.facebook.com\/Ecole-de-Musique-et-de-Danse-de-Guilers-480017765533016\/","article_modified_time":"2025-03-06T20:23:34+00:00","og_image":[{"url":"https:\/\/www.emdg-guilers.org\/wp-content\/uploads\/2023\/10\/castrec-emeraude-300x300.jpg"}],"twitter_card":"summary_large_image","twitter_misc":{"Dur\u00e9e de lecture estim\u00e9e":"4 minutes"},"schema":{"@context":"https:\/\/schema.org","@graph":[{"@type":"WebPage","@id":"https:\/\/www.emdg-guilers.org\/index.php\/lassociation\/les-partenaires\/","url":"https:\/\/www.emdg-guilers.org\/index.php\/lassociation\/les-partenaires\/","name":"Les partenaires - Ecole de Musique, Danse &amp; Th\u00e9\u00e2tre de Guilers","isPartOf":{"@id":"https:\/\/www.emdg-guilers.org\/#website"},"primaryImageOfPage":{"@id":"https:\/\/www.emdg-guilers.org\/index.php\/lassociation\/les-partenaires\/#primaryimage"},"image":{"@id":"https:\/\/www.emdg-guilers.org\/index.php\/lassociation\/les-partenaires\/#primaryimage"},"thumbnailUrl":"https:\/\/www.emdg-guilers.org\/wp-content\/uploads\/2023\/10\/castrec-emeraude-300x300.jpg","datePublished":"2016-10-18T14:09:02+00:00","dateModified":"2025-03-06T20:23:34+00:00","breadcrumb":{"@id":"https:\/\/www.emdg-guilers.org\/index.php\/lassociation\/les-partenaires\/#breadcrumb"},"inLanguage":"fr-FR","potentialAction":[{"@type":"ReadAction","target":["https:\/\/www.emdg-guilers.org\/index.php\/lassociation\/les-partenaires\/"]}]},{"@type":"ImageObject","inLanguage":"fr-FR","@id":"https:\/\/www.emdg-guilers.org\/index.php\/lassociation\/les-partenaires\/#primaryimage","url":"https:\/\/www.emdg-guilers.org\/wp-content\/uploads\/2023\/10\/castrec-emeraude.jpg","contentUrl":"https:\/\/www.emdg-guilers.org\/wp-content\/uploads\/2023\/10\/castrec-emeraude.jpg","width":1338,"height":1338},{"@type":"BreadcrumbList","@id":"https:\/\/www.emdg-guilers.org\/index.php\/lassociation\/les-partenaires\/#breadcrumb","itemListElement":[{"@type":"ListItem","position":1,"name":"Accueil","item":"https:\/\/www.emdg-guilers.org\/"},{"@type":"ListItem","position":2,"name":"L&rsquo;association","item":"https:\/\/www.emdg-guilers.org\/index.php\/lassociation\/"},{"@type":"ListItem","position":3,"name":"Les partenaires"}]},{"@type":"WebSite","@id":"https:\/\/www.emdg-guilers.org\/#website","url":"https:\/\/www.emdg-guilers.org\/","name":"Ecole de Musique et Danse de Guilers","description":"Ecole associative, cours de musique, danse, th\u00e9\u00e2tre accessibles \u00e0 tous","publisher":{"@id":"https:\/\/www.emdg-guilers.org\/#organization"},"potentialAction":[{"@type":"SearchAction","target":{"@type":"EntryPoint","urlTemplate":"https:\/\/www.emdg-guilers.org\/?s={search_term_string}"},"query-input":"required name=search_term_string"}],"inLanguage":"fr-FR"},{"@type":"Organization","@id":"https:\/\/www.emdg-guilers.org\/#organization","name":"Ecole de Musique et de Danse","url":"https:\/\/www.emdg-guilers.org\/","logo":{"@type":"ImageObject","inLanguage":"fr-FR","@id":"https:\/\/www.emdg-guilers.org\/#\/schema\/logo\/image\/","url":"https:\/\/www.emdg-guilers.org\/wp-content\/uploads\/2016\/06\/logo2014.jpg","contentUrl":"https:\/\/www.emdg-guilers.org\/wp-content\/uploads\/2016\/06\/logo2014.jpg","width":214,"height":116,"caption":"Ecole de Musique et de Danse"},"image":{"@id":"https:\/\/www.emdg-guilers.org\/#\/schema\/logo\/image\/"},"sameAs":["https:\/\/www.facebook.com\/Ecole-de-Musique-et-de-Danse-de-Guilers-480017765533016\/"]}]}},"_links":{"self":[{"href":"https:\/\/www.emdg-guilers.org\/index.php\/wp-json\/wp\/v2\/pages\/526"}],"collection":[{"href":"https:\/\/www.emdg-guilers.org\/index.php\/wp-json\/wp\/v2\/pages"}],"about":[{"href":"https:\/\/www.emdg-guilers.org\/index.php\/wp-json\/wp\/v2\/types\/page"}],"author":[{"embeddable":true,"href":"https:\/\/www.emdg-guilers.org\/index.php\/wp-json\/wp\/v2\/users\/3"}],"replies":[{"embeddable":true,"href":"https:\/\/www.emdg-guilers.org\/index.php\/wp-json\/wp\/v2\/comments?post=526"}],"version-history":[{"count":31,"href":"https:\/\/www.emdg-guilers.org\/index.php\/wp-json\/wp\/v2\/pages\/526\/revisions"}],"predecessor-version":[{"id":4637,"href":"https:\/\/www.emdg-guilers.org\/index.php\/wp-json\/wp\/v2\/pages\/526\/revisions\/4637"}],"up":[{"embeddable":true,"href":"https:\/\/www.emdg-guilers.org\/index.php\/wp-json\/wp\/v2\/pages\/12"}],"wp:attachment":[{"href":"https:\/\/www.emdg-guilers.org\/index.php\/wp-json\/wp\/v2\/media?parent=526"}],"curies":[{"name":"wp","href":"https:\/\/api.w.org\/{rel}","templated":true}]}}