{"id":56,"date":"2016-06-29T16:55:01","date_gmt":"2016-06-29T15:55:01","guid":{"rendered":"http:\/\/www.emdg-guilers.org\/?page_id=56"},"modified":"2019-06-20T16:58:28","modified_gmt":"2019-06-20T14:58:28","slug":"eveil","status":"publish","type":"page","link":"https:\/\/www.emdg-guilers.org\/index.php\/eveil\/","title":{"rendered":"Eveil"},"content":{"rendered":"<p><img loading=\"lazy\" decoding=\"async\" class=\"alignleft size-full wp-image-396\" src=\"http:\/\/www.emdg-guilers.org\/wp-content\/uploads\/2016\/09\/carreeveil.jpg\" alt=\"carreeveil\" width=\"300\" height=\"300\" srcset=\"https:\/\/www.emdg-guilers.org\/wp-content\/uploads\/2016\/09\/carreeveil.jpg 300w, https:\/\/www.emdg-guilers.org\/wp-content\/uploads\/2016\/09\/carreeveil-150x150.jpg 150w, https:\/\/www.emdg-guilers.org\/wp-content\/uploads\/2016\/09\/carreeveil-270x270.jpg 270w\" sizes=\"(max-width: 300px) 100vw, 300px\" \/><\/p>\n<p>Nous proposons des ateliers d&rsquo;<a href=\"http:\/\/www.emdg-guilers.org\/index.php\/eveil\/musique\/\">Eveil musical<\/a> et d&rsquo;<a href=\"http:\/\/www.emdg-guilers.org\/index.php\/eveil\/danse-2\/\">Eveil \u00e0 la danse<\/a> pour les enfants, d\u00e8s 3 ans.<\/p>\n<p>D\u00e8s 5 ans, les enfants peuvent d\u00e9couvrir la musique via les cordes, avec la m\u00e9thode Colour Strings, dans la classe de <a href=\"http:\/\/www.emdg-guilers.org\/index.php\/musique\/instruments\/violon\/\">violon<\/a>, ou par un instrument \u00e0 vent, en <a href=\"http:\/\/www.emdg-guilers.org\/index.php\/musique\/instruments\/flute-a-bec\/\">fl\u00fbte \u00e0 bec<\/a>.<\/p>\n<p>&nbsp;<\/p>\n<p>Pour 2019-20 :<\/p>\n<p><strong>Jardin musical :<\/strong>\u00a0mercredi 10h-10h45 (3-5 ans)<br \/>\n<strong>Eveil musical<\/strong>\u00a0: mercredi 9h-9h45 (5-6 ans)<br \/>\nAvec Claire-Audrey Kennedy<br \/>\n<strong>Eveil musique-danse :<\/strong>\u00a0mercredi 11h45-12h30 (4-6 ans)\u00a0<strong><em>NOUVEAU 2019-20 !<\/em><\/strong><br \/>\nAvec Justine Sion-Henry et Virginie Le Glohaec<\/p>\n","protected":false},"excerpt":{"rendered":"<p>Nous proposons des ateliers d&rsquo;Eveil musical et d&rsquo;Eveil \u00e0 la danse pour les enfants, d\u00e8s 3 ans. D\u00e8s 5 ans, les enfants peuvent d\u00e9couvrir la musique via les cordes, avec la m\u00e9thode Colour Strings, dans la classe de violon, ou par un instrument \u00e0 vent, en fl\u00fbte \u00e0 bec. &nbsp; Pour 2019-20 : Jardin musical :\u00a0mercredi 10h-10h45 (3-5 ans) Eveil musical\u00a0: mercredi 9h-9h45 (5-6 ans) Avec Claire-Audrey Kennedy Eveil musique-danse :\u00a0mercredi 11h45-12h30 (4-6 ans)\u00a0NOUVEAU 2019-20 ! Avec Justine Sion-Henry et&#8230;<\/p>\n<p class=\"read-more\"><a class=\"btn btn-default\" href=\"https:\/\/www.emdg-guilers.org\/index.php\/eveil\/\">Lire la suite<span class=\"screen-reader-text\"> Lire la suite<\/span><\/a><\/p>\n","protected":false},"author":3,"featured_media":0,"parent":0,"menu_order":0,"comment_status":"closed","ping_status":"closed","template":"","meta":{"footnotes":""},"yoast_head":"<!-- This site is optimized with the Yoast SEO plugin v22.4 - https:\/\/yoast.com\/wordpress\/plugins\/seo\/ -->\n<title>Eveil - Ecole de Musique, Danse &amp; Th\u00e9\u00e2tre de Guilers<\/title>\n<meta name=\"robots\" content=\"index, follow, max-snippet:-1, max-image-preview:large, max-video-preview:-1\" \/>\n<link rel=\"canonical\" href=\"https:\/\/www.emdg-guilers.org\/index.php\/eveil\/\" \/>\n<meta property=\"og:locale\" content=\"fr_FR\" \/>\n<meta property=\"og:type\" content=\"article\" \/>\n<meta property=\"og:title\" content=\"Eveil - Ecole de Musique, Danse &amp; Th\u00e9\u00e2tre de Guilers\" \/>\n<meta property=\"og:description\" content=\"Nous proposons des ateliers d&rsquo;Eveil musical et d&rsquo;Eveil \u00e0 la danse pour les enfants, d\u00e8s 3 ans. D\u00e8s 5 ans, les enfants peuvent d\u00e9couvrir la musique via les cordes, avec la m\u00e9thode Colour Strings, dans la classe de violon, ou par un instrument \u00e0 vent, en fl\u00fbte \u00e0 bec. &nbsp; Pour 2019-20 : Jardin musical :\u00a0mercredi 10h-10h45 (3-5 ans) Eveil musical\u00a0: mercredi 9h-9h45 (5-6 ans) Avec Claire-Audrey Kennedy Eveil musique-danse :\u00a0mercredi 11h45-12h30 (4-6 ans)\u00a0NOUVEAU 2019-20 ! Avec Justine Sion-Henry et...Lire la suite Lire la suite\" \/>\n<meta property=\"og:url\" content=\"https:\/\/www.emdg-guilers.org\/index.php\/eveil\/\" \/>\n<meta property=\"og:site_name\" content=\"Ecole de Musique, Danse &amp; Th\u00e9\u00e2tre de Guilers\" \/>\n<meta property=\"article:publisher\" content=\"https:\/\/www.facebook.com\/Ecole-de-Musique-et-de-Danse-de-Guilers-480017765533016\/\" \/>\n<meta property=\"article:modified_time\" content=\"2019-06-20T14:58:28+00:00\" \/>\n<meta property=\"og:image\" content=\"http:\/\/www.emdg-guilers.org\/wp-content\/uploads\/2016\/09\/carreeveil.jpg\" \/>\n<meta name=\"twitter:card\" content=\"summary_large_image\" \/>\n<script type=\"application\/ld+json\" class=\"yoast-schema-graph\">{\"@context\":\"https:\/\/schema.org\",\"@graph\":[{\"@type\":\"WebPage\",\"@id\":\"https:\/\/www.emdg-guilers.org\/index.php\/eveil\/\",\"url\":\"https:\/\/www.emdg-guilers.org\/index.php\/eveil\/\",\"name\":\"Eveil - Ecole de Musique, Danse &amp; Th\u00e9\u00e2tre de Guilers\",\"isPartOf\":{\"@id\":\"https:\/\/www.emdg-guilers.org\/#website\"},\"primaryImageOfPage\":{\"@id\":\"https:\/\/www.emdg-guilers.org\/index.php\/eveil\/#primaryimage\"},\"image\":{\"@id\":\"https:\/\/www.emdg-guilers.org\/index.php\/eveil\/#primaryimage\"},\"thumbnailUrl\":\"http:\/\/www.emdg-guilers.org\/wp-content\/uploads\/2016\/09\/carreeveil.jpg\",\"datePublished\":\"2016-06-29T15:55:01+00:00\",\"dateModified\":\"2019-06-20T14:58:28+00:00\",\"breadcrumb\":{\"@id\":\"https:\/\/www.emdg-guilers.org\/index.php\/eveil\/#breadcrumb\"},\"inLanguage\":\"fr-FR\",\"potentialAction\":[{\"@type\":\"ReadAction\",\"target\":[\"https:\/\/www.emdg-guilers.org\/index.php\/eveil\/\"]}]},{\"@type\":\"ImageObject\",\"inLanguage\":\"fr-FR\",\"@id\":\"https:\/\/www.emdg-guilers.org\/index.php\/eveil\/#primaryimage\",\"url\":\"http:\/\/www.emdg-guilers.org\/wp-content\/uploads\/2016\/09\/carreeveil.jpg\",\"contentUrl\":\"http:\/\/www.emdg-guilers.org\/wp-content\/uploads\/2016\/09\/carreeveil.jpg\"},{\"@type\":\"BreadcrumbList\",\"@id\":\"https:\/\/www.emdg-guilers.org\/index.php\/eveil\/#breadcrumb\",\"itemListElement\":[{\"@type\":\"ListItem\",\"position\":1,\"name\":\"Accueil\",\"item\":\"https:\/\/www.emdg-guilers.org\/\"},{\"@type\":\"ListItem\",\"position\":2,\"name\":\"Eveil\"}]},{\"@type\":\"WebSite\",\"@id\":\"https:\/\/www.emdg-guilers.org\/#website\",\"url\":\"https:\/\/www.emdg-guilers.org\/\",\"name\":\"Ecole de Musique et Danse de Guilers\",\"description\":\"Ecole associative, cours de musique, danse, th\u00e9\u00e2tre accessibles \u00e0 tous\",\"publisher\":{\"@id\":\"https:\/\/www.emdg-guilers.org\/#organization\"},\"potentialAction\":[{\"@type\":\"SearchAction\",\"target\":{\"@type\":\"EntryPoint\",\"urlTemplate\":\"https:\/\/www.emdg-guilers.org\/?s={search_term_string}\"},\"query-input\":\"required name=search_term_string\"}],\"inLanguage\":\"fr-FR\"},{\"@type\":\"Organization\",\"@id\":\"https:\/\/www.emdg-guilers.org\/#organization\",\"name\":\"Ecole de Musique et de Danse\",\"url\":\"https:\/\/www.emdg-guilers.org\/\",\"logo\":{\"@type\":\"ImageObject\",\"inLanguage\":\"fr-FR\",\"@id\":\"https:\/\/www.emdg-guilers.org\/#\/schema\/logo\/image\/\",\"url\":\"https:\/\/www.emdg-guilers.org\/wp-content\/uploads\/2016\/06\/logo2014.jpg\",\"contentUrl\":\"https:\/\/www.emdg-guilers.org\/wp-content\/uploads\/2016\/06\/logo2014.jpg\",\"width\":214,\"height\":116,\"caption\":\"Ecole de Musique et de Danse\"},\"image\":{\"@id\":\"https:\/\/www.emdg-guilers.org\/#\/schema\/logo\/image\/\"},\"sameAs\":[\"https:\/\/www.facebook.com\/Ecole-de-Musique-et-de-Danse-de-Guilers-480017765533016\/\"]}]}<\/script>\n<!-- \/ Yoast SEO plugin. -->","yoast_head_json":{"title":"Eveil - Ecole de Musique, Danse &amp; Th\u00e9\u00e2tre de Guilers","robots":{"index":"index","follow":"follow","max-snippet":"max-snippet:-1","max-image-preview":"max-image-preview:large","max-video-preview":"max-video-preview:-1"},"canonical":"https:\/\/www.emdg-guilers.org\/index.php\/eveil\/","og_locale":"fr_FR","og_type":"article","og_title":"Eveil - Ecole de Musique, Danse &amp; Th\u00e9\u00e2tre de Guilers","og_description":"Nous proposons des ateliers d&rsquo;Eveil musical et d&rsquo;Eveil \u00e0 la danse pour les enfants, d\u00e8s 3 ans. D\u00e8s 5 ans, les enfants peuvent d\u00e9couvrir la musique via les cordes, avec la m\u00e9thode Colour Strings, dans la classe de violon, ou par un instrument \u00e0 vent, en fl\u00fbte \u00e0 bec. &nbsp; Pour 2019-20 : Jardin musical :\u00a0mercredi 10h-10h45 (3-5 ans) Eveil musical\u00a0: mercredi 9h-9h45 (5-6 ans) Avec Claire-Audrey Kennedy Eveil musique-danse :\u00a0mercredi 11h45-12h30 (4-6 ans)\u00a0NOUVEAU 2019-20 ! Avec Justine Sion-Henry et...Lire la suite Lire la suite","og_url":"https:\/\/www.emdg-guilers.org\/index.php\/eveil\/","og_site_name":"Ecole de Musique, Danse &amp; Th\u00e9\u00e2tre de Guilers","article_publisher":"https:\/\/www.facebook.com\/Ecole-de-Musique-et-de-Danse-de-Guilers-480017765533016\/","article_modified_time":"2019-06-20T14:58:28+00:00","og_image":[{"url":"http:\/\/www.emdg-guilers.org\/wp-content\/uploads\/2016\/09\/carreeveil.jpg"}],"twitter_card":"summary_large_image","schema":{"@context":"https:\/\/schema.org","@graph":[{"@type":"WebPage","@id":"https:\/\/www.emdg-guilers.org\/index.php\/eveil\/","url":"https:\/\/www.emdg-guilers.org\/index.php\/eveil\/","name":"Eveil - Ecole de Musique, Danse &amp; Th\u00e9\u00e2tre de Guilers","isPartOf":{"@id":"https:\/\/www.emdg-guilers.org\/#website"},"primaryImageOfPage":{"@id":"https:\/\/www.emdg-guilers.org\/index.php\/eveil\/#primaryimage"},"image":{"@id":"https:\/\/www.emdg-guilers.org\/index.php\/eveil\/#primaryimage"},"thumbnailUrl":"http:\/\/www.emdg-guilers.org\/wp-content\/uploads\/2016\/09\/carreeveil.jpg","datePublished":"2016-06-29T15:55:01+00:00","dateModified":"2019-06-20T14:58:28+00:00","breadcrumb":{"@id":"https:\/\/www.emdg-guilers.org\/index.php\/eveil\/#breadcrumb"},"inLanguage":"fr-FR","potentialAction":[{"@type":"ReadAction","target":["https:\/\/www.emdg-guilers.org\/index.php\/eveil\/"]}]},{"@type":"ImageObject","inLanguage":"fr-FR","@id":"https:\/\/www.emdg-guilers.org\/index.php\/eveil\/#primaryimage","url":"http:\/\/www.emdg-guilers.org\/wp-content\/uploads\/2016\/09\/carreeveil.jpg","contentUrl":"http:\/\/www.emdg-guilers.org\/wp-content\/uploads\/2016\/09\/carreeveil.jpg"},{"@type":"BreadcrumbList","@id":"https:\/\/www.emdg-guilers.org\/index.php\/eveil\/#breadcrumb","itemListElement":[{"@type":"ListItem","position":1,"name":"Accueil","item":"https:\/\/www.emdg-guilers.org\/"},{"@type":"ListItem","position":2,"name":"Eveil"}]},{"@type":"WebSite","@id":"https:\/\/www.emdg-guilers.org\/#website","url":"https:\/\/www.emdg-guilers.org\/","name":"Ecole de Musique et Danse de Guilers","description":"Ecole associative, cours de musique, danse, th\u00e9\u00e2tre accessibles \u00e0 tous","publisher":{"@id":"https:\/\/www.emdg-guilers.org\/#organization"},"potentialAction":[{"@type":"SearchAction","target":{"@type":"EntryPoint","urlTemplate":"https:\/\/www.emdg-guilers.org\/?s={search_term_string}"},"query-input":"required name=search_term_string"}],"inLanguage":"fr-FR"},{"@type":"Organization","@id":"https:\/\/www.emdg-guilers.org\/#organization","name":"Ecole de Musique et de Danse","url":"https:\/\/www.emdg-guilers.org\/","logo":{"@type":"ImageObject","inLanguage":"fr-FR","@id":"https:\/\/www.emdg-guilers.org\/#\/schema\/logo\/image\/","url":"https:\/\/www.emdg-guilers.org\/wp-content\/uploads\/2016\/06\/logo2014.jpg","contentUrl":"https:\/\/www.emdg-guilers.org\/wp-content\/uploads\/2016\/06\/logo2014.jpg","width":214,"height":116,"caption":"Ecole de Musique et de Danse"},"image":{"@id":"https:\/\/www.emdg-guilers.org\/#\/schema\/logo\/image\/"},"sameAs":["https:\/\/www.facebook.com\/Ecole-de-Musique-et-de-Danse-de-Guilers-480017765533016\/"]}]}},"_links":{"self":[{"href":"https:\/\/www.emdg-guilers.org\/index.php\/wp-json\/wp\/v2\/pages\/56"}],"collection":[{"href":"https:\/\/www.emdg-guilers.org\/index.php\/wp-json\/wp\/v2\/pages"}],"about":[{"href":"https:\/\/www.emdg-guilers.org\/index.php\/wp-json\/wp\/v2\/types\/page"}],"author":[{"embeddable":true,"href":"https:\/\/www.emdg-guilers.org\/index.php\/wp-json\/wp\/v2\/users\/3"}],"replies":[{"embeddable":true,"href":"https:\/\/www.emdg-guilers.org\/index.php\/wp-json\/wp\/v2\/comments?post=56"}],"version-history":[{"count":6,"href":"https:\/\/www.emdg-guilers.org\/index.php\/wp-json\/wp\/v2\/pages\/56\/revisions"}],"predecessor-version":[{"id":1464,"href":"https:\/\/www.emdg-guilers.org\/index.php\/wp-json\/wp\/v2\/pages\/56\/revisions\/1464"}],"wp:attachment":[{"href":"https:\/\/www.emdg-guilers.org\/index.php\/wp-json\/wp\/v2\/media?parent=56"}],"curies":[{"name":"wp","href":"https:\/\/api.w.org\/{rel}","templated":true}]}}

<p><img loading="lazy" decoding="async" class="alignleft size-full wp-image-396" src="http://www.emdg-guilers.org/wp-content/uploads/2016/09/carreeveil.jpg" alt="carreeveil" width="300" height="300" srcset="https://www.emdg-guilers.org/wp-content/uploads/2016/09/carreeveil.jpg 300w, https://www.emdg-guilers.org/wp-content/uploads/2016/09/carreeveil-150x150.jpg 150w, https://www.emdg-guilers.org/wp-content/uploads/2016/09/carreeveil-270x270.jpg 270w" sizes="(max-width: 300px) 100vw, 300px" /></p>
<p>Nous proposons des ateliers d&rsquo;<a href="http://www.emdg-guilers.org/index.php/eveil/musique/">Eveil musical</a> et d&rsquo;<a href="http://www.emdg-guilers.org/index.php/eveil/danse-2/">Eveil à la danse</a> pour les enfants, dès 3 ans.</p>
<p>Dès 5 ans, les enfants peuvent découvrir la musique via les cordes, avec la méthode Colour Strings, dans la classe de <a href="http://www.emdg-guilers.org/index.php/musique/instruments/violon/">violon</a>, ou par un instrument à vent, en <a href="http://www.emdg-guilers.org/index.php/musique/instruments/flute-a-bec/">flûte à bec</a>.</p>
<p>&nbsp;</p>
<p>Pour 2019-20 :</p>
<p><strong>Jardin musical :</strong> mercredi 10h-10h45 (3-5 ans)<br />
<strong>Eveil musical</strong> : mercredi 9h-9h45 (5-6 ans)<br />
Avec Claire-Audrey Kennedy<br />
<strong>Eveil musique-danse :</strong> mercredi 11h45-12h30 (4-6 ans) <strong><em>NOUVEAU 2019-20 !</em></strong><br />
Avec Justine Sion-Henry et Virginie Le Glohaec</p>

<p>Nous proposons des ateliers d&rsquo;Eveil musical et d&rsquo;Eveil à la danse pour les enfants, dès 3 ans. Dès 5 ans, les enfants peuvent découvrir la musique via les cordes, avec la méthode Colour Strings, dans la classe de violon, ou par un instrument à vent, en flûte à bec. &nbsp; Pour 2019-20 : Jardin musical : mercredi 10h-10h45 (3-5 ans) Eveil musical : mercredi 9h-9h45 (5-6 ans) Avec Claire-Audrey Kennedy Eveil musique-danse : mercredi 11h45-12h30 (4-6 ans) NOUVEAU 2019-20 ! Avec Justine Sion-Henry et&#8230;</p>
<p class="read-more"><a class="btn btn-default" href="https://www.emdg-guilers.org/index.php/eveil/">Lire la suite<span class="screen-reader-text"> Lire la suite</span></a></p>

<!-- This site is optimized with the Yoast SEO plugin v22.4 - https://yoast.com/wordpress/plugins/seo/ -->
<title>Eveil - Ecole de Musique, Danse &amp; Théâtre de Guilers</title>
<meta name="robots" content="index, follow, max-snippet:-1, max-image-preview:large, max-video-preview:-1" />
<link rel="canonical" href="https://www.emdg-guilers.org/index.php/eveil/" />
<meta property="og:locale" content="fr_FR" />
<meta property="og:type" content="article" />
<meta property="og:title" content="Eveil - Ecole de Musique, Danse &amp; Théâtre de Guilers" />
<meta property="og:description" content="Nous proposons des ateliers d&rsquo;Eveil musical et d&rsquo;Eveil à la danse pour les enfants, dès 3 ans. Dès 5 ans, les enfants peuvent découvrir la musique via les cordes, avec la méthode Colour Strings, dans la classe de violon, ou par un instrument à vent, en flûte à bec. &nbsp; Pour 2019-20 : Jardin musical : mercredi 10h-10h45 (3-5 ans) Eveil musical : mercredi 9h-9h45 (5-6 ans) Avec Claire-Audrey Kennedy Eveil musique-danse : mercredi 11h45-12h30 (4-6 ans) NOUVEAU 2019-20 ! Avec Justine Sion-Henry et...Lire la suite Lire la suite" />
<meta property="og:url" content="https://www.emdg-guilers.org/index.php/eveil/" />
<meta property="og:site_name" content="Ecole de Musique, Danse &amp; Théâtre de Guilers" />
<meta property="article:publisher" content="https://www.facebook.com/Ecole-de-Musique-et-de-Danse-de-Guilers-480017765533016/" />
<meta property="article:modified_time" content="2019-06-20T14:58:28+00:00" />
<meta property="og:image" content="http://www.emdg-guilers.org/wp-content/uploads/2016/09/carreeveil.jpg" />
<meta name="twitter:card" content="summary_large_image" />
<script type="application/ld+json" class="yoast-schema-graph">{"@context":"https://schema.org","@graph":[{"@type":"WebPage","@id":"https://www.emdg-guilers.org/index.php/eveil/","url":"https://www.emdg-guilers.org/index.php/eveil/","name":"Eveil - Ecole de Musique, Danse &amp; Théâtre de Guilers","isPartOf":{"@id":"https://www.emdg-guilers.org/#website"},"primaryImageOfPage":{"@id":"https://www.emdg-guilers.org/index.php/eveil/#primaryimage"},"image":{"@id":"https://www.emdg-guilers.org/index.php/eveil/#primaryimage"},"thumbnailUrl":"http://www.emdg-guilers.org/wp-content/uploads/2016/09/carreeveil.jpg","datePublished":"2016-06-29T15:55:01+00:00","dateModified":"2019-06-20T14:58:28+00:00","breadcrumb":{"@id":"https://www.emdg-guilers.org/index.php/eveil/#breadcrumb"},"inLanguage":"fr-FR","potentialAction":[{"@type":"ReadAction","target":["https://www.emdg-guilers.org/index.php/eveil/"]}]},{"@type":"ImageObject","inLanguage":"fr-FR","@id":"https://www.emdg-guilers.org/index.php/eveil/#primaryimage","url":"http://www.emdg-guilers.org/wp-content/uploads/2016/09/carreeveil.jpg","contentUrl":"http://www.emdg-guilers.org/wp-content/uploads/2016/09/carreeveil.jpg"},{"@type":"BreadcrumbList","@id":"https://www.emdg-guilers.org/index.php/eveil/#breadcrumb","itemListElement":[{"@type":"ListItem","position":1,"name":"Accueil","item":"https://www.emdg-guilers.org/"},{"@type":"ListItem","position":2,"name":"Eveil"}]},{"@type":"WebSite","@id":"https://www.emdg-guilers.org/#website","url":"https://www.emdg-guilers.org/","name":"Ecole de Musique et Danse de Guilers","description":"Ecole associative, cours de musique, danse, théâtre accessibles à tous","publisher":{"@id":"https://www.emdg-guilers.org/#organization"},"potentialAction":[{"@type":"SearchAction","target":{"@type":"EntryPoint","urlTemplate":"https://www.emdg-guilers.org/?s={search_term_string}"},"query-input":"required name=search_term_string"}],"inLanguage":"fr-FR"},{"@type":"Organization","@id":"https://www.emdg-guilers.org/#organization","name":"Ecole de Musique et de Danse","url":"https://www.emdg-guilers.org/","logo":{"@type":"ImageObject","inLanguage":"fr-FR","@id":"https://www.emdg-guilers.org/#/schema/logo/image/","url":"https://www.emdg-guilers.org/wp-content/uploads/2016/06/logo2014.jpg","contentUrl":"https://www.emdg-guilers.org/wp-content/uploads/2016/06/logo2014.jpg","width":214,"height":116,"caption":"Ecole de Musique et de Danse"},"image":{"@id":"https://www.emdg-guilers.org/#/schema/logo/image/"},"sameAs":["https://www.facebook.com/Ecole-de-Musique-et-de-Danse-de-Guilers-480017765533016/"]}]}</script>
<!-- / Yoast SEO plugin. -->

Eveil - Ecole de Musique, Danse &amp; Théâtre de Guilers

Nous proposons des ateliers d&rsquo;Eveil musical et d&rsquo;Eveil à la danse pour les enfants, dès 3 ans. Dès 5 ans, les enfants peuvent découvrir la musique via les cordes, avec la méthode Colour Strings, dans la classe de violon, ou par un instrument à vent, en flûte à bec. &nbsp; Pour 2019-20 : Jardin musical : mercredi 10h-10h45 (3-5 ans) Eveil musical : mercredi 9h-9h45 (5-6 ans) Avec Claire-Audrey Kennedy Eveil musique-danse : mercredi 11h45-12h30 (4-6 ans) NOUVEAU 2019-20 ! Avec Justine Sion-Henry et...Lire la suite Lire la suite

Ecole de Musique, Danse &amp; Théâtre de Guilers

Ecole associative, cours de musique, danse, théâtre accessibles à tous
