{"id":60,"date":"2016-06-29T16:55:14","date_gmt":"2016-06-29T15:55:14","guid":{"rendered":"http:\/\/www.emdg-guilers.org\/?page_id=60"},"modified":"2025-07-08T09:21:49","modified_gmt":"2025-07-08T07:21:49","slug":"danse-2","status":"publish","type":"page","link":"https:\/\/www.emdg-guilers.org\/index.php\/eveil\/danse-2\/","title":{"rendered":"Eveil danse \/ musique &amp; danse"},"content":{"rendered":"<p>Cours d\u2019\u00e9veil corporel et \u00e0 la danse, de 4 \u00e0 6 ans (Moyenne section \/ Grande section\/ CP)<\/p>\n<table>\n<tbody>\n<tr>\n<td width=\"96\">\n<p><strong>Discipline \u2013 nom du cours<\/strong><\/p>\n<\/td>\n<td width=\"63\">\n<p><strong>Prof<\/strong><\/p>\n<\/td>\n<td width=\"73\">\n<p><strong>Jour<\/strong><\/p>\n<\/td>\n<td width=\"75\">\n<p><strong>Horaire<\/strong><\/p>\n<\/td>\n<td width=\"65\">\n<p><strong>Dur\u00e9e<\/strong><\/p>\n<\/td>\n<td width=\"82\">\n<p><strong>Salle<\/strong><\/p>\n<\/td>\n<td width=\"165\">\n<p><strong>Correspondance \u00e2ge \/ classe \u00e9l\u00e8ves<\/strong><\/p>\n<\/td>\n<\/tr>\n<tr>\n<td width=\"96\">\n<p>Eveil\u00a0 danse \u2013 G1<\/p>\n<\/td>\n<td width=\"63\">\n<p>Virginie<\/p>\n<\/td>\n<td width=\"73\">\n<p>Lundi<\/p>\n<\/td>\n<td width=\"75\">\n<p>17h15-18h<\/p>\n<\/td>\n<td width=\"65\">\n<p>45 min<\/p>\n<\/td>\n<td width=\"82\">\n<p>Studio danse<\/p>\n<\/td>\n<td width=\"165\">\n<p>4 \u00e0 6 ans, moyenne ou grande section de maternelle<\/p>\n<\/td>\n<\/tr>\n<tr>\n<td width=\"96\">\n<p>Eveil danse \u2013 G2<\/p>\n<\/td>\n<td width=\"63\">\n<p>Virginie<\/p>\n<\/td>\n<td width=\"73\">\n<p>Mercredi<\/p>\n<\/td>\n<td width=\"75\">\n<p>10h-10h45<\/p>\n<\/td>\n<td width=\"65\">\n<p>45 min<\/p>\n<\/td>\n<td width=\"82\">\n<p>Studio danse<\/p>\n<\/td>\n<td width=\"165\">\n<p>4 \u00e0 6 ans, moyenne ou grande section de maternelle<\/p>\n<\/td>\n<\/tr>\n<tr>\n<td width=\"96\">\n<p><a href=\"https:\/\/www.emdg-guilers.org\/wp-content\/uploads\/2024\/04\/5.jpg\">Eveil musique et danse<\/a><\/p>\n<\/td>\n<td width=\"63\">\n<p>Virginie et Val\u00e9rie<\/p>\n<\/td>\n<td width=\"73\">\n<p>Mardi<\/p>\n<\/td>\n<td width=\"75\">\n<p>17h15-18h<\/p>\n<\/td>\n<td width=\"65\">\n<p>45 min<\/p>\n<\/td>\n<td width=\"82\">\n<p>Studio danse<\/p>\n<\/td>\n<td width=\"165\">\n<p>4 \u00e0 6 ans, moyenne ou grande section de maternelle, CP<\/p>\n<\/td>\n<\/tr>\n<\/tbody>\n<\/table>\n<ul>\n<li>L&rsquo;\u00e9veil \u00e0 la danse est un \u00e9veil corporel et physique qui n&rsquo;est apparent\u00e9 \u00e0 aucune danse \u00e0 proprement parler. Dans une dimension ludique et artistique, donc cr\u00e9ative et imaginative, il s\u2019agit de faire d\u00e9couvrir aux enfants l\u2019infinie vari\u00e9t\u00e9 de mouvements, de leur permettre de devenir libre et riche dans leur langage corporel, le tout en musique.<\/li>\n<\/ul>\n<div class=\"\" data-block=\"true\" data-editor=\"82p4j\" data-offset-key=\"bt8ce-0-0\">\n<ul>\n<li class=\"_1mf _1mj\" data-offset-key=\"bt8ce-0-0\"><span data-offset-key=\"bt8ce-0-0\">L&rsquo; Eveil musique et danse, c&rsquo;est <\/span>45 min d&rsquo;atelier avec un bin\u00f4me prof de danse + prof de musique. Atelier permettant de d\u00e9couvrir les sonorit\u00e9s musicales, manipuler les instruments, le chant et l&rsquo;expression corporelle et chor\u00e9graphique. Tout \u00e7a, en un seul cours !<\/li>\n<\/ul>\n<\/div>\n<p>Avec <strong>Virginie Le Gloahec et \/ ou Val\u00e9rie Courant<\/strong><\/p>\n<p>\u00a0<\/p>\n\n<div class=\"wp-block-image\">\n<figure class=\"alignleft size-large is-resized\"><img loading=\"lazy\" decoding=\"async\" width=\"1024\" height=\"1024\" src=\"https:\/\/www.emdg-guilers.org\/wp-content\/uploads\/2022\/09\/1-1-1024x1024.jpg\" alt=\"\" class=\"wp-image-3173\" style=\"width:248px;height:248px\" srcset=\"https:\/\/www.emdg-guilers.org\/wp-content\/uploads\/2022\/09\/1-1-1024x1024.jpg 1024w, https:\/\/www.emdg-guilers.org\/wp-content\/uploads\/2022\/09\/1-1-300x300.jpg 300w, https:\/\/www.emdg-guilers.org\/wp-content\/uploads\/2022\/09\/1-1-150x150.jpg 150w, https:\/\/www.emdg-guilers.org\/wp-content\/uploads\/2022\/09\/1-1-768x768.jpg 768w, https:\/\/www.emdg-guilers.org\/wp-content\/uploads\/2022\/09\/1-1-270x270.jpg 270w, https:\/\/www.emdg-guilers.org\/wp-content\/uploads\/2022\/09\/1-1.jpg 1080w\" sizes=\"(max-width: 1024px) 100vw, 1024px\" \/><\/figure><\/div>\n\n<div class=\"wp-block-image\">\n<figure class=\"alignright size-large is-resized\"><img loading=\"lazy\" decoding=\"async\" width=\"1024\" height=\"1024\" src=\"https:\/\/www.emdg-guilers.org\/wp-content\/uploads\/2022\/09\/28-1024x1024.jpg\" alt=\"\" class=\"wp-image-3174\" style=\"width:251px;height:251px\" srcset=\"https:\/\/www.emdg-guilers.org\/wp-content\/uploads\/2022\/09\/28-1024x1024.jpg 1024w, https:\/\/www.emdg-guilers.org\/wp-content\/uploads\/2022\/09\/28-300x300.jpg 300w, https:\/\/www.emdg-guilers.org\/wp-content\/uploads\/2022\/09\/28-150x150.jpg 150w, https:\/\/www.emdg-guilers.org\/wp-content\/uploads\/2022\/09\/28-768x768.jpg 768w, https:\/\/www.emdg-guilers.org\/wp-content\/uploads\/2022\/09\/28-270x270.jpg 270w, https:\/\/www.emdg-guilers.org\/wp-content\/uploads\/2022\/09\/28.jpg 1080w\" sizes=\"(max-width: 1024px) 100vw, 1024px\" \/><\/figure><\/div>\n\n\n<p><\/p>\n","protected":false},"excerpt":{"rendered":"<p>Cours d\u2019\u00e9veil corporel et \u00e0 la danse, de 4 \u00e0 6 ans (Moyenne section \/ Grande section\/ CP) Discipline \u2013 nom du cours Prof Jour Horaire Dur\u00e9e Salle Correspondance \u00e2ge \/ classe \u00e9l\u00e8ves Eveil\u00a0 danse \u2013 G1 Virginie Lundi 17h15-18h 45 min Studio danse 4 \u00e0 6 ans, moyenne ou grande section de maternelle Eveil danse \u2013 G2 Virginie Mercredi 10h-10h45 45 min Studio danse 4 \u00e0 6 ans, moyenne ou grande section de maternelle Eveil musique et danse Virginie&#8230;<\/p>\n<p class=\"read-more\"><a class=\"btn btn-default\" href=\"https:\/\/www.emdg-guilers.org\/index.php\/eveil\/danse-2\/\">Lire la suite<span class=\"screen-reader-text\"> Lire la suite<\/span><\/a><\/p>\n","protected":false},"author":3,"featured_media":0,"parent":56,"menu_order":0,"comment_status":"closed","ping_status":"closed","template":"","meta":{"footnotes":""},"yoast_head":"<!-- This site is optimized with the Yoast SEO plugin v22.4 - https:\/\/yoast.com\/wordpress\/plugins\/seo\/ -->\n<title>Eveil danse \/ musique &amp; danse - Ecole de Musique, Danse &amp; Th\u00e9\u00e2tre de Guilers<\/title>\n<meta name=\"robots\" content=\"index, follow, max-snippet:-1, max-image-preview:large, max-video-preview:-1\" \/>\n<link rel=\"canonical\" href=\"https:\/\/www.emdg-guilers.org\/index.php\/eveil\/danse-2\/\" \/>\n<meta property=\"og:locale\" content=\"fr_FR\" \/>\n<meta property=\"og:type\" content=\"article\" \/>\n<meta property=\"og:title\" content=\"Eveil danse \/ musique &amp; danse - Ecole de Musique, Danse &amp; Th\u00e9\u00e2tre de Guilers\" \/>\n<meta property=\"og:description\" content=\"Cours d\u2019\u00e9veil corporel et \u00e0 la danse, de 4 \u00e0 6 ans (Moyenne section \/ Grande section\/ CP) Discipline \u2013 nom du cours Prof Jour Horaire Dur\u00e9e Salle Correspondance \u00e2ge \/ classe \u00e9l\u00e8ves Eveil\u00a0 danse \u2013 G1 Virginie Lundi 17h15-18h 45 min Studio danse 4 \u00e0 6 ans, moyenne ou grande section de maternelle Eveil danse \u2013 G2 Virginie Mercredi 10h-10h45 45 min Studio danse 4 \u00e0 6 ans, moyenne ou grande section de maternelle Eveil musique et danse Virginie...Lire la suite Lire la suite\" \/>\n<meta property=\"og:url\" content=\"https:\/\/www.emdg-guilers.org\/index.php\/eveil\/danse-2\/\" \/>\n<meta property=\"og:site_name\" content=\"Ecole de Musique, Danse &amp; Th\u00e9\u00e2tre de Guilers\" \/>\n<meta property=\"article:publisher\" content=\"https:\/\/www.facebook.com\/Ecole-de-Musique-et-de-Danse-de-Guilers-480017765533016\/\" \/>\n<meta property=\"article:modified_time\" content=\"2025-07-08T07:21:49+00:00\" \/>\n<meta property=\"og:image\" content=\"https:\/\/www.emdg-guilers.org\/wp-content\/uploads\/2022\/09\/1-1-1024x1024.jpg\" \/>\n<meta name=\"twitter:card\" content=\"summary_large_image\" \/>\n<meta name=\"twitter:label1\" content=\"Dur\u00e9e de lecture estim\u00e9e\" \/>\n\t<meta name=\"twitter:data1\" content=\"2 minutes\" \/>\n<script type=\"application\/ld+json\" class=\"yoast-schema-graph\">{\"@context\":\"https:\/\/schema.org\",\"@graph\":[{\"@type\":\"WebPage\",\"@id\":\"https:\/\/www.emdg-guilers.org\/index.php\/eveil\/danse-2\/\",\"url\":\"https:\/\/www.emdg-guilers.org\/index.php\/eveil\/danse-2\/\",\"name\":\"Eveil danse \/ musique &amp; danse - Ecole de Musique, Danse &amp; Th\u00e9\u00e2tre de Guilers\",\"isPartOf\":{\"@id\":\"https:\/\/www.emdg-guilers.org\/#website\"},\"primaryImageOfPage\":{\"@id\":\"https:\/\/www.emdg-guilers.org\/index.php\/eveil\/danse-2\/#primaryimage\"},\"image\":{\"@id\":\"https:\/\/www.emdg-guilers.org\/index.php\/eveil\/danse-2\/#primaryimage\"},\"thumbnailUrl\":\"https:\/\/www.emdg-guilers.org\/wp-content\/uploads\/2022\/09\/1-1-1024x1024.jpg\",\"datePublished\":\"2016-06-29T15:55:14+00:00\",\"dateModified\":\"2025-07-08T07:21:49+00:00\",\"breadcrumb\":{\"@id\":\"https:\/\/www.emdg-guilers.org\/index.php\/eveil\/danse-2\/#breadcrumb\"},\"inLanguage\":\"fr-FR\",\"potentialAction\":[{\"@type\":\"ReadAction\",\"target\":[\"https:\/\/www.emdg-guilers.org\/index.php\/eveil\/danse-2\/\"]}]},{\"@type\":\"ImageObject\",\"inLanguage\":\"fr-FR\",\"@id\":\"https:\/\/www.emdg-guilers.org\/index.php\/eveil\/danse-2\/#primaryimage\",\"url\":\"https:\/\/www.emdg-guilers.org\/wp-content\/uploads\/2022\/09\/1-1.jpg\",\"contentUrl\":\"https:\/\/www.emdg-guilers.org\/wp-content\/uploads\/2022\/09\/1-1.jpg\",\"width\":1080,\"height\":1080},{\"@type\":\"BreadcrumbList\",\"@id\":\"https:\/\/www.emdg-guilers.org\/index.php\/eveil\/danse-2\/#breadcrumb\",\"itemListElement\":[{\"@type\":\"ListItem\",\"position\":1,\"name\":\"Accueil\",\"item\":\"https:\/\/www.emdg-guilers.org\/\"},{\"@type\":\"ListItem\",\"position\":2,\"name\":\"Eveil\",\"item\":\"https:\/\/www.emdg-guilers.org\/index.php\/eveil\/\"},{\"@type\":\"ListItem\",\"position\":3,\"name\":\"Eveil danse \/ musique &amp; danse\"}]},{\"@type\":\"WebSite\",\"@id\":\"https:\/\/www.emdg-guilers.org\/#website\",\"url\":\"https:\/\/www.emdg-guilers.org\/\",\"name\":\"Ecole de Musique et Danse de Guilers\",\"description\":\"Ecole associative, cours de musique, danse, th\u00e9\u00e2tre accessibles \u00e0 tous\",\"publisher\":{\"@id\":\"https:\/\/www.emdg-guilers.org\/#organization\"},\"potentialAction\":[{\"@type\":\"SearchAction\",\"target\":{\"@type\":\"EntryPoint\",\"urlTemplate\":\"https:\/\/www.emdg-guilers.org\/?s={search_term_string}\"},\"query-input\":\"required name=search_term_string\"}],\"inLanguage\":\"fr-FR\"},{\"@type\":\"Organization\",\"@id\":\"https:\/\/www.emdg-guilers.org\/#organization\",\"name\":\"Ecole de Musique et de Danse\",\"url\":\"https:\/\/www.emdg-guilers.org\/\",\"logo\":{\"@type\":\"ImageObject\",\"inLanguage\":\"fr-FR\",\"@id\":\"https:\/\/www.emdg-guilers.org\/#\/schema\/logo\/image\/\",\"url\":\"https:\/\/www.emdg-guilers.org\/wp-content\/uploads\/2016\/06\/logo2014.jpg\",\"contentUrl\":\"https:\/\/www.emdg-guilers.org\/wp-content\/uploads\/2016\/06\/logo2014.jpg\",\"width\":214,\"height\":116,\"caption\":\"Ecole de Musique et de Danse\"},\"image\":{\"@id\":\"https:\/\/www.emdg-guilers.org\/#\/schema\/logo\/image\/\"},\"sameAs\":[\"https:\/\/www.facebook.com\/Ecole-de-Musique-et-de-Danse-de-Guilers-480017765533016\/\"]}]}<\/script>\n<!-- \/ Yoast SEO plugin. -->","yoast_head_json":{"title":"Eveil danse \/ musique &amp; danse - Ecole de Musique, Danse &amp; Th\u00e9\u00e2tre de Guilers","robots":{"index":"index","follow":"follow","max-snippet":"max-snippet:-1","max-image-preview":"max-image-preview:large","max-video-preview":"max-video-preview:-1"},"canonical":"https:\/\/www.emdg-guilers.org\/index.php\/eveil\/danse-2\/","og_locale":"fr_FR","og_type":"article","og_title":"Eveil danse \/ musique &amp; danse - Ecole de Musique, Danse &amp; Th\u00e9\u00e2tre de Guilers","og_description":"Cours d\u2019\u00e9veil corporel et \u00e0 la danse, de 4 \u00e0 6 ans (Moyenne section \/ Grande section\/ CP) Discipline \u2013 nom du cours Prof Jour Horaire Dur\u00e9e Salle Correspondance \u00e2ge \/ classe \u00e9l\u00e8ves Eveil\u00a0 danse \u2013 G1 Virginie Lundi 17h15-18h 45 min Studio danse 4 \u00e0 6 ans, moyenne ou grande section de maternelle Eveil danse \u2013 G2 Virginie Mercredi 10h-10h45 45 min Studio danse 4 \u00e0 6 ans, moyenne ou grande section de maternelle Eveil musique et danse Virginie...Lire la suite Lire la suite","og_url":"https:\/\/www.emdg-guilers.org\/index.php\/eveil\/danse-2\/","og_site_name":"Ecole de Musique, Danse &amp; Th\u00e9\u00e2tre de Guilers","article_publisher":"https:\/\/www.facebook.com\/Ecole-de-Musique-et-de-Danse-de-Guilers-480017765533016\/","article_modified_time":"2025-07-08T07:21:49+00:00","og_image":[{"url":"https:\/\/www.emdg-guilers.org\/wp-content\/uploads\/2022\/09\/1-1-1024x1024.jpg"}],"twitter_card":"summary_large_image","twitter_misc":{"Dur\u00e9e de lecture estim\u00e9e":"2 minutes"},"schema":{"@context":"https:\/\/schema.org","@graph":[{"@type":"WebPage","@id":"https:\/\/www.emdg-guilers.org\/index.php\/eveil\/danse-2\/","url":"https:\/\/www.emdg-guilers.org\/index.php\/eveil\/danse-2\/","name":"Eveil danse \/ musique &amp; danse - Ecole de Musique, Danse &amp; Th\u00e9\u00e2tre de Guilers","isPartOf":{"@id":"https:\/\/www.emdg-guilers.org\/#website"},"primaryImageOfPage":{"@id":"https:\/\/www.emdg-guilers.org\/index.php\/eveil\/danse-2\/#primaryimage"},"image":{"@id":"https:\/\/www.emdg-guilers.org\/index.php\/eveil\/danse-2\/#primaryimage"},"thumbnailUrl":"https:\/\/www.emdg-guilers.org\/wp-content\/uploads\/2022\/09\/1-1-1024x1024.jpg","datePublished":"2016-06-29T15:55:14+00:00","dateModified":"2025-07-08T07:21:49+00:00","breadcrumb":{"@id":"https:\/\/www.emdg-guilers.org\/index.php\/eveil\/danse-2\/#breadcrumb"},"inLanguage":"fr-FR","potentialAction":[{"@type":"ReadAction","target":["https:\/\/www.emdg-guilers.org\/index.php\/eveil\/danse-2\/"]}]},{"@type":"ImageObject","inLanguage":"fr-FR","@id":"https:\/\/www.emdg-guilers.org\/index.php\/eveil\/danse-2\/#primaryimage","url":"https:\/\/www.emdg-guilers.org\/wp-content\/uploads\/2022\/09\/1-1.jpg","contentUrl":"https:\/\/www.emdg-guilers.org\/wp-content\/uploads\/2022\/09\/1-1.jpg","width":1080,"height":1080},{"@type":"BreadcrumbList","@id":"https:\/\/www.emdg-guilers.org\/index.php\/eveil\/danse-2\/#breadcrumb","itemListElement":[{"@type":"ListItem","position":1,"name":"Accueil","item":"https:\/\/www.emdg-guilers.org\/"},{"@type":"ListItem","position":2,"name":"Eveil","item":"https:\/\/www.emdg-guilers.org\/index.php\/eveil\/"},{"@type":"ListItem","position":3,"name":"Eveil danse \/ musique &amp; danse"}]},{"@type":"WebSite","@id":"https:\/\/www.emdg-guilers.org\/#website","url":"https:\/\/www.emdg-guilers.org\/","name":"Ecole de Musique et Danse de Guilers","description":"Ecole associative, cours de musique, danse, th\u00e9\u00e2tre accessibles \u00e0 tous","publisher":{"@id":"https:\/\/www.emdg-guilers.org\/#organization"},"potentialAction":[{"@type":"SearchAction","target":{"@type":"EntryPoint","urlTemplate":"https:\/\/www.emdg-guilers.org\/?s={search_term_string}"},"query-input":"required name=search_term_string"}],"inLanguage":"fr-FR"},{"@type":"Organization","@id":"https:\/\/www.emdg-guilers.org\/#organization","name":"Ecole de Musique et de Danse","url":"https:\/\/www.emdg-guilers.org\/","logo":{"@type":"ImageObject","inLanguage":"fr-FR","@id":"https:\/\/www.emdg-guilers.org\/#\/schema\/logo\/image\/","url":"https:\/\/www.emdg-guilers.org\/wp-content\/uploads\/2016\/06\/logo2014.jpg","contentUrl":"https:\/\/www.emdg-guilers.org\/wp-content\/uploads\/2016\/06\/logo2014.jpg","width":214,"height":116,"caption":"Ecole de Musique et de Danse"},"image":{"@id":"https:\/\/www.emdg-guilers.org\/#\/schema\/logo\/image\/"},"sameAs":["https:\/\/www.facebook.com\/Ecole-de-Musique-et-de-Danse-de-Guilers-480017765533016\/"]}]}},"_links":{"self":[{"href":"https:\/\/www.emdg-guilers.org\/index.php\/wp-json\/wp\/v2\/pages\/60"}],"collection":[{"href":"https:\/\/www.emdg-guilers.org\/index.php\/wp-json\/wp\/v2\/pages"}],"about":[{"href":"https:\/\/www.emdg-guilers.org\/index.php\/wp-json\/wp\/v2\/types\/page"}],"author":[{"embeddable":true,"href":"https:\/\/www.emdg-guilers.org\/index.php\/wp-json\/wp\/v2\/users\/3"}],"replies":[{"embeddable":true,"href":"https:\/\/www.emdg-guilers.org\/index.php\/wp-json\/wp\/v2\/comments?post=60"}],"version-history":[{"count":49,"href":"https:\/\/www.emdg-guilers.org\/index.php\/wp-json\/wp\/v2\/pages\/60\/revisions"}],"predecessor-version":[{"id":4687,"href":"https:\/\/www.emdg-guilers.org\/index.php\/wp-json\/wp\/v2\/pages\/60\/revisions\/4687"}],"up":[{"embeddable":true,"href":"https:\/\/www.emdg-guilers.org\/index.php\/wp-json\/wp\/v2\/pages\/56"}],"wp:attachment":[{"href":"https:\/\/www.emdg-guilers.org\/index.php\/wp-json\/wp\/v2\/media?parent=60"}],"curies":[{"name":"wp","href":"https:\/\/api.w.org\/{rel}","templated":true}]}}