{"id":3294,"date":"2022-10-10T15:54:24","date_gmt":"2022-10-10T13:54:24","guid":{"rendered":"https:\/\/www.emdg-guilers.org\/?post_type=tribe_events&#038;p=3294"},"modified":"2023-05-02T11:38:16","modified_gmt":"2023-05-02T09:38:16","slug":"gala-de-danse-des-grands","status":"publish","type":"tribe_events","link":"https:\/\/www.emdg-guilers.org\/index.php\/event\/gala-de-danse-des-grands\/","title":{"rendered":"Gala de danse des grands"},"content":{"rendered":"<p><a href=\"https:\/\/www.helloasso.com\/associations\/ecole-de-musique-et-danse-de-guilers\/evenements\/gala-des-grands-de-l-emdg-2023\">R\u00e9servation indispensable sur HELLOASSO<\/a><\/p>\n<p><a href=\"https:\/\/www.helloasso.com\/associations\/ecole-de-musique-et-danse-de-guilers\/evenements\/gala-des-grands-de-l-emdg-2023\"><img loading=\"lazy\" decoding=\"async\" class=\"aligncenter size-medium wp-image-3596\" src=\"https:\/\/www.emdg-guilers.org\/wp-content\/uploads\/2022\/10\/GALA-de-danse-2023-212x300.jpg\" alt=\"\" width=\"212\" height=\"300\" srcset=\"https:\/\/www.emdg-guilers.org\/wp-content\/uploads\/2022\/10\/GALA-de-danse-2023-212x300.jpg 212w, https:\/\/www.emdg-guilers.org\/wp-content\/uploads\/2022\/10\/GALA-de-danse-2023-724x1024.jpg 724w, https:\/\/www.emdg-guilers.org\/wp-content\/uploads\/2022\/10\/GALA-de-danse-2023-768x1086.jpg 768w, https:\/\/www.emdg-guilers.org\/wp-content\/uploads\/2022\/10\/GALA-de-danse-2023-1086x1536.jpg 1086w, https:\/\/www.emdg-guilers.org\/wp-content\/uploads\/2022\/10\/GALA-de-danse-2023-1448x2048.jpg 1448w, https:\/\/www.emdg-guilers.org\/wp-content\/uploads\/2022\/10\/GALA-de-danse-2023-191x270.jpg 191w, https:\/\/www.emdg-guilers.org\/wp-content\/uploads\/2022\/10\/GALA-de-danse-2023.jpg 1587w\" sizes=\"(max-width: 212px) 100vw, 212px\" \/><\/a><\/p>\n","protected":false},"excerpt":{"rendered":"<p>R\u00e9servation indispensable sur HELLOASSO<\/p>\n","protected":false},"author":3,"featured_media":0,"comment_status":"closed","ping_status":"closed","template":"","meta":{"_tribe_events_status":"","_tribe_events_status_reason":"","footnotes":""},"tags":[],"tribe_events_cat":[],"yoast_head":"<!-- This site is optimized with the Yoast SEO plugin v22.4 - https:\/\/yoast.com\/wordpress\/plugins\/seo\/ -->\n<title>Gala de danse des grands - Ecole de Musique, Danse &amp; Th\u00e9\u00e2tre de Guilers<\/title>\n<meta name=\"robots\" content=\"index, follow, max-snippet:-1, max-image-preview:large, max-video-preview:-1\" \/>\n<link rel=\"canonical\" href=\"https:\/\/www.emdg-guilers.org\/index.php\/event\/gala-de-danse-des-grands\/\" \/>\n<meta property=\"og:locale\" content=\"fr_FR\" \/>\n<meta property=\"og:type\" content=\"article\" \/>\n<meta property=\"og:title\" content=\"Gala de danse des grands - Ecole de Musique, Danse &amp; Th\u00e9\u00e2tre de Guilers\" \/>\n<meta property=\"og:description\" content=\"R\u00e9servation indispensable sur HELLOASSO\" \/>\n<meta property=\"og:url\" content=\"https:\/\/www.emdg-guilers.org\/index.php\/event\/gala-de-danse-des-grands\/\" \/>\n<meta property=\"og:site_name\" content=\"Ecole de Musique, Danse &amp; Th\u00e9\u00e2tre de Guilers\" \/>\n<meta property=\"article:publisher\" content=\"https:\/\/www.facebook.com\/Ecole-de-Musique-et-de-Danse-de-Guilers-480017765533016\/\" \/>\n<meta property=\"article:modified_time\" content=\"2023-05-02T09:38:16+00:00\" \/>\n<meta property=\"og:image\" content=\"https:\/\/www.emdg-guilers.org\/wp-content\/uploads\/2022\/10\/GALA-de-danse-2023-212x300.jpg\" \/>\n<meta name=\"twitter:card\" content=\"summary_large_image\" \/>\n<meta name=\"twitter:label1\" content=\"Dur\u00e9e de lecture estim\u00e9e\" \/>\n\t<meta name=\"twitter:data1\" content=\"1 minute\" \/>\n<script type=\"application\/ld+json\" class=\"yoast-schema-graph\">{\"@context\":\"https:\/\/schema.org\",\"@graph\":[{\"@type\":\"WebPage\",\"@id\":\"https:\/\/www.emdg-guilers.org\/index.php\/event\/gala-de-danse-des-grands\/\",\"url\":\"https:\/\/www.emdg-guilers.org\/index.php\/event\/gala-de-danse-des-grands\/\",\"name\":\"Gala de danse des grands - Ecole de Musique, Danse &amp; Th\u00e9\u00e2tre de Guilers\",\"isPartOf\":{\"@id\":\"https:\/\/www.emdg-guilers.org\/#website\"},\"primaryImageOfPage\":{\"@id\":\"https:\/\/www.emdg-guilers.org\/index.php\/event\/gala-de-danse-des-grands\/#primaryimage\"},\"image\":{\"@id\":\"https:\/\/www.emdg-guilers.org\/index.php\/event\/gala-de-danse-des-grands\/#primaryimage\"},\"thumbnailUrl\":\"https:\/\/www.emdg-guilers.org\/wp-content\/uploads\/2022\/10\/GALA-de-danse-2023-212x300.jpg\",\"datePublished\":\"2022-10-10T13:54:24+00:00\",\"dateModified\":\"2023-05-02T09:38:16+00:00\",\"breadcrumb\":{\"@id\":\"https:\/\/www.emdg-guilers.org\/index.php\/event\/gala-de-danse-des-grands\/#breadcrumb\"},\"inLanguage\":\"fr-FR\",\"potentialAction\":[{\"@type\":\"ReadAction\",\"target\":[\"https:\/\/www.emdg-guilers.org\/index.php\/event\/gala-de-danse-des-grands\/\"]}]},{\"@type\":\"ImageObject\",\"inLanguage\":\"fr-FR\",\"@id\":\"https:\/\/www.emdg-guilers.org\/index.php\/event\/gala-de-danse-des-grands\/#primaryimage\",\"url\":\"https:\/\/www.emdg-guilers.org\/wp-content\/uploads\/2022\/10\/GALA-de-danse-2023.jpg\",\"contentUrl\":\"https:\/\/www.emdg-guilers.org\/wp-content\/uploads\/2022\/10\/GALA-de-danse-2023.jpg\",\"width\":1587,\"height\":2245},{\"@type\":\"BreadcrumbList\",\"@id\":\"https:\/\/www.emdg-guilers.org\/index.php\/event\/gala-de-danse-des-grands\/#breadcrumb\",\"itemListElement\":[{\"@type\":\"ListItem\",\"position\":1,\"name\":\"Accueil\",\"item\":\"https:\/\/www.emdg-guilers.org\/\"},{\"@type\":\"ListItem\",\"position\":2,\"name\":\"\u00c9v\u00e8nements\",\"item\":\"https:\/\/www.emdg-guilers.org\/index.php\/events\/\"},{\"@type\":\"ListItem\",\"position\":3,\"name\":\"Gala de danse des grands\"}]},{\"@type\":\"WebSite\",\"@id\":\"https:\/\/www.emdg-guilers.org\/#website\",\"url\":\"https:\/\/www.emdg-guilers.org\/\",\"name\":\"Ecole de Musique et Danse de Guilers\",\"description\":\"Ecole associative, cours de musique, danse, th\u00e9\u00e2tre accessibles \u00e0 tous\",\"publisher\":{\"@id\":\"https:\/\/www.emdg-guilers.org\/#organization\"},\"potentialAction\":[{\"@type\":\"SearchAction\",\"target\":{\"@type\":\"EntryPoint\",\"urlTemplate\":\"https:\/\/www.emdg-guilers.org\/?s={search_term_string}\"},\"query-input\":\"required name=search_term_string\"}],\"inLanguage\":\"fr-FR\"},{\"@type\":\"Organization\",\"@id\":\"https:\/\/www.emdg-guilers.org\/#organization\",\"name\":\"Ecole de Musique et de Danse\",\"url\":\"https:\/\/www.emdg-guilers.org\/\",\"logo\":{\"@type\":\"ImageObject\",\"inLanguage\":\"fr-FR\",\"@id\":\"https:\/\/www.emdg-guilers.org\/#\/schema\/logo\/image\/\",\"url\":\"https:\/\/www.emdg-guilers.org\/wp-content\/uploads\/2016\/06\/logo2014.jpg\",\"contentUrl\":\"https:\/\/www.emdg-guilers.org\/wp-content\/uploads\/2016\/06\/logo2014.jpg\",\"width\":214,\"height\":116,\"caption\":\"Ecole de Musique et de Danse\"},\"image\":{\"@id\":\"https:\/\/www.emdg-guilers.org\/#\/schema\/logo\/image\/\"},\"sameAs\":[\"https:\/\/www.facebook.com\/Ecole-de-Musique-et-de-Danse-de-Guilers-480017765533016\/\"]}]}<\/script>\n<!-- \/ Yoast SEO plugin. -->","yoast_head_json":{"title":"Gala de danse des grands - Ecole de Musique, Danse &amp; Th\u00e9\u00e2tre de Guilers","robots":{"index":"index","follow":"follow","max-snippet":"max-snippet:-1","max-image-preview":"max-image-preview:large","max-video-preview":"max-video-preview:-1"},"canonical":"https:\/\/www.emdg-guilers.org\/index.php\/event\/gala-de-danse-des-grands\/","og_locale":"fr_FR","og_type":"article","og_title":"Gala de danse des grands - Ecole de Musique, Danse &amp; Th\u00e9\u00e2tre de Guilers","og_description":"R\u00e9servation indispensable sur HELLOASSO","og_url":"https:\/\/www.emdg-guilers.org\/index.php\/event\/gala-de-danse-des-grands\/","og_site_name":"Ecole de Musique, Danse &amp; Th\u00e9\u00e2tre de Guilers","article_publisher":"https:\/\/www.facebook.com\/Ecole-de-Musique-et-de-Danse-de-Guilers-480017765533016\/","article_modified_time":"2023-05-02T09:38:16+00:00","og_image":[{"url":"https:\/\/www.emdg-guilers.org\/wp-content\/uploads\/2022\/10\/GALA-de-danse-2023-212x300.jpg"}],"twitter_card":"summary_large_image","twitter_misc":{"Dur\u00e9e de lecture estim\u00e9e":"1 minute"},"schema":{"@context":"https:\/\/schema.org","@graph":[{"@type":"WebPage","@id":"https:\/\/www.emdg-guilers.org\/index.php\/event\/gala-de-danse-des-grands\/","url":"https:\/\/www.emdg-guilers.org\/index.php\/event\/gala-de-danse-des-grands\/","name":"Gala de danse des grands - Ecole de Musique, Danse &amp; Th\u00e9\u00e2tre de Guilers","isPartOf":{"@id":"https:\/\/www.emdg-guilers.org\/#website"},"primaryImageOfPage":{"@id":"https:\/\/www.emdg-guilers.org\/index.php\/event\/gala-de-danse-des-grands\/#primaryimage"},"image":{"@id":"https:\/\/www.emdg-guilers.org\/index.php\/event\/gala-de-danse-des-grands\/#primaryimage"},"thumbnailUrl":"https:\/\/www.emdg-guilers.org\/wp-content\/uploads\/2022\/10\/GALA-de-danse-2023-212x300.jpg","datePublished":"2022-10-10T13:54:24+00:00","dateModified":"2023-05-02T09:38:16+00:00","breadcrumb":{"@id":"https:\/\/www.emdg-guilers.org\/index.php\/event\/gala-de-danse-des-grands\/#breadcrumb"},"inLanguage":"fr-FR","potentialAction":[{"@type":"ReadAction","target":["https:\/\/www.emdg-guilers.org\/index.php\/event\/gala-de-danse-des-grands\/"]}]},{"@type":"ImageObject","inLanguage":"fr-FR","@id":"https:\/\/www.emdg-guilers.org\/index.php\/event\/gala-de-danse-des-grands\/#primaryimage","url":"https:\/\/www.emdg-guilers.org\/wp-content\/uploads\/2022\/10\/GALA-de-danse-2023.jpg","contentUrl":"https:\/\/www.emdg-guilers.org\/wp-content\/uploads\/2022\/10\/GALA-de-danse-2023.jpg","width":1587,"height":2245},{"@type":"BreadcrumbList","@id":"https:\/\/www.emdg-guilers.org\/index.php\/event\/gala-de-danse-des-grands\/#breadcrumb","itemListElement":[{"@type":"ListItem","position":1,"name":"Accueil","item":"https:\/\/www.emdg-guilers.org\/"},{"@type":"ListItem","position":2,"name":"\u00c9v\u00e8nements","item":"https:\/\/www.emdg-guilers.org\/index.php\/events\/"},{"@type":"ListItem","position":3,"name":"Gala de danse des grands"}]},{"@type":"WebSite","@id":"https:\/\/www.emdg-guilers.org\/#website","url":"https:\/\/www.emdg-guilers.org\/","name":"Ecole de Musique et Danse de Guilers","description":"Ecole associative, cours de musique, danse, th\u00e9\u00e2tre accessibles \u00e0 tous","publisher":{"@id":"https:\/\/www.emdg-guilers.org\/#organization"},"potentialAction":[{"@type":"SearchAction","target":{"@type":"EntryPoint","urlTemplate":"https:\/\/www.emdg-guilers.org\/?s={search_term_string}"},"query-input":"required name=search_term_string"}],"inLanguage":"fr-FR"},{"@type":"Organization","@id":"https:\/\/www.emdg-guilers.org\/#organization","name":"Ecole de Musique et de Danse","url":"https:\/\/www.emdg-guilers.org\/","logo":{"@type":"ImageObject","inLanguage":"fr-FR","@id":"https:\/\/www.emdg-guilers.org\/#\/schema\/logo\/image\/","url":"https:\/\/www.emdg-guilers.org\/wp-content\/uploads\/2016\/06\/logo2014.jpg","contentUrl":"https:\/\/www.emdg-guilers.org\/wp-content\/uploads\/2016\/06\/logo2014.jpg","width":214,"height":116,"caption":"Ecole de Musique et de Danse"},"image":{"@id":"https:\/\/www.emdg-guilers.org\/#\/schema\/logo\/image\/"},"sameAs":["https:\/\/www.facebook.com\/Ecole-de-Musique-et-de-Danse-de-Guilers-480017765533016\/"]}]}},"_links":{"self":[{"href":"https:\/\/www.emdg-guilers.org\/index.php\/wp-json\/wp\/v2\/tribe_events\/3294"}],"collection":[{"href":"https:\/\/www.emdg-guilers.org\/index.php\/wp-json\/wp\/v2\/tribe_events"}],"about":[{"href":"https:\/\/www.emdg-guilers.org\/index.php\/wp-json\/wp\/v2\/types\/tribe_events"}],"author":[{"embeddable":true,"href":"https:\/\/www.emdg-guilers.org\/index.php\/wp-json\/wp\/v2\/users\/3"}],"replies":[{"embeddable":true,"href":"https:\/\/www.emdg-guilers.org\/index.php\/wp-json\/wp\/v2\/comments?post=3294"}],"version-history":[{"count":3,"href":"https:\/\/www.emdg-guilers.org\/index.php\/wp-json\/wp\/v2\/tribe_events\/3294\/revisions"}],"predecessor-version":[{"id":3598,"href":"https:\/\/www.emdg-guilers.org\/index.php\/wp-json\/wp\/v2\/tribe_events\/3294\/revisions\/3598"}],"wp:attachment":[{"href":"https:\/\/www.emdg-guilers.org\/index.php\/wp-json\/wp\/v2\/media?parent=3294"}],"wp:term":[{"taxonomy":"post_tag","embeddable":true,"href":"https:\/\/www.emdg-guilers.org\/index.php\/wp-json\/wp\/v2\/tags?post=3294"},{"taxonomy":"tribe_events_cat","embeddable":true,"href":"https:\/\/www.emdg-guilers.org\/index.php\/wp-json\/wp\/v2\/tribe_events_cat?post=3294"}],"curies":[{"name":"wp","href":"https:\/\/api.w.org\/{rel}","templated":true}]}}

<p><a href="https://www.helloasso.com/associations/ecole-de-musique-et-danse-de-guilers/evenements/gala-des-grands-de-l-emdg-2023">Réservation indispensable sur HELLOASSO</a></p>
<p><a href="https://www.helloasso.com/associations/ecole-de-musique-et-danse-de-guilers/evenements/gala-des-grands-de-l-emdg-2023"><img loading="lazy" decoding="async" class="aligncenter size-medium wp-image-3596" src="https://www.emdg-guilers.org/wp-content/uploads/2022/10/GALA-de-danse-2023-212x300.jpg" alt="" width="212" height="300" srcset="https://www.emdg-guilers.org/wp-content/uploads/2022/10/GALA-de-danse-2023-212x300.jpg 212w, https://www.emdg-guilers.org/wp-content/uploads/2022/10/GALA-de-danse-2023-724x1024.jpg 724w, https://www.emdg-guilers.org/wp-content/uploads/2022/10/GALA-de-danse-2023-768x1086.jpg 768w, https://www.emdg-guilers.org/wp-content/uploads/2022/10/GALA-de-danse-2023-1086x1536.jpg 1086w, https://www.emdg-guilers.org/wp-content/uploads/2022/10/GALA-de-danse-2023-1448x2048.jpg 1448w, https://www.emdg-guilers.org/wp-content/uploads/2022/10/GALA-de-danse-2023-191x270.jpg 191w, https://www.emdg-guilers.org/wp-content/uploads/2022/10/GALA-de-danse-2023.jpg 1587w" sizes="(max-width: 212px) 100vw, 212px" /></a></p>

<p>Réservation indispensable sur HELLOASSO</p>

<!-- This site is optimized with the Yoast SEO plugin v22.4 - https://yoast.com/wordpress/plugins/seo/ -->
<title>Gala de danse des grands - Ecole de Musique, Danse &amp; Théâtre de Guilers</title>
<meta name="robots" content="index, follow, max-snippet:-1, max-image-preview:large, max-video-preview:-1" />
<link rel="canonical" href="https://www.emdg-guilers.org/index.php/event/gala-de-danse-des-grands/" />
<meta property="og:locale" content="fr_FR" />
<meta property="og:type" content="article" />
<meta property="og:title" content="Gala de danse des grands - Ecole de Musique, Danse &amp; Théâtre de Guilers" />
<meta property="og:description" content="Réservation indispensable sur HELLOASSO" />
<meta property="og:url" content="https://www.emdg-guilers.org/index.php/event/gala-de-danse-des-grands/" />
<meta property="og:site_name" content="Ecole de Musique, Danse &amp; Théâtre de Guilers" />
<meta property="article:publisher" content="https://www.facebook.com/Ecole-de-Musique-et-de-Danse-de-Guilers-480017765533016/" />
<meta property="article:modified_time" content="2023-05-02T09:38:16+00:00" />
<meta property="og:image" content="https://www.emdg-guilers.org/wp-content/uploads/2022/10/GALA-de-danse-2023-212x300.jpg" />
<meta name="twitter:card" content="summary_large_image" />
<meta name="twitter:label1" content="Durée de lecture estimée" />
	<meta name="twitter:data1" content="1 minute" />
<script type="application/ld+json" class="yoast-schema-graph">{"@context":"https://schema.org","@graph":[{"@type":"WebPage","@id":"https://www.emdg-guilers.org/index.php/event/gala-de-danse-des-grands/","url":"https://www.emdg-guilers.org/index.php/event/gala-de-danse-des-grands/","name":"Gala de danse des grands - Ecole de Musique, Danse &amp; Théâtre de Guilers","isPartOf":{"@id":"https://www.emdg-guilers.org/#website"},"primaryImageOfPage":{"@id":"https://www.emdg-guilers.org/index.php/event/gala-de-danse-des-grands/#primaryimage"},"image":{"@id":"https://www.emdg-guilers.org/index.php/event/gala-de-danse-des-grands/#primaryimage"},"thumbnailUrl":"https://www.emdg-guilers.org/wp-content/uploads/2022/10/GALA-de-danse-2023-212x300.jpg","datePublished":"2022-10-10T13:54:24+00:00","dateModified":"2023-05-02T09:38:16+00:00","breadcrumb":{"@id":"https://www.emdg-guilers.org/index.php/event/gala-de-danse-des-grands/#breadcrumb"},"inLanguage":"fr-FR","potentialAction":[{"@type":"ReadAction","target":["https://www.emdg-guilers.org/index.php/event/gala-de-danse-des-grands/"]}]},{"@type":"ImageObject","inLanguage":"fr-FR","@id":"https://www.emdg-guilers.org/index.php/event/gala-de-danse-des-grands/#primaryimage","url":"https://www.emdg-guilers.org/wp-content/uploads/2022/10/GALA-de-danse-2023.jpg","contentUrl":"https://www.emdg-guilers.org/wp-content/uploads/2022/10/GALA-de-danse-2023.jpg","width":1587,"height":2245},{"@type":"BreadcrumbList","@id":"https://www.emdg-guilers.org/index.php/event/gala-de-danse-des-grands/#breadcrumb","itemListElement":[{"@type":"ListItem","position":1,"name":"Accueil","item":"https://www.emdg-guilers.org/"},{"@type":"ListItem","position":2,"name":"Évènements","item":"https://www.emdg-guilers.org/index.php/events/"},{"@type":"ListItem","position":3,"name":"Gala de danse des grands"}]},{"@type":"WebSite","@id":"https://www.emdg-guilers.org/#website","url":"https://www.emdg-guilers.org/","name":"Ecole de Musique et Danse de Guilers","description":"Ecole associative, cours de musique, danse, théâtre accessibles à tous","publisher":{"@id":"https://www.emdg-guilers.org/#organization"},"potentialAction":[{"@type":"SearchAction","target":{"@type":"EntryPoint","urlTemplate":"https://www.emdg-guilers.org/?s={search_term_string}"},"query-input":"required name=search_term_string"}],"inLanguage":"fr-FR"},{"@type":"Organization","@id":"https://www.emdg-guilers.org/#organization","name":"Ecole de Musique et de Danse","url":"https://www.emdg-guilers.org/","logo":{"@type":"ImageObject","inLanguage":"fr-FR","@id":"https://www.emdg-guilers.org/#/schema/logo/image/","url":"https://www.emdg-guilers.org/wp-content/uploads/2016/06/logo2014.jpg","contentUrl":"https://www.emdg-guilers.org/wp-content/uploads/2016/06/logo2014.jpg","width":214,"height":116,"caption":"Ecole de Musique et de Danse"},"image":{"@id":"https://www.emdg-guilers.org/#/schema/logo/image/"},"sameAs":["https://www.facebook.com/Ecole-de-Musique-et-de-Danse-de-Guilers-480017765533016/"]}]}</script>
<!-- / Yoast SEO plugin. -->

Gala de danse des grands - Ecole de Musique, Danse &amp; Théâtre de Guilers

Réservation indispensable sur HELLOASSO

Ecole de Musique, Danse &amp; Théâtre de Guilers

Évènements

Ecole associative, cours de musique, danse, théâtre accessibles à tous
