{"id":3350,"date":"2022-11-29T15:38:34","date_gmt":"2022-11-29T14:38:34","guid":{"rendered":"https:\/\/www.emdg-guilers.org\/?post_type=tribe_events&#038;p=3350"},"modified":"2022-11-29T15:38:34","modified_gmt":"2022-11-29T14:38:34","slug":"4e-repetition-du-projet-wind-and-groove","status":"publish","type":"tribe_events","link":"https:\/\/www.emdg-guilers.org\/index.php\/event\/4e-repetition-du-projet-wind-and-groove\/","title":{"rendered":"4e r\u00e9p\u00e9tition du projet Wind and Groove"},"content":{"rendered":"<p>A Guilers<\/p>\n<blockquote class=\"wp-embedded-content\" data-secret=\"b22Z3U8VmX\"><p><a href=\"https:\/\/www.emdg-guilers.org\/index.php\/fanfare\/\">Wind and Groove : \u00ab\u00a0fanfare\u00a0\u00bb inter-\u00e9coles<\/a><\/p><\/blockquote>\n<p><iframe class=\"wp-embedded-content\" sandbox=\"allow-scripts\" security=\"restricted\" style=\"position: absolute; clip: rect(1px, 1px, 1px, 1px);\" title=\"\u00ab\u00a0Wind and Groove : \u00ab\u00a0fanfare\u00a0\u00bb inter-\u00e9coles\u00a0\u00bb &#8212; Ecole de Musique, Danse &amp; Th\u00e9\u00e2tre de Guilers\" src=\"https:\/\/www.emdg-guilers.org\/index.php\/fanfare\/embed\/#?secret=T0FJV0kvcl#?secret=b22Z3U8VmX\" data-secret=\"b22Z3U8VmX\" width=\"600\" height=\"338\" frameborder=\"0\" marginwidth=\"0\" marginheight=\"0\" scrolling=\"no\"><\/iframe><\/p>\n","protected":false},"excerpt":{"rendered":"<p>A Guilers Wind and Groove : \u00ab\u00a0fanfare\u00a0\u00bb inter-\u00e9coles<\/p>\n","protected":false},"author":3,"featured_media":0,"comment_status":"closed","ping_status":"closed","template":"","meta":{"_tribe_events_status":"","_tribe_events_status_reason":"","footnotes":""},"tags":[],"tribe_events_cat":[],"yoast_head":"<!-- This site is optimized with the Yoast SEO plugin v22.4 - https:\/\/yoast.com\/wordpress\/plugins\/seo\/ -->\n<title>4e r\u00e9p\u00e9tition du projet Wind and Groove - Ecole de Musique, Danse &amp; Th\u00e9\u00e2tre de Guilers<\/title>\n<meta name=\"robots\" content=\"index, follow, max-snippet:-1, max-image-preview:large, max-video-preview:-1\" \/>\n<link rel=\"canonical\" href=\"https:\/\/www.emdg-guilers.org\/index.php\/event\/4e-repetition-du-projet-wind-and-groove\/\" \/>\n<meta property=\"og:locale\" content=\"fr_FR\" \/>\n<meta property=\"og:type\" content=\"article\" \/>\n<meta property=\"og:title\" content=\"4e r\u00e9p\u00e9tition du projet Wind and Groove - Ecole de Musique, Danse &amp; Th\u00e9\u00e2tre de Guilers\" \/>\n<meta property=\"og:description\" content=\"A Guilers Wind and Groove : \u00ab\u00a0fanfare\u00a0\u00bb inter-\u00e9coles\" \/>\n<meta property=\"og:url\" content=\"https:\/\/www.emdg-guilers.org\/index.php\/event\/4e-repetition-du-projet-wind-and-groove\/\" \/>\n<meta property=\"og:site_name\" content=\"Ecole de Musique, Danse &amp; Th\u00e9\u00e2tre de Guilers\" \/>\n<meta property=\"article:publisher\" content=\"https:\/\/www.facebook.com\/Ecole-de-Musique-et-de-Danse-de-Guilers-480017765533016\/\" \/>\n<meta name=\"twitter:card\" content=\"summary_large_image\" \/>\n<meta name=\"twitter:label1\" content=\"Dur\u00e9e de lecture estim\u00e9e\" \/>\n\t<meta name=\"twitter:data1\" content=\"1 minute\" \/>\n<script type=\"application\/ld+json\" class=\"yoast-schema-graph\">{\"@context\":\"https:\/\/schema.org\",\"@graph\":[{\"@type\":\"WebPage\",\"@id\":\"https:\/\/www.emdg-guilers.org\/index.php\/event\/4e-repetition-du-projet-wind-and-groove\/\",\"url\":\"https:\/\/www.emdg-guilers.org\/index.php\/event\/4e-repetition-du-projet-wind-and-groove\/\",\"name\":\"4e r\u00e9p\u00e9tition du projet Wind and Groove - Ecole de Musique, Danse &amp; Th\u00e9\u00e2tre de Guilers\",\"isPartOf\":{\"@id\":\"https:\/\/www.emdg-guilers.org\/#website\"},\"datePublished\":\"2022-11-29T14:38:34+00:00\",\"dateModified\":\"2022-11-29T14:38:34+00:00\",\"breadcrumb\":{\"@id\":\"https:\/\/www.emdg-guilers.org\/index.php\/event\/4e-repetition-du-projet-wind-and-groove\/#breadcrumb\"},\"inLanguage\":\"fr-FR\",\"potentialAction\":[{\"@type\":\"ReadAction\",\"target\":[\"https:\/\/www.emdg-guilers.org\/index.php\/event\/4e-repetition-du-projet-wind-and-groove\/\"]}]},{\"@type\":\"BreadcrumbList\",\"@id\":\"https:\/\/www.emdg-guilers.org\/index.php\/event\/4e-repetition-du-projet-wind-and-groove\/#breadcrumb\",\"itemListElement\":[{\"@type\":\"ListItem\",\"position\":1,\"name\":\"Accueil\",\"item\":\"https:\/\/www.emdg-guilers.org\/\"},{\"@type\":\"ListItem\",\"position\":2,\"name\":\"\u00c9v\u00e8nements\",\"item\":\"https:\/\/www.emdg-guilers.org\/index.php\/events\/\"},{\"@type\":\"ListItem\",\"position\":3,\"name\":\"4e r\u00e9p\u00e9tition du projet Wind and Groove\"}]},{\"@type\":\"WebSite\",\"@id\":\"https:\/\/www.emdg-guilers.org\/#website\",\"url\":\"https:\/\/www.emdg-guilers.org\/\",\"name\":\"Ecole de Musique et Danse de Guilers\",\"description\":\"Ecole associative, cours de musique, danse, th\u00e9\u00e2tre accessibles \u00e0 tous\",\"publisher\":{\"@id\":\"https:\/\/www.emdg-guilers.org\/#organization\"},\"potentialAction\":[{\"@type\":\"SearchAction\",\"target\":{\"@type\":\"EntryPoint\",\"urlTemplate\":\"https:\/\/www.emdg-guilers.org\/?s={search_term_string}\"},\"query-input\":\"required name=search_term_string\"}],\"inLanguage\":\"fr-FR\"},{\"@type\":\"Organization\",\"@id\":\"https:\/\/www.emdg-guilers.org\/#organization\",\"name\":\"Ecole de Musique et de Danse\",\"url\":\"https:\/\/www.emdg-guilers.org\/\",\"logo\":{\"@type\":\"ImageObject\",\"inLanguage\":\"fr-FR\",\"@id\":\"https:\/\/www.emdg-guilers.org\/#\/schema\/logo\/image\/\",\"url\":\"https:\/\/www.emdg-guilers.org\/wp-content\/uploads\/2016\/06\/logo2014.jpg\",\"contentUrl\":\"https:\/\/www.emdg-guilers.org\/wp-content\/uploads\/2016\/06\/logo2014.jpg\",\"width\":214,\"height\":116,\"caption\":\"Ecole de Musique et de Danse\"},\"image\":{\"@id\":\"https:\/\/www.emdg-guilers.org\/#\/schema\/logo\/image\/\"},\"sameAs\":[\"https:\/\/www.facebook.com\/Ecole-de-Musique-et-de-Danse-de-Guilers-480017765533016\/\"]}]}<\/script>\n<!-- \/ Yoast SEO plugin. -->","yoast_head_json":{"title":"4e r\u00e9p\u00e9tition du projet Wind and Groove - Ecole de Musique, Danse &amp; Th\u00e9\u00e2tre de Guilers","robots":{"index":"index","follow":"follow","max-snippet":"max-snippet:-1","max-image-preview":"max-image-preview:large","max-video-preview":"max-video-preview:-1"},"canonical":"https:\/\/www.emdg-guilers.org\/index.php\/event\/4e-repetition-du-projet-wind-and-groove\/","og_locale":"fr_FR","og_type":"article","og_title":"4e r\u00e9p\u00e9tition du projet Wind and Groove - Ecole de Musique, Danse &amp; Th\u00e9\u00e2tre de Guilers","og_description":"A Guilers Wind and Groove : \u00ab\u00a0fanfare\u00a0\u00bb inter-\u00e9coles","og_url":"https:\/\/www.emdg-guilers.org\/index.php\/event\/4e-repetition-du-projet-wind-and-groove\/","og_site_name":"Ecole de Musique, Danse &amp; Th\u00e9\u00e2tre de Guilers","article_publisher":"https:\/\/www.facebook.com\/Ecole-de-Musique-et-de-Danse-de-Guilers-480017765533016\/","twitter_card":"summary_large_image","twitter_misc":{"Dur\u00e9e de lecture estim\u00e9e":"1 minute"},"schema":{"@context":"https:\/\/schema.org","@graph":[{"@type":"WebPage","@id":"https:\/\/www.emdg-guilers.org\/index.php\/event\/4e-repetition-du-projet-wind-and-groove\/","url":"https:\/\/www.emdg-guilers.org\/index.php\/event\/4e-repetition-du-projet-wind-and-groove\/","name":"4e r\u00e9p\u00e9tition du projet Wind and Groove - Ecole de Musique, Danse &amp; Th\u00e9\u00e2tre de Guilers","isPartOf":{"@id":"https:\/\/www.emdg-guilers.org\/#website"},"datePublished":"2022-11-29T14:38:34+00:00","dateModified":"2022-11-29T14:38:34+00:00","breadcrumb":{"@id":"https:\/\/www.emdg-guilers.org\/index.php\/event\/4e-repetition-du-projet-wind-and-groove\/#breadcrumb"},"inLanguage":"fr-FR","potentialAction":[{"@type":"ReadAction","target":["https:\/\/www.emdg-guilers.org\/index.php\/event\/4e-repetition-du-projet-wind-and-groove\/"]}]},{"@type":"BreadcrumbList","@id":"https:\/\/www.emdg-guilers.org\/index.php\/event\/4e-repetition-du-projet-wind-and-groove\/#breadcrumb","itemListElement":[{"@type":"ListItem","position":1,"name":"Accueil","item":"https:\/\/www.emdg-guilers.org\/"},{"@type":"ListItem","position":2,"name":"\u00c9v\u00e8nements","item":"https:\/\/www.emdg-guilers.org\/index.php\/events\/"},{"@type":"ListItem","position":3,"name":"4e r\u00e9p\u00e9tition du projet Wind and Groove"}]},{"@type":"WebSite","@id":"https:\/\/www.emdg-guilers.org\/#website","url":"https:\/\/www.emdg-guilers.org\/","name":"Ecole de Musique et Danse de Guilers","description":"Ecole associative, cours de musique, danse, th\u00e9\u00e2tre accessibles \u00e0 tous","publisher":{"@id":"https:\/\/www.emdg-guilers.org\/#organization"},"potentialAction":[{"@type":"SearchAction","target":{"@type":"EntryPoint","urlTemplate":"https:\/\/www.emdg-guilers.org\/?s={search_term_string}"},"query-input":"required name=search_term_string"}],"inLanguage":"fr-FR"},{"@type":"Organization","@id":"https:\/\/www.emdg-guilers.org\/#organization","name":"Ecole de Musique et de Danse","url":"https:\/\/www.emdg-guilers.org\/","logo":{"@type":"ImageObject","inLanguage":"fr-FR","@id":"https:\/\/www.emdg-guilers.org\/#\/schema\/logo\/image\/","url":"https:\/\/www.emdg-guilers.org\/wp-content\/uploads\/2016\/06\/logo2014.jpg","contentUrl":"https:\/\/www.emdg-guilers.org\/wp-content\/uploads\/2016\/06\/logo2014.jpg","width":214,"height":116,"caption":"Ecole de Musique et de Danse"},"image":{"@id":"https:\/\/www.emdg-guilers.org\/#\/schema\/logo\/image\/"},"sameAs":["https:\/\/www.facebook.com\/Ecole-de-Musique-et-de-Danse-de-Guilers-480017765533016\/"]}]}},"_links":{"self":[{"href":"https:\/\/www.emdg-guilers.org\/index.php\/wp-json\/wp\/v2\/tribe_events\/3350"}],"collection":[{"href":"https:\/\/www.emdg-guilers.org\/index.php\/wp-json\/wp\/v2\/tribe_events"}],"about":[{"href":"https:\/\/www.emdg-guilers.org\/index.php\/wp-json\/wp\/v2\/types\/tribe_events"}],"author":[{"embeddable":true,"href":"https:\/\/www.emdg-guilers.org\/index.php\/wp-json\/wp\/v2\/users\/3"}],"replies":[{"embeddable":true,"href":"https:\/\/www.emdg-guilers.org\/index.php\/wp-json\/wp\/v2\/comments?post=3350"}],"version-history":[{"count":1,"href":"https:\/\/www.emdg-guilers.org\/index.php\/wp-json\/wp\/v2\/tribe_events\/3350\/revisions"}],"predecessor-version":[{"id":3351,"href":"https:\/\/www.emdg-guilers.org\/index.php\/wp-json\/wp\/v2\/tribe_events\/3350\/revisions\/3351"}],"wp:attachment":[{"href":"https:\/\/www.emdg-guilers.org\/index.php\/wp-json\/wp\/v2\/media?parent=3350"}],"wp:term":[{"taxonomy":"post_tag","embeddable":true,"href":"https:\/\/www.emdg-guilers.org\/index.php\/wp-json\/wp\/v2\/tags?post=3350"},{"taxonomy":"tribe_events_cat","embeddable":true,"href":"https:\/\/www.emdg-guilers.org\/index.php\/wp-json\/wp\/v2\/tribe_events_cat?post=3350"}],"curies":[{"name":"wp","href":"https:\/\/api.w.org\/{rel}","templated":true}]}}

4e répétition du projet Wind and Groove

<p>A Guilers</p>
<blockquote class="wp-embedded-content" data-secret="b22Z3U8VmX"><p><a href="https://www.emdg-guilers.org/index.php/fanfare/">Wind and Groove : « fanfare » inter-écoles</a></p></blockquote>
<p><iframe class="wp-embedded-content" sandbox="allow-scripts" security="restricted" style="position: absolute; clip: rect(1px, 1px, 1px, 1px);" title="« Wind and Groove : « fanfare » inter-écoles » &#8212; Ecole de Musique, Danse &amp; Théâtre de Guilers" src="https://www.emdg-guilers.org/index.php/fanfare/embed/#?secret=T0FJV0kvcl#?secret=b22Z3U8VmX" data-secret="b22Z3U8VmX" width="600" height="338" frameborder="0" marginwidth="0" marginheight="0" scrolling="no"></iframe></p>

<p>A Guilers Wind and Groove : « fanfare » inter-écoles</p>

<!-- This site is optimized with the Yoast SEO plugin v22.4 - https://yoast.com/wordpress/plugins/seo/ -->
<title>4e répétition du projet Wind and Groove - Ecole de Musique, Danse &amp; Théâtre de Guilers</title>
<meta name="robots" content="index, follow, max-snippet:-1, max-image-preview:large, max-video-preview:-1" />
<link rel="canonical" href="https://www.emdg-guilers.org/index.php/event/4e-repetition-du-projet-wind-and-groove/" />
<meta property="og:locale" content="fr_FR" />
<meta property="og:type" content="article" />
<meta property="og:title" content="4e répétition du projet Wind and Groove - Ecole de Musique, Danse &amp; Théâtre de Guilers" />
<meta property="og:description" content="A Guilers Wind and Groove : « fanfare » inter-écoles" />
<meta property="og:url" content="https://www.emdg-guilers.org/index.php/event/4e-repetition-du-projet-wind-and-groove/" />
<meta property="og:site_name" content="Ecole de Musique, Danse &amp; Théâtre de Guilers" />
<meta property="article:publisher" content="https://www.facebook.com/Ecole-de-Musique-et-de-Danse-de-Guilers-480017765533016/" />
<meta name="twitter:card" content="summary_large_image" />
<meta name="twitter:label1" content="Durée de lecture estimée" />
	<meta name="twitter:data1" content="1 minute" />
<script type="application/ld+json" class="yoast-schema-graph">{"@context":"https://schema.org","@graph":[{"@type":"WebPage","@id":"https://www.emdg-guilers.org/index.php/event/4e-repetition-du-projet-wind-and-groove/","url":"https://www.emdg-guilers.org/index.php/event/4e-repetition-du-projet-wind-and-groove/","name":"4e répétition du projet Wind and Groove - Ecole de Musique, Danse &amp; Théâtre de Guilers","isPartOf":{"@id":"https://www.emdg-guilers.org/#website"},"datePublished":"2022-11-29T14:38:34+00:00","dateModified":"2022-11-29T14:38:34+00:00","breadcrumb":{"@id":"https://www.emdg-guilers.org/index.php/event/4e-repetition-du-projet-wind-and-groove/#breadcrumb"},"inLanguage":"fr-FR","potentialAction":[{"@type":"ReadAction","target":["https://www.emdg-guilers.org/index.php/event/4e-repetition-du-projet-wind-and-groove/"]}]},{"@type":"BreadcrumbList","@id":"https://www.emdg-guilers.org/index.php/event/4e-repetition-du-projet-wind-and-groove/#breadcrumb","itemListElement":[{"@type":"ListItem","position":1,"name":"Accueil","item":"https://www.emdg-guilers.org/"},{"@type":"ListItem","position":2,"name":"Évènements","item":"https://www.emdg-guilers.org/index.php/events/"},{"@type":"ListItem","position":3,"name":"4e répétition du projet Wind and Groove"}]},{"@type":"WebSite","@id":"https://www.emdg-guilers.org/#website","url":"https://www.emdg-guilers.org/","name":"Ecole de Musique et Danse de Guilers","description":"Ecole associative, cours de musique, danse, théâtre accessibles à tous","publisher":{"@id":"https://www.emdg-guilers.org/#organization"},"potentialAction":[{"@type":"SearchAction","target":{"@type":"EntryPoint","urlTemplate":"https://www.emdg-guilers.org/?s={search_term_string}"},"query-input":"required name=search_term_string"}],"inLanguage":"fr-FR"},{"@type":"Organization","@id":"https://www.emdg-guilers.org/#organization","name":"Ecole de Musique et de Danse","url":"https://www.emdg-guilers.org/","logo":{"@type":"ImageObject","inLanguage":"fr-FR","@id":"https://www.emdg-guilers.org/#/schema/logo/image/","url":"https://www.emdg-guilers.org/wp-content/uploads/2016/06/logo2014.jpg","contentUrl":"https://www.emdg-guilers.org/wp-content/uploads/2016/06/logo2014.jpg","width":214,"height":116,"caption":"Ecole de Musique et de Danse"},"image":{"@id":"https://www.emdg-guilers.org/#/schema/logo/image/"},"sameAs":["https://www.facebook.com/Ecole-de-Musique-et-de-Danse-de-Guilers-480017765533016/"]}]}</script>
<!-- / Yoast SEO plugin. -->

4e répétition du projet Wind and Groove - Ecole de Musique, Danse &amp; Théâtre de Guilers

A Guilers Wind and Groove : « fanfare » inter-écoles

Ecole de Musique, Danse &amp; Théâtre de Guilers

Évènements

Ecole associative, cours de musique, danse, théâtre accessibles à tous
