{"id":4409,"date":"2024-06-06T16:04:42","date_gmt":"2024-06-06T14:04:42","guid":{"rendered":"https:\/\/www.emdg-guilers.org\/?post_type=tribe_events&#038;p=4409"},"modified":"2024-06-06T16:04:54","modified_gmt":"2024-06-06T14:04:54","slug":"audition-batterie-percussions-ensembles","status":"publish","type":"tribe_events","link":"https:\/\/www.emdg-guilers.org\/index.php\/event\/audition-batterie-percussions-ensembles\/","title":{"rendered":"Audition batterie percussions ensembles"},"content":{"rendered":"\r\n<ul>\r\n<li><strong>Mercredi 19 juin \u2013 18h \u2013 salle de r\u00e9p\u00e9tition, 2<sup>e<\/sup> \u00e9tage EMDG<\/strong><\/li>\r\n<\/ul>\r\n\r\n\r\n\r\n<p>Audition des \u00e9l\u00e8ves de batterie, ensembles de percussions digitales des \u00e9l\u00e8ves<\/p>\r\n\r\n\r\n\r\n<p>Entr\u00e9e libre.<\/p>\r\n","protected":false},"excerpt":{"rendered":"<p>Audition des \u00e9l\u00e8ves de batterie, ensembles de percussions digitales des \u00e9l\u00e8ves Entr\u00e9e libre.<\/p>\n","protected":false},"author":3,"featured_media":0,"comment_status":"closed","ping_status":"closed","template":"","meta":{"_tribe_events_status":"","_tribe_events_status_reason":"","footnotes":""},"tags":[],"tribe_events_cat":[],"yoast_head":"<!-- This site is optimized with the Yoast SEO plugin v22.4 - https:\/\/yoast.com\/wordpress\/plugins\/seo\/ -->\n<title>Audition batterie percussions ensembles - Ecole de Musique, Danse &amp; Th\u00e9\u00e2tre de Guilers<\/title>\n<meta name=\"robots\" content=\"index, follow, max-snippet:-1, max-image-preview:large, max-video-preview:-1\" \/>\n<link rel=\"canonical\" href=\"https:\/\/www.emdg-guilers.org\/index.php\/event\/audition-batterie-percussions-ensembles\/\" \/>\n<meta property=\"og:locale\" content=\"fr_FR\" \/>\n<meta property=\"og:type\" content=\"article\" \/>\n<meta property=\"og:title\" content=\"Audition batterie percussions ensembles - Ecole de Musique, Danse &amp; Th\u00e9\u00e2tre de Guilers\" \/>\n<meta property=\"og:description\" content=\"Audition des \u00e9l\u00e8ves de batterie, ensembles de percussions digitales des \u00e9l\u00e8ves Entr\u00e9e libre.\" \/>\n<meta property=\"og:url\" content=\"https:\/\/www.emdg-guilers.org\/index.php\/event\/audition-batterie-percussions-ensembles\/\" \/>\n<meta property=\"og:site_name\" content=\"Ecole de Musique, Danse &amp; Th\u00e9\u00e2tre de Guilers\" \/>\n<meta property=\"article:publisher\" content=\"https:\/\/www.facebook.com\/Ecole-de-Musique-et-de-Danse-de-Guilers-480017765533016\/\" \/>\n<meta property=\"article:modified_time\" content=\"2024-06-06T14:04:54+00:00\" \/>\n<meta name=\"twitter:card\" content=\"summary_large_image\" \/>\n<script type=\"application\/ld+json\" class=\"yoast-schema-graph\">{\"@context\":\"https:\/\/schema.org\",\"@graph\":[{\"@type\":\"WebPage\",\"@id\":\"https:\/\/www.emdg-guilers.org\/index.php\/event\/audition-batterie-percussions-ensembles\/\",\"url\":\"https:\/\/www.emdg-guilers.org\/index.php\/event\/audition-batterie-percussions-ensembles\/\",\"name\":\"Audition batterie percussions ensembles - Ecole de Musique, Danse &amp; Th\u00e9\u00e2tre de Guilers\",\"isPartOf\":{\"@id\":\"https:\/\/www.emdg-guilers.org\/#website\"},\"datePublished\":\"2024-06-06T14:04:42+00:00\",\"dateModified\":\"2024-06-06T14:04:54+00:00\",\"breadcrumb\":{\"@id\":\"https:\/\/www.emdg-guilers.org\/index.php\/event\/audition-batterie-percussions-ensembles\/#breadcrumb\"},\"inLanguage\":\"fr-FR\",\"potentialAction\":[{\"@type\":\"ReadAction\",\"target\":[\"https:\/\/www.emdg-guilers.org\/index.php\/event\/audition-batterie-percussions-ensembles\/\"]}]},{\"@type\":\"BreadcrumbList\",\"@id\":\"https:\/\/www.emdg-guilers.org\/index.php\/event\/audition-batterie-percussions-ensembles\/#breadcrumb\",\"itemListElement\":[{\"@type\":\"ListItem\",\"position\":1,\"name\":\"Accueil\",\"item\":\"https:\/\/www.emdg-guilers.org\/\"},{\"@type\":\"ListItem\",\"position\":2,\"name\":\"\u00c9v\u00e8nements\",\"item\":\"https:\/\/www.emdg-guilers.org\/index.php\/events\/\"},{\"@type\":\"ListItem\",\"position\":3,\"name\":\"Audition batterie percussions ensembles\"}]},{\"@type\":\"WebSite\",\"@id\":\"https:\/\/www.emdg-guilers.org\/#website\",\"url\":\"https:\/\/www.emdg-guilers.org\/\",\"name\":\"Ecole de Musique et Danse de Guilers\",\"description\":\"Ecole associative, cours de musique, danse, th\u00e9\u00e2tre accessibles \u00e0 tous\",\"publisher\":{\"@id\":\"https:\/\/www.emdg-guilers.org\/#organization\"},\"potentialAction\":[{\"@type\":\"SearchAction\",\"target\":{\"@type\":\"EntryPoint\",\"urlTemplate\":\"https:\/\/www.emdg-guilers.org\/?s={search_term_string}\"},\"query-input\":\"required name=search_term_string\"}],\"inLanguage\":\"fr-FR\"},{\"@type\":\"Organization\",\"@id\":\"https:\/\/www.emdg-guilers.org\/#organization\",\"name\":\"Ecole de Musique et de Danse\",\"url\":\"https:\/\/www.emdg-guilers.org\/\",\"logo\":{\"@type\":\"ImageObject\",\"inLanguage\":\"fr-FR\",\"@id\":\"https:\/\/www.emdg-guilers.org\/#\/schema\/logo\/image\/\",\"url\":\"https:\/\/www.emdg-guilers.org\/wp-content\/uploads\/2016\/06\/logo2014.jpg\",\"contentUrl\":\"https:\/\/www.emdg-guilers.org\/wp-content\/uploads\/2016\/06\/logo2014.jpg\",\"width\":214,\"height\":116,\"caption\":\"Ecole de Musique et de Danse\"},\"image\":{\"@id\":\"https:\/\/www.emdg-guilers.org\/#\/schema\/logo\/image\/\"},\"sameAs\":[\"https:\/\/www.facebook.com\/Ecole-de-Musique-et-de-Danse-de-Guilers-480017765533016\/\"]}]}<\/script>\n<!-- \/ Yoast SEO plugin. -->","yoast_head_json":{"title":"Audition batterie percussions ensembles - Ecole de Musique, Danse &amp; Th\u00e9\u00e2tre de Guilers","robots":{"index":"index","follow":"follow","max-snippet":"max-snippet:-1","max-image-preview":"max-image-preview:large","max-video-preview":"max-video-preview:-1"},"canonical":"https:\/\/www.emdg-guilers.org\/index.php\/event\/audition-batterie-percussions-ensembles\/","og_locale":"fr_FR","og_type":"article","og_title":"Audition batterie percussions ensembles - Ecole de Musique, Danse &amp; Th\u00e9\u00e2tre de Guilers","og_description":"Audition des \u00e9l\u00e8ves de batterie, ensembles de percussions digitales des \u00e9l\u00e8ves Entr\u00e9e libre.","og_url":"https:\/\/www.emdg-guilers.org\/index.php\/event\/audition-batterie-percussions-ensembles\/","og_site_name":"Ecole de Musique, Danse &amp; Th\u00e9\u00e2tre de Guilers","article_publisher":"https:\/\/www.facebook.com\/Ecole-de-Musique-et-de-Danse-de-Guilers-480017765533016\/","article_modified_time":"2024-06-06T14:04:54+00:00","twitter_card":"summary_large_image","schema":{"@context":"https:\/\/schema.org","@graph":[{"@type":"WebPage","@id":"https:\/\/www.emdg-guilers.org\/index.php\/event\/audition-batterie-percussions-ensembles\/","url":"https:\/\/www.emdg-guilers.org\/index.php\/event\/audition-batterie-percussions-ensembles\/","name":"Audition batterie percussions ensembles - Ecole de Musique, Danse &amp; Th\u00e9\u00e2tre de Guilers","isPartOf":{"@id":"https:\/\/www.emdg-guilers.org\/#website"},"datePublished":"2024-06-06T14:04:42+00:00","dateModified":"2024-06-06T14:04:54+00:00","breadcrumb":{"@id":"https:\/\/www.emdg-guilers.org\/index.php\/event\/audition-batterie-percussions-ensembles\/#breadcrumb"},"inLanguage":"fr-FR","potentialAction":[{"@type":"ReadAction","target":["https:\/\/www.emdg-guilers.org\/index.php\/event\/audition-batterie-percussions-ensembles\/"]}]},{"@type":"BreadcrumbList","@id":"https:\/\/www.emdg-guilers.org\/index.php\/event\/audition-batterie-percussions-ensembles\/#breadcrumb","itemListElement":[{"@type":"ListItem","position":1,"name":"Accueil","item":"https:\/\/www.emdg-guilers.org\/"},{"@type":"ListItem","position":2,"name":"\u00c9v\u00e8nements","item":"https:\/\/www.emdg-guilers.org\/index.php\/events\/"},{"@type":"ListItem","position":3,"name":"Audition batterie percussions ensembles"}]},{"@type":"WebSite","@id":"https:\/\/www.emdg-guilers.org\/#website","url":"https:\/\/www.emdg-guilers.org\/","name":"Ecole de Musique et Danse de Guilers","description":"Ecole associative, cours de musique, danse, th\u00e9\u00e2tre accessibles \u00e0 tous","publisher":{"@id":"https:\/\/www.emdg-guilers.org\/#organization"},"potentialAction":[{"@type":"SearchAction","target":{"@type":"EntryPoint","urlTemplate":"https:\/\/www.emdg-guilers.org\/?s={search_term_string}"},"query-input":"required name=search_term_string"}],"inLanguage":"fr-FR"},{"@type":"Organization","@id":"https:\/\/www.emdg-guilers.org\/#organization","name":"Ecole de Musique et de Danse","url":"https:\/\/www.emdg-guilers.org\/","logo":{"@type":"ImageObject","inLanguage":"fr-FR","@id":"https:\/\/www.emdg-guilers.org\/#\/schema\/logo\/image\/","url":"https:\/\/www.emdg-guilers.org\/wp-content\/uploads\/2016\/06\/logo2014.jpg","contentUrl":"https:\/\/www.emdg-guilers.org\/wp-content\/uploads\/2016\/06\/logo2014.jpg","width":214,"height":116,"caption":"Ecole de Musique et de Danse"},"image":{"@id":"https:\/\/www.emdg-guilers.org\/#\/schema\/logo\/image\/"},"sameAs":["https:\/\/www.facebook.com\/Ecole-de-Musique-et-de-Danse-de-Guilers-480017765533016\/"]}]}},"_links":{"self":[{"href":"https:\/\/www.emdg-guilers.org\/index.php\/wp-json\/wp\/v2\/tribe_events\/4409"}],"collection":[{"href":"https:\/\/www.emdg-guilers.org\/index.php\/wp-json\/wp\/v2\/tribe_events"}],"about":[{"href":"https:\/\/www.emdg-guilers.org\/index.php\/wp-json\/wp\/v2\/types\/tribe_events"}],"author":[{"embeddable":true,"href":"https:\/\/www.emdg-guilers.org\/index.php\/wp-json\/wp\/v2\/users\/3"}],"replies":[{"embeddable":true,"href":"https:\/\/www.emdg-guilers.org\/index.php\/wp-json\/wp\/v2\/comments?post=4409"}],"version-history":[{"count":2,"href":"https:\/\/www.emdg-guilers.org\/index.php\/wp-json\/wp\/v2\/tribe_events\/4409\/revisions"}],"predecessor-version":[{"id":4412,"href":"https:\/\/www.emdg-guilers.org\/index.php\/wp-json\/wp\/v2\/tribe_events\/4409\/revisions\/4412"}],"wp:attachment":[{"href":"https:\/\/www.emdg-guilers.org\/index.php\/wp-json\/wp\/v2\/media?parent=4409"}],"wp:term":[{"taxonomy":"post_tag","embeddable":true,"href":"https:\/\/www.emdg-guilers.org\/index.php\/wp-json\/wp\/v2\/tags?post=4409"},{"taxonomy":"tribe_events_cat","embeddable":true,"href":"https:\/\/www.emdg-guilers.org\/index.php\/wp-json\/wp\/v2\/tribe_events_cat?post=4409"}],"curies":[{"name":"wp","href":"https:\/\/api.w.org\/{rel}","templated":true}]}}

<ul>
<li><strong>Mercredi 19 juin – 18h – salle de répétition, 2<sup>e</sup> étage EMDG</strong></li>
</ul>



<p>Audition des élèves de batterie, ensembles de percussions digitales des élèves</p>



<p>Entrée libre.</p>

<p>Audition des élèves de batterie, ensembles de percussions digitales des élèves Entrée libre.</p>

<!-- This site is optimized with the Yoast SEO plugin v22.4 - https://yoast.com/wordpress/plugins/seo/ -->
<title>Audition batterie percussions ensembles - Ecole de Musique, Danse &amp; Théâtre de Guilers</title>
<meta name="robots" content="index, follow, max-snippet:-1, max-image-preview:large, max-video-preview:-1" />
<link rel="canonical" href="https://www.emdg-guilers.org/index.php/event/audition-batterie-percussions-ensembles/" />
<meta property="og:locale" content="fr_FR" />
<meta property="og:type" content="article" />
<meta property="og:title" content="Audition batterie percussions ensembles - Ecole de Musique, Danse &amp; Théâtre de Guilers" />
<meta property="og:description" content="Audition des élèves de batterie, ensembles de percussions digitales des élèves Entrée libre." />
<meta property="og:url" content="https://www.emdg-guilers.org/index.php/event/audition-batterie-percussions-ensembles/" />
<meta property="og:site_name" content="Ecole de Musique, Danse &amp; Théâtre de Guilers" />
<meta property="article:publisher" content="https://www.facebook.com/Ecole-de-Musique-et-de-Danse-de-Guilers-480017765533016/" />
<meta property="article:modified_time" content="2024-06-06T14:04:54+00:00" />
<meta name="twitter:card" content="summary_large_image" />
<script type="application/ld+json" class="yoast-schema-graph">{"@context":"https://schema.org","@graph":[{"@type":"WebPage","@id":"https://www.emdg-guilers.org/index.php/event/audition-batterie-percussions-ensembles/","url":"https://www.emdg-guilers.org/index.php/event/audition-batterie-percussions-ensembles/","name":"Audition batterie percussions ensembles - Ecole de Musique, Danse &amp; Théâtre de Guilers","isPartOf":{"@id":"https://www.emdg-guilers.org/#website"},"datePublished":"2024-06-06T14:04:42+00:00","dateModified":"2024-06-06T14:04:54+00:00","breadcrumb":{"@id":"https://www.emdg-guilers.org/index.php/event/audition-batterie-percussions-ensembles/#breadcrumb"},"inLanguage":"fr-FR","potentialAction":[{"@type":"ReadAction","target":["https://www.emdg-guilers.org/index.php/event/audition-batterie-percussions-ensembles/"]}]},{"@type":"BreadcrumbList","@id":"https://www.emdg-guilers.org/index.php/event/audition-batterie-percussions-ensembles/#breadcrumb","itemListElement":[{"@type":"ListItem","position":1,"name":"Accueil","item":"https://www.emdg-guilers.org/"},{"@type":"ListItem","position":2,"name":"Évènements","item":"https://www.emdg-guilers.org/index.php/events/"},{"@type":"ListItem","position":3,"name":"Audition batterie percussions ensembles"}]},{"@type":"WebSite","@id":"https://www.emdg-guilers.org/#website","url":"https://www.emdg-guilers.org/","name":"Ecole de Musique et Danse de Guilers","description":"Ecole associative, cours de musique, danse, théâtre accessibles à tous","publisher":{"@id":"https://www.emdg-guilers.org/#organization"},"potentialAction":[{"@type":"SearchAction","target":{"@type":"EntryPoint","urlTemplate":"https://www.emdg-guilers.org/?s={search_term_string}"},"query-input":"required name=search_term_string"}],"inLanguage":"fr-FR"},{"@type":"Organization","@id":"https://www.emdg-guilers.org/#organization","name":"Ecole de Musique et de Danse","url":"https://www.emdg-guilers.org/","logo":{"@type":"ImageObject","inLanguage":"fr-FR","@id":"https://www.emdg-guilers.org/#/schema/logo/image/","url":"https://www.emdg-guilers.org/wp-content/uploads/2016/06/logo2014.jpg","contentUrl":"https://www.emdg-guilers.org/wp-content/uploads/2016/06/logo2014.jpg","width":214,"height":116,"caption":"Ecole de Musique et de Danse"},"image":{"@id":"https://www.emdg-guilers.org/#/schema/logo/image/"},"sameAs":["https://www.facebook.com/Ecole-de-Musique-et-de-Danse-de-Guilers-480017765533016/"]}]}</script>
<!-- / Yoast SEO plugin. -->

Audition batterie percussions ensembles - Ecole de Musique, Danse &amp; Théâtre de Guilers

Audition des élèves de batterie, ensembles de percussions digitales des élèves Entrée libre.

Ecole de Musique, Danse &amp; Théâtre de Guilers

Évènements

Ecole associative, cours de musique, danse, théâtre accessibles à tous
