{"id":4411,"date":"2024-06-06T16:06:14","date_gmt":"2024-06-06T14:06:14","guid":{"rendered":"https:\/\/www.emdg-guilers.org\/?post_type=tribe_events&#038;p=4411"},"modified":"2024-06-06T16:06:32","modified_gmt":"2024-06-06T14:06:32","slug":"lemdg-participe-a-la-fete-de-la-musique-de-guilers-boomerang-et-guilpop","status":"publish","type":"tribe_events","link":"https:\/\/www.emdg-guilers.org\/index.php\/event\/lemdg-participe-a-la-fete-de-la-musique-de-guilers-boomerang-et-guilpop\/","title":{"rendered":"L&rsquo;EMDG participe \u00e0 la f\u00eate de la musique de Guilers \/ Boomerang et Guilpop"},"content":{"rendered":"\r\n<ul>\r\n<li><strong>Samedi 22 juin \u2013 15h-16h30<\/strong><\/li>\r\n<\/ul>\r\n\r\n\r\n\r\n<p>Les groupes d\u2019\u00e9l\u00e8ves de musique de l\u2019EMDG r\u00e9pondent \u00e0 l\u2019appel de la commune pour animer la f\u00eate de la musique de Guilers. Au programme\u00a0: <strong>Boomerang<\/strong>, reprises de chansons pop rock vari\u00e9t\u00e9.<\/p>\r\n\r\n\r\n\r\n<p><strong>Guilpop<\/strong>, groupe dirig\u00e9 par Philippe Gouret de l\u2019EMDG, r\u00e9pertoire blues rock, des guitares, des chanteurs et beaucoup de talent et d\u2019\u00e9nergie\u00a0(reprises de Jimi Hendrix, Clapton, Cranberries, Blues Brothers, Creedence clearwater revival\u2026 ) !<\/p>\r\n\r\n\r\n\r\n<p>Gratuit, sous la halle Baucina<\/p>\r\n","protected":false},"excerpt":{"rendered":"<p>Les groupes d\u2019\u00e9l\u00e8ves de musique de l\u2019EMDG r\u00e9pondent \u00e0 l\u2019appel de la commune pour animer la f\u00eate de la musique de Guilers. Au programme\u00a0: Boomerang, reprises de chansons pop rock vari\u00e9t\u00e9. Guilpop, groupe dirig\u00e9 par Philippe Gouret de l\u2019EMDG, r\u00e9pertoire blues rock, des guitares, des chanteurs et beaucoup de talent et d\u2019\u00e9nergie\u00a0(reprises de Jimi Hendrix, Clapton, Cranberries, Blues Brothers, Creedence clearwater revival\u2026 ) ! Gratuit, sous la halle Baucina<\/p>\n","protected":false},"author":3,"featured_media":0,"comment_status":"closed","ping_status":"closed","template":"","meta":{"_tribe_events_status":"","_tribe_events_status_reason":"","footnotes":""},"tags":[],"tribe_events_cat":[],"yoast_head":"<!-- This site is optimized with the Yoast SEO plugin v22.4 - https:\/\/yoast.com\/wordpress\/plugins\/seo\/ -->\n<title>L&#039;EMDG participe \u00e0 la f\u00eate de la musique de Guilers \/ Boomerang et Guilpop - Ecole de Musique, Danse &amp; Th\u00e9\u00e2tre de Guilers<\/title>\n<meta name=\"robots\" content=\"index, follow, max-snippet:-1, max-image-preview:large, max-video-preview:-1\" \/>\n<link rel=\"canonical\" href=\"https:\/\/www.emdg-guilers.org\/index.php\/event\/lemdg-participe-a-la-fete-de-la-musique-de-guilers-boomerang-et-guilpop\/\" \/>\n<meta property=\"og:locale\" content=\"fr_FR\" \/>\n<meta property=\"og:type\" content=\"article\" \/>\n<meta property=\"og:title\" content=\"L&#039;EMDG participe \u00e0 la f\u00eate de la musique de Guilers \/ Boomerang et Guilpop - Ecole de Musique, Danse &amp; Th\u00e9\u00e2tre de Guilers\" \/>\n<meta property=\"og:description\" content=\"Les groupes d\u2019\u00e9l\u00e8ves de musique de l\u2019EMDG r\u00e9pondent \u00e0 l\u2019appel de la commune pour animer la f\u00eate de la musique de Guilers. Au programme\u00a0: Boomerang, reprises de chansons pop rock vari\u00e9t\u00e9. Guilpop, groupe dirig\u00e9 par Philippe Gouret de l\u2019EMDG, r\u00e9pertoire blues rock, des guitares, des chanteurs et beaucoup de talent et d\u2019\u00e9nergie\u00a0(reprises de Jimi Hendrix, Clapton, Cranberries, Blues Brothers, Creedence clearwater revival\u2026 ) ! Gratuit, sous la halle Baucina\" \/>\n<meta property=\"og:url\" content=\"https:\/\/www.emdg-guilers.org\/index.php\/event\/lemdg-participe-a-la-fete-de-la-musique-de-guilers-boomerang-et-guilpop\/\" \/>\n<meta property=\"og:site_name\" content=\"Ecole de Musique, Danse &amp; Th\u00e9\u00e2tre de Guilers\" \/>\n<meta property=\"article:publisher\" content=\"https:\/\/www.facebook.com\/Ecole-de-Musique-et-de-Danse-de-Guilers-480017765533016\/\" \/>\n<meta property=\"article:modified_time\" content=\"2024-06-06T14:06:32+00:00\" \/>\n<meta name=\"twitter:card\" content=\"summary_large_image\" \/>\n<script type=\"application\/ld+json\" class=\"yoast-schema-graph\">{\"@context\":\"https:\/\/schema.org\",\"@graph\":[{\"@type\":\"WebPage\",\"@id\":\"https:\/\/www.emdg-guilers.org\/index.php\/event\/lemdg-participe-a-la-fete-de-la-musique-de-guilers-boomerang-et-guilpop\/\",\"url\":\"https:\/\/www.emdg-guilers.org\/index.php\/event\/lemdg-participe-a-la-fete-de-la-musique-de-guilers-boomerang-et-guilpop\/\",\"name\":\"L'EMDG participe \u00e0 la f\u00eate de la musique de Guilers \/ Boomerang et Guilpop - Ecole de Musique, Danse &amp; Th\u00e9\u00e2tre de Guilers\",\"isPartOf\":{\"@id\":\"https:\/\/www.emdg-guilers.org\/#website\"},\"datePublished\":\"2024-06-06T14:06:14+00:00\",\"dateModified\":\"2024-06-06T14:06:32+00:00\",\"breadcrumb\":{\"@id\":\"https:\/\/www.emdg-guilers.org\/index.php\/event\/lemdg-participe-a-la-fete-de-la-musique-de-guilers-boomerang-et-guilpop\/#breadcrumb\"},\"inLanguage\":\"fr-FR\",\"potentialAction\":[{\"@type\":\"ReadAction\",\"target\":[\"https:\/\/www.emdg-guilers.org\/index.php\/event\/lemdg-participe-a-la-fete-de-la-musique-de-guilers-boomerang-et-guilpop\/\"]}]},{\"@type\":\"BreadcrumbList\",\"@id\":\"https:\/\/www.emdg-guilers.org\/index.php\/event\/lemdg-participe-a-la-fete-de-la-musique-de-guilers-boomerang-et-guilpop\/#breadcrumb\",\"itemListElement\":[{\"@type\":\"ListItem\",\"position\":1,\"name\":\"Accueil\",\"item\":\"https:\/\/www.emdg-guilers.org\/\"},{\"@type\":\"ListItem\",\"position\":2,\"name\":\"\u00c9v\u00e8nements\",\"item\":\"https:\/\/www.emdg-guilers.org\/index.php\/events\/\"},{\"@type\":\"ListItem\",\"position\":3,\"name\":\"L&rsquo;EMDG participe \u00e0 la f\u00eate de la musique de Guilers \/ Boomerang et Guilpop\"}]},{\"@type\":\"WebSite\",\"@id\":\"https:\/\/www.emdg-guilers.org\/#website\",\"url\":\"https:\/\/www.emdg-guilers.org\/\",\"name\":\"Ecole de Musique et Danse de Guilers\",\"description\":\"Ecole associative, cours de musique, danse, th\u00e9\u00e2tre accessibles \u00e0 tous\",\"publisher\":{\"@id\":\"https:\/\/www.emdg-guilers.org\/#organization\"},\"potentialAction\":[{\"@type\":\"SearchAction\",\"target\":{\"@type\":\"EntryPoint\",\"urlTemplate\":\"https:\/\/www.emdg-guilers.org\/?s={search_term_string}\"},\"query-input\":\"required name=search_term_string\"}],\"inLanguage\":\"fr-FR\"},{\"@type\":\"Organization\",\"@id\":\"https:\/\/www.emdg-guilers.org\/#organization\",\"name\":\"Ecole de Musique et de Danse\",\"url\":\"https:\/\/www.emdg-guilers.org\/\",\"logo\":{\"@type\":\"ImageObject\",\"inLanguage\":\"fr-FR\",\"@id\":\"https:\/\/www.emdg-guilers.org\/#\/schema\/logo\/image\/\",\"url\":\"https:\/\/www.emdg-guilers.org\/wp-content\/uploads\/2016\/06\/logo2014.jpg\",\"contentUrl\":\"https:\/\/www.emdg-guilers.org\/wp-content\/uploads\/2016\/06\/logo2014.jpg\",\"width\":214,\"height\":116,\"caption\":\"Ecole de Musique et de Danse\"},\"image\":{\"@id\":\"https:\/\/www.emdg-guilers.org\/#\/schema\/logo\/image\/\"},\"sameAs\":[\"https:\/\/www.facebook.com\/Ecole-de-Musique-et-de-Danse-de-Guilers-480017765533016\/\"]}]}<\/script>\n<!-- \/ Yoast SEO plugin. -->","yoast_head_json":{"title":"L'EMDG participe \u00e0 la f\u00eate de la musique de Guilers \/ Boomerang et Guilpop - Ecole de Musique, Danse &amp; Th\u00e9\u00e2tre de Guilers","robots":{"index":"index","follow":"follow","max-snippet":"max-snippet:-1","max-image-preview":"max-image-preview:large","max-video-preview":"max-video-preview:-1"},"canonical":"https:\/\/www.emdg-guilers.org\/index.php\/event\/lemdg-participe-a-la-fete-de-la-musique-de-guilers-boomerang-et-guilpop\/","og_locale":"fr_FR","og_type":"article","og_title":"L'EMDG participe \u00e0 la f\u00eate de la musique de Guilers \/ Boomerang et Guilpop - Ecole de Musique, Danse &amp; Th\u00e9\u00e2tre de Guilers","og_description":"Les groupes d\u2019\u00e9l\u00e8ves de musique de l\u2019EMDG r\u00e9pondent \u00e0 l\u2019appel de la commune pour animer la f\u00eate de la musique de Guilers. Au programme\u00a0: Boomerang, reprises de chansons pop rock vari\u00e9t\u00e9. Guilpop, groupe dirig\u00e9 par Philippe Gouret de l\u2019EMDG, r\u00e9pertoire blues rock, des guitares, des chanteurs et beaucoup de talent et d\u2019\u00e9nergie\u00a0(reprises de Jimi Hendrix, Clapton, Cranberries, Blues Brothers, Creedence clearwater revival\u2026 ) ! Gratuit, sous la halle Baucina","og_url":"https:\/\/www.emdg-guilers.org\/index.php\/event\/lemdg-participe-a-la-fete-de-la-musique-de-guilers-boomerang-et-guilpop\/","og_site_name":"Ecole de Musique, Danse &amp; Th\u00e9\u00e2tre de Guilers","article_publisher":"https:\/\/www.facebook.com\/Ecole-de-Musique-et-de-Danse-de-Guilers-480017765533016\/","article_modified_time":"2024-06-06T14:06:32+00:00","twitter_card":"summary_large_image","schema":{"@context":"https:\/\/schema.org","@graph":[{"@type":"WebPage","@id":"https:\/\/www.emdg-guilers.org\/index.php\/event\/lemdg-participe-a-la-fete-de-la-musique-de-guilers-boomerang-et-guilpop\/","url":"https:\/\/www.emdg-guilers.org\/index.php\/event\/lemdg-participe-a-la-fete-de-la-musique-de-guilers-boomerang-et-guilpop\/","name":"L'EMDG participe \u00e0 la f\u00eate de la musique de Guilers \/ Boomerang et Guilpop - Ecole de Musique, Danse &amp; Th\u00e9\u00e2tre de Guilers","isPartOf":{"@id":"https:\/\/www.emdg-guilers.org\/#website"},"datePublished":"2024-06-06T14:06:14+00:00","dateModified":"2024-06-06T14:06:32+00:00","breadcrumb":{"@id":"https:\/\/www.emdg-guilers.org\/index.php\/event\/lemdg-participe-a-la-fete-de-la-musique-de-guilers-boomerang-et-guilpop\/#breadcrumb"},"inLanguage":"fr-FR","potentialAction":[{"@type":"ReadAction","target":["https:\/\/www.emdg-guilers.org\/index.php\/event\/lemdg-participe-a-la-fete-de-la-musique-de-guilers-boomerang-et-guilpop\/"]}]},{"@type":"BreadcrumbList","@id":"https:\/\/www.emdg-guilers.org\/index.php\/event\/lemdg-participe-a-la-fete-de-la-musique-de-guilers-boomerang-et-guilpop\/#breadcrumb","itemListElement":[{"@type":"ListItem","position":1,"name":"Accueil","item":"https:\/\/www.emdg-guilers.org\/"},{"@type":"ListItem","position":2,"name":"\u00c9v\u00e8nements","item":"https:\/\/www.emdg-guilers.org\/index.php\/events\/"},{"@type":"ListItem","position":3,"name":"L&rsquo;EMDG participe \u00e0 la f\u00eate de la musique de Guilers \/ Boomerang et Guilpop"}]},{"@type":"WebSite","@id":"https:\/\/www.emdg-guilers.org\/#website","url":"https:\/\/www.emdg-guilers.org\/","name":"Ecole de Musique et Danse de Guilers","description":"Ecole associative, cours de musique, danse, th\u00e9\u00e2tre accessibles \u00e0 tous","publisher":{"@id":"https:\/\/www.emdg-guilers.org\/#organization"},"potentialAction":[{"@type":"SearchAction","target":{"@type":"EntryPoint","urlTemplate":"https:\/\/www.emdg-guilers.org\/?s={search_term_string}"},"query-input":"required name=search_term_string"}],"inLanguage":"fr-FR"},{"@type":"Organization","@id":"https:\/\/www.emdg-guilers.org\/#organization","name":"Ecole de Musique et de Danse","url":"https:\/\/www.emdg-guilers.org\/","logo":{"@type":"ImageObject","inLanguage":"fr-FR","@id":"https:\/\/www.emdg-guilers.org\/#\/schema\/logo\/image\/","url":"https:\/\/www.emdg-guilers.org\/wp-content\/uploads\/2016\/06\/logo2014.jpg","contentUrl":"https:\/\/www.emdg-guilers.org\/wp-content\/uploads\/2016\/06\/logo2014.jpg","width":214,"height":116,"caption":"Ecole de Musique et de Danse"},"image":{"@id":"https:\/\/www.emdg-guilers.org\/#\/schema\/logo\/image\/"},"sameAs":["https:\/\/www.facebook.com\/Ecole-de-Musique-et-de-Danse-de-Guilers-480017765533016\/"]}]}},"_links":{"self":[{"href":"https:\/\/www.emdg-guilers.org\/index.php\/wp-json\/wp\/v2\/tribe_events\/4411"}],"collection":[{"href":"https:\/\/www.emdg-guilers.org\/index.php\/wp-json\/wp\/v2\/tribe_events"}],"about":[{"href":"https:\/\/www.emdg-guilers.org\/index.php\/wp-json\/wp\/v2\/types\/tribe_events"}],"author":[{"embeddable":true,"href":"https:\/\/www.emdg-guilers.org\/index.php\/wp-json\/wp\/v2\/users\/3"}],"replies":[{"embeddable":true,"href":"https:\/\/www.emdg-guilers.org\/index.php\/wp-json\/wp\/v2\/comments?post=4411"}],"version-history":[{"count":2,"href":"https:\/\/www.emdg-guilers.org\/index.php\/wp-json\/wp\/v2\/tribe_events\/4411\/revisions"}],"predecessor-version":[{"id":4414,"href":"https:\/\/www.emdg-guilers.org\/index.php\/wp-json\/wp\/v2\/tribe_events\/4411\/revisions\/4414"}],"wp:attachment":[{"href":"https:\/\/www.emdg-guilers.org\/index.php\/wp-json\/wp\/v2\/media?parent=4411"}],"wp:term":[{"taxonomy":"post_tag","embeddable":true,"href":"https:\/\/www.emdg-guilers.org\/index.php\/wp-json\/wp\/v2\/tags?post=4411"},{"taxonomy":"tribe_events_cat","embeddable":true,"href":"https:\/\/www.emdg-guilers.org\/index.php\/wp-json\/wp\/v2\/tribe_events_cat?post=4411"}],"curies":[{"name":"wp","href":"https:\/\/api.w.org\/{rel}","templated":true}]}}

L&rsquo;EMDG participe à la fête de la musique de Guilers / Boomerang et Guilpop

<ul>
<li><strong>Samedi 22 juin – 15h-16h30</strong></li>
</ul>



<p>Les groupes d’élèves de musique de l’EMDG répondent à l’appel de la commune pour animer la fête de la musique de Guilers. Au programme : <strong>Boomerang</strong>, reprises de chansons pop rock variété.</p>



<p><strong>Guilpop</strong>, groupe dirigé par Philippe Gouret de l’EMDG, répertoire blues rock, des guitares, des chanteurs et beaucoup de talent et d’énergie (reprises de Jimi Hendrix, Clapton, Cranberries, Blues Brothers, Creedence clearwater revival… ) !</p>



<p>Gratuit, sous la halle Baucina</p>

<p>Les groupes d’élèves de musique de l’EMDG répondent à l’appel de la commune pour animer la fête de la musique de Guilers. Au programme : Boomerang, reprises de chansons pop rock variété. Guilpop, groupe dirigé par Philippe Gouret de l’EMDG, répertoire blues rock, des guitares, des chanteurs et beaucoup de talent et d’énergie (reprises de Jimi Hendrix, Clapton, Cranberries, Blues Brothers, Creedence clearwater revival… ) ! Gratuit, sous la halle Baucina</p>

<!-- This site is optimized with the Yoast SEO plugin v22.4 - https://yoast.com/wordpress/plugins/seo/ -->
<title>L&#039;EMDG participe à la fête de la musique de Guilers / Boomerang et Guilpop - Ecole de Musique, Danse &amp; Théâtre de Guilers</title>
<meta name="robots" content="index, follow, max-snippet:-1, max-image-preview:large, max-video-preview:-1" />
<link rel="canonical" href="https://www.emdg-guilers.org/index.php/event/lemdg-participe-a-la-fete-de-la-musique-de-guilers-boomerang-et-guilpop/" />
<meta property="og:locale" content="fr_FR" />
<meta property="og:type" content="article" />
<meta property="og:title" content="L&#039;EMDG participe à la fête de la musique de Guilers / Boomerang et Guilpop - Ecole de Musique, Danse &amp; Théâtre de Guilers" />
<meta property="og:description" content="Les groupes d’élèves de musique de l’EMDG répondent à l’appel de la commune pour animer la fête de la musique de Guilers. Au programme : Boomerang, reprises de chansons pop rock variété. Guilpop, groupe dirigé par Philippe Gouret de l’EMDG, répertoire blues rock, des guitares, des chanteurs et beaucoup de talent et d’énergie (reprises de Jimi Hendrix, Clapton, Cranberries, Blues Brothers, Creedence clearwater revival… ) ! Gratuit, sous la halle Baucina" />
<meta property="og:url" content="https://www.emdg-guilers.org/index.php/event/lemdg-participe-a-la-fete-de-la-musique-de-guilers-boomerang-et-guilpop/" />
<meta property="og:site_name" content="Ecole de Musique, Danse &amp; Théâtre de Guilers" />
<meta property="article:publisher" content="https://www.facebook.com/Ecole-de-Musique-et-de-Danse-de-Guilers-480017765533016/" />
<meta property="article:modified_time" content="2024-06-06T14:06:32+00:00" />
<meta name="twitter:card" content="summary_large_image" />
<script type="application/ld+json" class="yoast-schema-graph">{"@context":"https://schema.org","@graph":[{"@type":"WebPage","@id":"https://www.emdg-guilers.org/index.php/event/lemdg-participe-a-la-fete-de-la-musique-de-guilers-boomerang-et-guilpop/","url":"https://www.emdg-guilers.org/index.php/event/lemdg-participe-a-la-fete-de-la-musique-de-guilers-boomerang-et-guilpop/","name":"L'EMDG participe à la fête de la musique de Guilers / Boomerang et Guilpop - Ecole de Musique, Danse &amp; Théâtre de Guilers","isPartOf":{"@id":"https://www.emdg-guilers.org/#website"},"datePublished":"2024-06-06T14:06:14+00:00","dateModified":"2024-06-06T14:06:32+00:00","breadcrumb":{"@id":"https://www.emdg-guilers.org/index.php/event/lemdg-participe-a-la-fete-de-la-musique-de-guilers-boomerang-et-guilpop/#breadcrumb"},"inLanguage":"fr-FR","potentialAction":[{"@type":"ReadAction","target":["https://www.emdg-guilers.org/index.php/event/lemdg-participe-a-la-fete-de-la-musique-de-guilers-boomerang-et-guilpop/"]}]},{"@type":"BreadcrumbList","@id":"https://www.emdg-guilers.org/index.php/event/lemdg-participe-a-la-fete-de-la-musique-de-guilers-boomerang-et-guilpop/#breadcrumb","itemListElement":[{"@type":"ListItem","position":1,"name":"Accueil","item":"https://www.emdg-guilers.org/"},{"@type":"ListItem","position":2,"name":"Évènements","item":"https://www.emdg-guilers.org/index.php/events/"},{"@type":"ListItem","position":3,"name":"L&rsquo;EMDG participe à la fête de la musique de Guilers / Boomerang et Guilpop"}]},{"@type":"WebSite","@id":"https://www.emdg-guilers.org/#website","url":"https://www.emdg-guilers.org/","name":"Ecole de Musique et Danse de Guilers","description":"Ecole associative, cours de musique, danse, théâtre accessibles à tous","publisher":{"@id":"https://www.emdg-guilers.org/#organization"},"potentialAction":[{"@type":"SearchAction","target":{"@type":"EntryPoint","urlTemplate":"https://www.emdg-guilers.org/?s={search_term_string}"},"query-input":"required name=search_term_string"}],"inLanguage":"fr-FR"},{"@type":"Organization","@id":"https://www.emdg-guilers.org/#organization","name":"Ecole de Musique et de Danse","url":"https://www.emdg-guilers.org/","logo":{"@type":"ImageObject","inLanguage":"fr-FR","@id":"https://www.emdg-guilers.org/#/schema/logo/image/","url":"https://www.emdg-guilers.org/wp-content/uploads/2016/06/logo2014.jpg","contentUrl":"https://www.emdg-guilers.org/wp-content/uploads/2016/06/logo2014.jpg","width":214,"height":116,"caption":"Ecole de Musique et de Danse"},"image":{"@id":"https://www.emdg-guilers.org/#/schema/logo/image/"},"sameAs":["https://www.facebook.com/Ecole-de-Musique-et-de-Danse-de-Guilers-480017765533016/"]}]}</script>
<!-- / Yoast SEO plugin. -->

L'EMDG participe à la fête de la musique de Guilers / Boomerang et Guilpop - Ecole de Musique, Danse &amp; Théâtre de Guilers

Les groupes d’élèves de musique de l’EMDG répondent à l’appel de la commune pour animer la fête de la musique de Guilers. Au programme : Boomerang, reprises de chansons pop rock variété. Guilpop, groupe dirigé par Philippe Gouret de l’EMDG, répertoire blues rock, des guitares, des chanteurs et beaucoup de talent et d’énergie (reprises de Jimi Hendrix, Clapton, Cranberries, Blues Brothers, Creedence clearwater revival… ) ! Gratuit, sous la halle Baucina

Ecole de Musique, Danse &amp; Théâtre de Guilers

Évènements

Ecole associative, cours de musique, danse, théâtre accessibles à tous
